[dpdk-test-report] |FAILURE| pw83592-83607 [PATCH] [v5, 16/16] ethdev: include mbuf registration in Tx timestamp API
dpdklab at iol.unh.edu
dpdklab at iol.unh.edu
Tue Nov 3 15:41:40 CET 2020
Test-Label: iol-testing
Test-Status: FAILURE
http://dpdk.org/patch/83607
_Testing issues_
Submitter: Thomas Monjalon <thomas at monjalon.net>
Date: Tuesday, November 03 2020 14:09:31
DPDK git baseline: Repo:dpdk
Branch: master
CommitID:2ceb0974ee0981f892cc31dd6bec2187473f7d0e
83592-83607 --> testing fail
Test environment and result as below:
+---------------------+--------------------+----------------+
| Environment | dpdk_meson_compile | dpdk_unit_test |
+=====================+====================+================+
| FreeBSD 11.2 | FAIL | SKIPPED |
+---------------------+--------------------+----------------+
| Windows Server 2019 | PASS | SKIPPED |
+---------------------+--------------------+----------------+
| Ubuntu 18.04 | PASS | PASS |
+---------------------+--------------------+----------------+
| Fedora 31 | PASS | SKIPPED |
+---------------------+--------------------+----------------+
| CentOS 8 | PASS | SKIPPED |
+---------------------+--------------------+----------------+
| openSUSE Leap 15 | PASS | SKIPPED |
+---------------------+--------------------+----------------+
FreeBSD 11.2
Kernel: 11.2
Compiler: gcc 8.3
Windows Server 2019
Kernel: 10.0
Compiler: clang 9.0
Ubuntu 18.04
Kernel: 4.15.0-generic
Compiler: gcc 7.4
Fedora 31
Kernel: 5.3.16
Compiler: gcc 9.2.1
CentOS 8
Kernel: 4.18.0.el8_0
Compiler: gcc 8.3.1
openSUSE Leap 15
Kernel: 4.12.14
Compiler: gcc 7.4.1
To view detailed results, visit:
https://lab.dpdk.org/results/dashboard/patchsets/14269/
UNH-IOL DPDK Community Lab
To manage your email subscriptions, visit:
https://lab.dpdk.org/results/dashboard/preferences/subscriptions/
More information about the test-report
mailing list