[dpdk-test-report] |FAILURE| pw84254 [PATCH] [v1] net/ice: refactor flow pattern parser

dpdklab at iol.unh.edu dpdklab at iol.unh.edu
Tue Nov 17 11:07:34 CET 2020


Test-Label: iol-testing
Test-Status: FAILURE
http://dpdk.org/patch/84254

_Testing issues_

Submitter: Zhirun Yan <zhirun.yan at intel.com>
Date: Tuesday, November 17 2020 08:45:24 
DPDK git baseline: Repo:dpdk
  Branch: master
  CommitID:2069f9eefca06190377bbff14734e2326439df42

84254 --> testing fail

Test environment and result as below:

+---------------------+--------------------+-------------------+----------------+
|     Environment     | dpdk_meson_compile | dpdk_compile_spdk | dpdk_unit_test |
+=====================+====================+===================+================+
| Windows Server 2019 | PASS               | SKIPPED           | SKIPPED        |
+---------------------+--------------------+-------------------+----------------+
| CentOS 8            | FAIL               | SKIPPED           | SKIPPED        |
+---------------------+--------------------+-------------------+----------------+
| Fedora 31           | FAIL               | SKIPPED           | SKIPPED        |
+---------------------+--------------------+-------------------+----------------+
| openSUSE Leap 15    | FAIL               | SKIPPED           | SKIPPED        |
+---------------------+--------------------+-------------------+----------------+
| Ubuntu 18.04        | FAIL               | FAIL              | FAIL           |
+---------------------+--------------------+-------------------+----------------+
| FreeBSD 11.2        | PASS               | SKIPPED           | SKIPPED        |
+---------------------+--------------------+-------------------+----------------+
| Arch Linux          | FAIL               | SKIPPED           | SKIPPED        |
+---------------------+--------------------+-------------------+----------------+

Windows Server 2019
	Kernel: 10.0
	Compiler: clang 9.0

CentOS 8
	Kernel: 4.18.0.el8_0
	Compiler: gcc 8.3.1

Fedora 31
	Kernel: 5.3.16
	Compiler: gcc 9.2.1

openSUSE Leap 15
	Kernel: 4.12.14
	Compiler: gcc 7.4.1

Ubuntu 18.04
	Kernel: 4.15.0-generic
	Compiler: gcc 7.5

FreeBSD 11.2
	Kernel: 11.2
	Compiler: gcc 8.3

Arch Linux
	Kernel: latest
	Compiler: gcc latest

To view detailed results, visit:
https://lab.dpdk.org/results/dashboard/patchsets/14520/

UNH-IOL DPDK Community Lab

To manage your email subscriptions, visit: 
https://lab.dpdk.org/results/dashboard/preferences/subscriptions/


More information about the test-report mailing list