[dpdk-test-report] |WARNING| pw84352 [PATCH] common/mlx5: fix name for ConnectX VF device ID
dpdklab at iol.unh.edu
dpdklab at iol.unh.edu
Thu Nov 19 10:00:13 CET 2020
Test-Label: iol-testing
Test-Status: WARNING
http://dpdk.org/patch/84352
_Testing issues_
Submitter: Raslan Darawsheh <rasland at nvidia.com>
Date: Thursday, November 19 2020 08:06:10
DPDK git baseline: Repo:dpdk
Branch: master
CommitID:2069f9eefca06190377bbff14734e2326439df42
84352 --> testing fail
Test environment and result as below:
+---------------------+--------------------+----------------+-------------------+
| Environment | dpdk_meson_compile | dpdk_unit_test | dpdk_compile_spdk |
+=====================+====================+================+===================+
| Windows Server 2019 | PASS | SKIPPED | SKIPPED |
+---------------------+--------------------+----------------+-------------------+
| FreeBSD 11.2 | PASS | SKIPPED | SKIPPED |
+---------------------+--------------------+----------------+-------------------+
| Fedora 31 | PASS | SKIPPED | SKIPPED |
+---------------------+--------------------+----------------+-------------------+
| CentOS 8 | PASS | SKIPPED | SKIPPED |
+---------------------+--------------------+----------------+-------------------+
| openSUSE Leap 15 | PASS | SKIPPED | SKIPPED |
+---------------------+--------------------+----------------+-------------------+
| Ubuntu 18.04 | PASS | PASS | FAIL |
+---------------------+--------------------+----------------+-------------------+
| Arch Linux | PASS | SKIPPED | SKIPPED |
+---------------------+--------------------+----------------+-------------------+
Windows Server 2019
Kernel: 10.0
Compiler: clang 9.0
FreeBSD 11.2
Kernel: 11.2
Compiler: gcc 8.3
Fedora 31
Kernel: 5.3.16
Compiler: gcc 9.2.1
CentOS 8
Kernel: 4.18.0.el8_0
Compiler: gcc 8.3.1
openSUSE Leap 15
Kernel: 4.12.14
Compiler: gcc 7.4.1
Ubuntu 18.04
Kernel: 4.15.0-generic
Compiler: gcc 7.5
Arch Linux
Kernel: latest
Compiler: gcc latest
To view detailed results, visit:
https://lab.dpdk.org/results/dashboard/patchsets/14564/
UNH-IOL DPDK Community Lab
To manage your email subscriptions, visit:
https://lab.dpdk.org/results/dashboard/preferences/subscriptions/
More information about the test-report
mailing list