[dpdk-test-report] |WARNING| [GIT MASTER] ed5cef36984485d26a3574bcede9c150671f78b8
dpdklab at iol.unh.edu
dpdklab at iol.unh.edu
Thu Nov 19 20:56:55 CET 2020
_Testing issues_
Branch: dpdk-next-net
ed5cef36984485d26a3574bcede9c150671f78b8 --> testing fail
Test environment and result as below:
+---------------------+-------------------+--------------------+----------------+
| Environment | dpdk_compile_spdk | dpdk_meson_compile | dpdk_unit_test |
+=====================+===================+====================+================+
| Ubuntu 18.04 | FAIL | PASS | PASS |
+---------------------+-------------------+--------------------+----------------+
| Windows Server 2019 | SKIPPED | PASS | SKIPPED |
+---------------------+-------------------+--------------------+----------------+
| CentOS 8 | SKIPPED | PASS | SKIPPED |
+---------------------+-------------------+--------------------+----------------+
| Fedora 31 | SKIPPED | PASS | SKIPPED |
+---------------------+-------------------+--------------------+----------------+
| openSUSE Leap 15 | SKIPPED | PASS | SKIPPED |
+---------------------+-------------------+--------------------+----------------+
| Arch Linux | SKIPPED | PASS | SKIPPED |
+---------------------+-------------------+--------------------+----------------+
Ubuntu 18.04
Kernel: 4.15.0-generic
Compiler: gcc 7.5
Windows Server 2019
Kernel: 10.0
Compiler: clang 9.0
CentOS 8
Kernel: 4.18.0.el8_0
Compiler: gcc 8.3.1
Fedora 31
Kernel: 5.3.16
Compiler: gcc 9.2.1
openSUSE Leap 15
Kernel: 4.12.14
Compiler: gcc 7.4.1
Arch Linux
Kernel: latest
Compiler: gcc latest
To view detailed results, visit:
https://lab.dpdk.org/results/dashboard/tarballs/12703/
UNH-IOL DPDK Community Lab
To manage your email subscriptions, visit:
https://lab.dpdk.org/results/dashboard/preferences/subscriptions/
More information about the test-report
mailing list