[dpdk-test-report] |WARNING| pw84413 [PATCH] [v2] event/octeontx2: fix unconditional Tx flush

dpdklab at iol.unh.edu dpdklab at iol.unh.edu
Mon Nov 23 20:08:36 CET 2020


Test-Label: iol-testing
Test-Status: WARNING
http://dpdk.org/patch/84413

_Testing issues_

Submitter: Pavan Nikhilesh Bhagavatula <pbhagavatula at marvell.com>
Date: Friday, November 20 2020 10:41:46 
DPDK git baseline: Repo:dpdk
  Branch: master
  CommitID:2069f9eefca06190377bbff14734e2326439df42

84413 --> testing fail

Test environment and result as below:

+---------------------+-------------------+--------------------+----------------+
|     Environment     | dpdk_compile_spdk | dpdk_meson_compile | dpdk_unit_test |
+=====================+===================+====================+================+
| Ubuntu 18.04        | FAIL              | PASS               | PASS           |
+---------------------+-------------------+--------------------+----------------+
| Windows Server 2019 | SKIPPED           | PASS               | SKIPPED        |
+---------------------+-------------------+--------------------+----------------+
| FreeBSD 11.2        | SKIPPED           | PASS               | SKIPPED        |
+---------------------+-------------------+--------------------+----------------+
| CentOS 8            | SKIPPED           | PASS               | SKIPPED        |
+---------------------+-------------------+--------------------+----------------+
| Fedora 31           | SKIPPED           | PASS               | SKIPPED        |
+---------------------+-------------------+--------------------+----------------+
| openSUSE Leap 15    | SKIPPED           | PASS               | SKIPPED        |
+---------------------+-------------------+--------------------+----------------+
| Arch Linux          | SKIPPED           | PASS               | SKIPPED        |
+---------------------+-------------------+--------------------+----------------+

Ubuntu 18.04
	Kernel: 4.15.0-generic
	Compiler: gcc 7.5

Windows Server 2019
	Kernel: 10.0
	Compiler: clang 9.0

FreeBSD 11.2
	Kernel: 11.2
	Compiler: gcc 8.3

CentOS 8
	Kernel: 4.18.0.el8_0
	Compiler: gcc 8.3.1

Fedora 31
	Kernel: 5.3.16
	Compiler: gcc 9.2.1

openSUSE Leap 15
	Kernel: 4.12.14
	Compiler: gcc 7.4.1

Arch Linux
	Kernel: latest
	Compiler: gcc latest

To view detailed results, visit:
https://lab.dpdk.org/results/dashboard/patchsets/14591/

UNH-IOL DPDK Community Lab

To manage your email subscriptions, visit: 
https://lab.dpdk.org/results/dashboard/preferences/subscriptions/


More information about the test-report mailing list