[dpdk-test-report] |FAILURE| pw79531-79534 [PATCH] [v3, 3/3] doc: add clang to aarch64 cross build guide
dpdklab at iol.unh.edu
dpdklab at iol.unh.edu
Fri Oct 2 12:39:56 CEST 2020
Test-Label: iol-testing
Test-Status: FAILURE
http://dpdk.org/patch/79534
_Testing issues_
Submitter: Juraj Linkeš <juraj.linkes at pantheon.tech>
Date: Friday, October 02 2020 09:38:28
DPDK git baseline: Repo:dpdk
Branch: master
CommitID:c2b603bdf433f0ae4c4a63dcaa660c8d1792bfe8
79531-79534 --> testing fail
Test environment and result as below:
+---------------------+--------------------+----------------+
| Environment | dpdk_meson_compile | dpdk_unit_test |
+=====================+====================+================+
| openSUSE Leap 15 | FAIL | SKIPPED |
+---------------------+--------------------+----------------+
| Windows Server 2019 | PASS | SKIPPED |
+---------------------+--------------------+----------------+
| CentOS 8 | PASS | SKIPPED |
+---------------------+--------------------+----------------+
| FreeBSD 11.2 | PASS | SKIPPED |
+---------------------+--------------------+----------------+
| Ubuntu 18.04 | PASS | PASS |
+---------------------+--------------------+----------------+
| Fedora 31 | PASS | SKIPPED |
+---------------------+--------------------+----------------+
| Fedora Rawhide | FAIL | SKIPPED |
+---------------------+--------------------+----------------+
| Arch Linux | PASS | SKIPPED |
+---------------------+--------------------+----------------+
openSUSE Leap 15
Kernel: 4.12.14
Compiler: gcc 7.4.1
Windows Server 2019
Kernel: 10.0
Compiler: clang 9.0
CentOS 8
Kernel: 4.18.0.el8_0
Compiler: gcc 8.3.1
FreeBSD 11.2
Kernel: 11.2
Compiler: gcc 8.3
Ubuntu 18.04
Kernel: 4.15.0-generic
Compiler: gcc 7.4
Fedora 31
Kernel: 5.3.16
Compiler: gcc 9.2.1
Fedora Rawhide
Kernel: 5.6.8
Compiler: gcc 10.2.1
Arch Linux
Kernel: latest
Compiler: gcc latest
To view detailed results, visit:
https://lab.dpdk.org/results/dashboard/patchsets/13426/
UNH-IOL DPDK Community Lab
To manage your email subscriptions, visit:
https://lab.dpdk.org/results/dashboard/preferences/subscriptions/
More information about the test-report
mailing list