[dpdk-test-report] |FAILURE| pw81163-81161 [PATCH] [v3, 3/3] test/hash: add tests for integrated RCU QSBR
dpdklab at iol.unh.edu
dpdklab at iol.unh.edu
Fri Oct 16 22:43:51 CEST 2020
Test-Label: iol-testing
Test-Status: FAILURE
http://dpdk.org/patch/81161
_Testing issues_
Submitter: Dharmik Thakkar <dharmik.thakkar at arm.com>
Date: Friday, October 16 2020 17:38:58
DPDK git baseline: Repo:dpdk
Branch: master
CommitID:ed94631da7b49feb68a0a9d6c780a908745d9c00
81163-81161 --> testing fail
Test environment and result as below:
+---------------------+--------------------+----------------+
| Environment | dpdk_meson_compile | dpdk_unit_test |
+=====================+====================+================+
| Windows Server 2019 | FAIL | SKIPPED |
+---------------------+--------------------+----------------+
| FreeBSD 11.2 | FAIL | SKIPPED |
+---------------------+--------------------+----------------+
| Fedora 31 | PASS | SKIPPED |
+---------------------+--------------------+----------------+
| Ubuntu 18.04 | PASS | PASS |
+---------------------+--------------------+----------------+
| CentOS 8 | PASS | SKIPPED |
+---------------------+--------------------+----------------+
| openSUSE Leap 15 | PASS | SKIPPED |
+---------------------+--------------------+----------------+
| Arch Linux | PASS | SKIPPED |
+---------------------+--------------------+----------------+
Windows Server 2019
Kernel: 10.0
Compiler: clang 9.0
FreeBSD 11.2
Kernel: 11.2
Compiler: gcc 8.3
Fedora 31
Kernel: 5.3.16
Compiler: gcc 9.2.1
Ubuntu 18.04
Kernel: 4.15.0-generic
Compiler: gcc 7.4
CentOS 8
Kernel: 4.18.0.el8_0
Compiler: gcc 8.3.1
openSUSE Leap 15
Kernel: 4.12.14
Compiler: gcc 7.4.1
Arch Linux
Kernel: latest
Compiler: gcc latest
To view detailed results, visit:
https://lab.dpdk.org/results/dashboard/patchsets/13807/
UNH-IOL DPDK Community Lab
To manage your email subscriptions, visit:
https://lab.dpdk.org/results/dashboard/preferences/subscriptions/
More information about the test-report
mailing list