[dpdk-test-report] |FAILURE| pw81583-81586 [PATCH] [v7, 4/4] doc: update release notes for vhost sample

dpdklab at iol.unh.edu dpdklab at iol.unh.edu
Tue Oct 20 14:05:44 CEST 2020


Test-Label: iol-testing
Test-Status: FAILURE
http://dpdk.org/patch/81586

_Testing issues_

Submitter: Cheng Jiang <Cheng1.jiang at intel.com>
Date: Tuesday, October 20 2020 11:20:58 
DPDK git baseline: Repo:dpdk
  Branch: master
  CommitID:a8d0d473a0a89b3c50813e3e144e9a5377429f24

81583-81586 --> testing fail

Test environment and result as below:

+---------------------+----------------+--------------------+
|     Environment     | dpdk_unit_test | dpdk_meson_compile |
+=====================+================+====================+
| Ubuntu 18.04        | FAIL           | FAIL               |
+---------------------+----------------+--------------------+
| Fedora 31           | SKIPPED        | FAIL               |
+---------------------+----------------+--------------------+
| CentOS 8            | SKIPPED        | FAIL               |
+---------------------+----------------+--------------------+
| openSUSE Leap 15    | SKIPPED        | FAIL               |
+---------------------+----------------+--------------------+
| Windows Server 2019 | SKIPPED        | PASS               |
+---------------------+----------------+--------------------+
| FreeBSD 11.2        | SKIPPED        | PASS               |
+---------------------+----------------+--------------------+
| Arch Linux          | SKIPPED        | FAIL               |
+---------------------+----------------+--------------------+

Ubuntu 18.04
	Kernel: 4.15.0-generic
	Compiler: gcc 7.4

Fedora 31
	Kernel: 5.3.16
	Compiler: gcc 9.2.1

CentOS 8
	Kernel: 4.18.0.el8_0
	Compiler: gcc 8.3.1

openSUSE Leap 15
	Kernel: 4.12.14
	Compiler: gcc 7.4.1

Windows Server 2019
	Kernel: 10.0
	Compiler: clang 9.0

FreeBSD 11.2
	Kernel: 11.2
	Compiler: gcc 8.3

Arch Linux
	Kernel: latest
	Compiler: gcc latest

To view detailed results, visit:
https://lab.dpdk.org/results/dashboard/patchsets/13862/

UNH-IOL DPDK Community Lab

To manage your email subscriptions, visit: 
https://lab.dpdk.org/results/dashboard/preferences/subscriptions/


More information about the test-report mailing list