[dpdk-test-report] |FAILURE| pw81940-81945 [PATCH] [v4, 6/6] build: update Arm builds with makefile flags
dpdklab at iol.unh.edu
dpdklab at iol.unh.edu
Fri Oct 23 17:51:54 CEST 2020
Test-Label: iol-testing
Test-Status: FAILURE
http://dpdk.org/patch/81945
_Testing issues_
Submitter: Juraj Linkeš <juraj.linkes at pantheon.tech>
Date: Friday, October 23 2020 14:48:08
DPDK git baseline: Repo:dpdk
Branch: master
CommitID:50ee0c2d0a8b1ad889de589228be9c2c7a056a76
81940-81945 --> testing fail
Test environment and result as below:
+---------------------+--------------------+----------------+
| Environment | dpdk_meson_compile | dpdk_unit_test |
+=====================+====================+================+
| Windows Server 2019 | PASS | SKIPPED |
+---------------------+--------------------+----------------+
| FreeBSD 11.2 | PASS | SKIPPED |
+---------------------+--------------------+----------------+
| Ubuntu 18.04 | PASS | PASS |
+---------------------+--------------------+----------------+
| Fedora 31 | PASS | SKIPPED |
+---------------------+--------------------+----------------+
| CentOS 8 | PASS | SKIPPED |
+---------------------+--------------------+----------------+
| Arch Linux | FAIL | SKIPPED |
+---------------------+--------------------+----------------+
| openSUSE Leap 15 | PASS | SKIPPED |
+---------------------+--------------------+----------------+
Windows Server 2019
Kernel: 10.0
Compiler: clang 9.0
FreeBSD 11.2
Kernel: 11.2
Compiler: gcc 8.3
Ubuntu 18.04
Kernel: 4.15.0-generic
Compiler: gcc 7.4
Fedora 31
Kernel: 5.3.16
Compiler: gcc 9.2.1
CentOS 8
Kernel: 4.18.0.el8_0
Compiler: gcc 8.3.1
Arch Linux
Kernel: latest
Compiler: gcc latest
openSUSE Leap 15
Kernel: 4.12.14
Compiler: gcc 7.4.1
To view detailed results, visit:
https://lab.dpdk.org/results/dashboard/patchsets/13964/
UNH-IOL DPDK Community Lab
To manage your email subscriptions, visit:
https://lab.dpdk.org/results/dashboard/preferences/subscriptions/
More information about the test-report
mailing list