[dpdk-test-report] |FAILURE| pw82500 [PATCH] net/mlx5: support Flow Tag and Packet Header miniCQEs

dpdklab at iol.unh.edu dpdklab at iol.unh.edu
Wed Oct 28 04:48:33 CET 2020


Test-Label: iol-testing
Test-Status: FAILURE
http://dpdk.org/patch/82500

_Testing issues_

Submitter: Alexander Kozyrev <akozyrev at nvidia.com>
Date: Wednesday, October 28 2020 02:37:19 
DPDK git baseline: Repo:dpdk-next-net-mlx
  Branch: master
  CommitID:8c287f8ed6d549428d9979316f7179bf0b4e0f90

82500 --> testing fail

Test environment and result as below:

+---------------------+--------------------+
|     Environment     | dpdk_meson_compile |
+=====================+====================+
| Windows Server 2019 | PASS               |
+---------------------+--------------------+
| Ubuntu 18.04        | FAIL               |
+---------------------+--------------------+
| Fedora 31           | FAIL               |
+---------------------+--------------------+
| CentOS 8            | FAIL               |
+---------------------+--------------------+
| FreeBSD 11.2        | PASS               |
+---------------------+--------------------+
| openSUSE Leap 15    | FAIL               |
+---------------------+--------------------+
| Arch Linux          | FAIL               |
+---------------------+--------------------+

Windows Server 2019
	Kernel: 10.0
	Compiler: clang 9.0

Ubuntu 18.04
	Kernel: 4.15.0-generic
	Compiler: gcc 7.4

Fedora 31
	Kernel: 5.3.16
	Compiler: gcc 9.2.1

CentOS 8
	Kernel: 4.18.0.el8_0
	Compiler: gcc 8.3.1

FreeBSD 11.2
	Kernel: 11.2
	Compiler: gcc 8.3

openSUSE Leap 15
	Kernel: 4.12.14
	Compiler: gcc 7.4.1

Arch Linux
	Kernel: latest
	Compiler: gcc latest

To view detailed results, visit:
https://lab.dpdk.org/results/dashboard/patchsets/14084/

UNH-IOL DPDK Community Lab

To manage your email subscriptions, visit: 
https://lab.dpdk.org/results/dashboard/preferences/subscriptions/


More information about the test-report mailing list