[dpdk-test-report] |FAILURE| pw76329 [PATCH] [v2] avoid libfdt checks adding full paths to pkg-config

dpdklab at iol.unh.edu dpdklab at iol.unh.edu
Wed Sep 2 20:30:51 CEST 2020


Test-Label: iol-testing
Test-Status: FAILURE
http://dpdk.org/patch/76329

_Testing issues_

Submitter: Christian Ehrhardt <christian.ehrhardt at canonical.com>
Date: Wednesday, September 02 2020 12:39:03 
DPDK git baseline: Repo:dpdk
  Branch: master
  CommitID:cd6f1d7a5fde76c4f1e771de9f7aafdf59d691e4

76329 --> testing fail

Test environment and result as below:

+---------------------+----------------+--------------------+-------------------+------------------+--------------+
|     Environment     | dpdk_unit_test | dpdk_meson_compile | dpdk_compile_spdk | dpdk_compile_ovs | dpdk_compile |
+=====================+================+====================+===================+==================+==============+
| Ubuntu 18.04        | FAIL           | FAIL               | PASS              | PASS             | PASS         |
+---------------------+----------------+--------------------+-------------------+------------------+--------------+
| Windows Server 2019 | SKIPPED        | PASS               | SKIPPED           | SKIPPED          | SKIPPED      |
+---------------------+----------------+--------------------+-------------------+------------------+--------------+
| FreeBSD 11.2        | SKIPPED        | FAIL               | PASS              | SKIPPED          | PASS         |
+---------------------+----------------+--------------------+-------------------+------------------+--------------+
| CentOS 8            | SKIPPED        | FAIL               | PASS              | PASS             | PASS         |
+---------------------+----------------+--------------------+-------------------+------------------+--------------+
| Arch Linux          | SKIPPED        | FAIL               | SKIPPED           | PASS             | PASS         |
+---------------------+----------------+--------------------+-------------------+------------------+--------------+
| openSUSE Leap 15    | SKIPPED        | FAIL               | PASS              | PASS             | PASS         |
+---------------------+----------------+--------------------+-------------------+------------------+--------------+
| Fedora 31           | SKIPPED        | FAIL               | PASS              | PASS             | PASS         |
+---------------------+----------------+--------------------+-------------------+------------------+--------------+

Ubuntu 18.04
	Kernel: 4.15.0-generic
	Compiler: gcc 7.4

Windows Server 2019
	Kernel: 10.0
	Compiler: clang 9.0

FreeBSD 11.2
	Kernel: 11.2
	Compiler: gcc 8.3

CentOS 8
	Kernel: 4.18.0.el8_0
	Compiler: gcc 8.3.1

Arch Linux
	Kernel: latest
	Compiler: gcc latest

openSUSE Leap 15
	Kernel: 4.12.14
	Compiler: gcc 7.4.1

Fedora 31
	Kernel: 5.3.16
	Compiler: gcc 9.2.1

To view detailed results, visit:
https://lab.dpdk.org/results/dashboard/patchsets/12800/

UNH-IOL DPDK Community Lab

To manage your email subscriptions, visit: 
https://lab.dpdk.org/results/dashboard/preferences/subscriptions/


More information about the test-report mailing list