[dpdk-test-report] |WARNING| pw76590 [PATCH] rte_metrics: move maximum number of metrics into rte_config
dpdklab at iol.unh.edu
dpdklab at iol.unh.edu
Sat Sep 5 01:18:04 CEST 2020
Test-Label: iol-testing
Test-Status: WARNING
http://dpdk.org/patch/76590
_Testing issues_
Submitter: Stephen Hemminger <stephen at networkplumber.org>
Date: Friday, September 04 2020 22:31:19
DPDK git baseline: Repo:dpdk
Branch: master
CommitID:cd6f1d7a5fde76c4f1e771de9f7aafdf59d691e4
76590 --> testing fail
Test environment and result as below:
+---------------------+-------------------+--------------------+------------------+----------------+
| Environment | dpdk_compile_spdk | dpdk_meson_compile | dpdk_compile_ovs | dpdk_unit_test |
+=====================+===================+====================+==================+================+
| FreeBSD 11.2 | FAIL | PASS | SKIPPED | SKIPPED |
+---------------------+-------------------+--------------------+------------------+----------------+
| openSUSE Leap 15 | FAIL | PASS | FAIL | SKIPPED |
+---------------------+-------------------+--------------------+------------------+----------------+
| Ubuntu 18.04 | FAIL | PASS | FAIL | PASS |
+---------------------+-------------------+--------------------+------------------+----------------+
| CentOS 8 | FAIL | PASS | FAIL | SKIPPED |
+---------------------+-------------------+--------------------+------------------+----------------+
| Fedora 31 | FAIL | PASS | FAIL | SKIPPED |
+---------------------+-------------------+--------------------+------------------+----------------+
| Windows Server 2019 | SKIPPED | PASS | SKIPPED | SKIPPED |
+---------------------+-------------------+--------------------+------------------+----------------+
| Arch Linux | SKIPPED | PASS | FAIL | SKIPPED |
+---------------------+-------------------+--------------------+------------------+----------------+
FreeBSD 11.2
Kernel: 11.2
Compiler: gcc 8.3
openSUSE Leap 15
Kernel: 4.12.14
Compiler: gcc 7.4.1
Ubuntu 18.04
Kernel: 4.15.0-generic
Compiler: gcc 7.4
CentOS 8
Kernel: 4.18.0.el8_0
Compiler: gcc 8.3.1
Fedora 31
Kernel: 5.3.16
Compiler: gcc 9.2.1
Windows Server 2019
Kernel: 10.0
Compiler: clang 9.0
Arch Linux
Kernel: latest
Compiler: gcc latest
To view detailed results, visit:
https://lab.dpdk.org/results/dashboard/patchsets/12847/
UNH-IOL DPDK Community Lab
To manage your email subscriptions, visit:
https://lab.dpdk.org/results/dashboard/preferences/subscriptions/
More information about the test-report
mailing list