[dpdk-test-report] |FAILURE| pw76929-76932 [PATCH] [v2, 4/4] app/testpmd: support tunnel offload API

dpdklab at iol.unh.edu dpdklab at iol.unh.edu
Tue Sep 8 23:01:28 CEST 2020


Test-Label: iol-testing
Test-Status: FAILURE
http://dpdk.org/patch/76932

_Testing issues_

Submitter: Gregory Etelson <getelson at nvidia.com>
Date: Tuesday, September 08 2020 20:15:51 
DPDK git baseline: Repo:dpdk
  Branch: master
  CommitID:cd6f1d7a5fde76c4f1e771de9f7aafdf59d691e4

76929-76932 --> testing fail

Test environment and result as below:

+---------------------+--------------------+-------------------+------------------+----------------+
|     Environment     | dpdk_meson_compile | dpdk_compile_spdk | dpdk_compile_ovs | dpdk_unit_test |
+=====================+====================+===================+==================+================+
| Windows Server 2019 | PASS               | SKIPPED           | SKIPPED          | SKIPPED        |
+---------------------+--------------------+-------------------+------------------+----------------+
| FreeBSD 11.2        | FAIL               | FAIL              | SKIPPED          | SKIPPED        |
+---------------------+--------------------+-------------------+------------------+----------------+
| CentOS 8            | FAIL               | FAIL              | FAIL             | SKIPPED        |
+---------------------+--------------------+-------------------+------------------+----------------+
| Ubuntu 18.04        | FAIL               | FAIL              | FAIL             | FAIL           |
+---------------------+--------------------+-------------------+------------------+----------------+
| openSUSE Leap 15    | FAIL               | FAIL              | FAIL             | SKIPPED        |
+---------------------+--------------------+-------------------+------------------+----------------+
| Fedora 31           | FAIL               | FAIL              | FAIL             | SKIPPED        |
+---------------------+--------------------+-------------------+------------------+----------------+
| Arch Linux          | FAIL               | SKIPPED           | FAIL             | SKIPPED        |
+---------------------+--------------------+-------------------+------------------+----------------+

Windows Server 2019
	Kernel: 10.0
	Compiler: clang 9.0

FreeBSD 11.2
	Kernel: 11.2
	Compiler: gcc 8.3

CentOS 8
	Kernel: 4.18.0.el8_0
	Compiler: gcc 8.3.1

Ubuntu 18.04
	Kernel: 4.15.0-generic
	Compiler: gcc 7.4

openSUSE Leap 15
	Kernel: 4.12.14
	Compiler: gcc 7.4.1

Fedora 31
	Kernel: 5.3.16
	Compiler: gcc 9.2.1

Arch Linux
	Kernel: latest
	Compiler: gcc latest

To view detailed results, visit:
https://lab.dpdk.org/results/dashboard/patchsets/12907/

UNH-IOL DPDK Community Lab

To manage your email subscriptions, visit: 
https://lab.dpdk.org/results/dashboard/preferences/subscriptions/


More information about the test-report mailing list