[dpdk-test-report] |FAILURE| pw77112-77115 [PATCH] [v1, 4/4] doc: update release notes for vhost sample

dpdklab at iol.unh.edu dpdklab at iol.unh.edu
Thu Sep 10 09:45:44 CEST 2020


Test-Label: iol-testing
Test-Status: FAILURE
http://dpdk.org/patch/77115

_Testing issues_

Submitter: Cheng Jiang <Cheng1.jiang at intel.com>
Date: Thursday, September 10 2020 06:43:51 
DPDK git baseline: Repo:dpdk
  Branch: master
  CommitID:cd6f1d7a5fde76c4f1e771de9f7aafdf59d691e4

77112-77115 --> testing fail

Test environment and result as below:

+---------------------+--------------------+----------------+------------------+-------------------+
|     Environment     | dpdk_meson_compile | dpdk_unit_test | dpdk_compile_ovs | dpdk_compile_spdk |
+=====================+====================+================+==================+===================+
| Windows Server 2019 | PASS               | SKIPPED        | SKIPPED          | SKIPPED           |
+---------------------+--------------------+----------------+------------------+-------------------+
| Ubuntu 18.04        | FAIL               | FAIL           | PASS             | PASS              |
+---------------------+--------------------+----------------+------------------+-------------------+
| FreeBSD 11.2        | PASS               | SKIPPED        | SKIPPED          | PASS              |
+---------------------+--------------------+----------------+------------------+-------------------+
| CentOS 8            | FAIL               | SKIPPED        | PASS             | PASS              |
+---------------------+--------------------+----------------+------------------+-------------------+
| Fedora 31           | FAIL               | SKIPPED        | PASS             | PASS              |
+---------------------+--------------------+----------------+------------------+-------------------+
| openSUSE Leap 15    | FAIL               | SKIPPED        | PASS             | PASS              |
+---------------------+--------------------+----------------+------------------+-------------------+
| Arch Linux          | FAIL               | SKIPPED        | PASS             | SKIPPED           |
+---------------------+--------------------+----------------+------------------+-------------------+

Windows Server 2019
	Kernel: 10.0
	Compiler: clang 9.0

Ubuntu 18.04
	Kernel: 4.15.0-generic
	Compiler: gcc 7.4

FreeBSD 11.2
	Kernel: 11.2
	Compiler: gcc 8.3

CentOS 8
	Kernel: 4.18.0.el8_0
	Compiler: gcc 8.3.1

Fedora 31
	Kernel: 5.3.16
	Compiler: gcc 9.2.1

openSUSE Leap 15
	Kernel: 4.12.14
	Compiler: gcc 7.4.1

Arch Linux
	Kernel: latest
	Compiler: gcc latest

To view detailed results, visit:
https://lab.dpdk.org/results/dashboard/patchsets/12955/

UNH-IOL DPDK Community Lab

To manage your email subscriptions, visit: 
https://lab.dpdk.org/results/dashboard/preferences/subscriptions/


More information about the test-report mailing list