[dpdk-test-report] |FAILURE| pw79202 [PATCH] [v2, 1/2] net: add run-time architecture specific CRC selection
dpdklab at iol.unh.edu
dpdklab at iol.unh.edu
Tue Sep 29 18:34:08 CEST 2020
Test-Label: iol-testing
Test-Status: FAILURE
http://dpdk.org/patch/79202
_Testing issues_
Submitter: O'loingsigh, Mairtin <mairtin.oloingsigh at intel.com>
Date: Tuesday, September 29 2020 15:12:45
DPDK git baseline: Repo:dpdk
Branch: master
CommitID:2d962bb73652149cf3d839212180c69b7c52faf2
79202 --> testing fail
Test environment and result as below:
+---------------------+--------------------+----------------+
| Environment | dpdk_meson_compile | dpdk_unit_test |
+=====================+====================+================+
| CentOS 8 | FAIL | SKIPPED |
+---------------------+--------------------+----------------+
| Windows Server 2019 | FAIL | SKIPPED |
+---------------------+--------------------+----------------+
| FreeBSD 11.2 | PASS | SKIPPED |
+---------------------+--------------------+----------------+
| Ubuntu 18.04 | PASS | PASS |
+---------------------+--------------------+----------------+
| Fedora 31 | PASS | SKIPPED |
+---------------------+--------------------+----------------+
| openSUSE Leap 15 | PASS | SKIPPED |
+---------------------+--------------------+----------------+
| Arch Linux | PASS | SKIPPED |
+---------------------+--------------------+----------------+
CentOS 8
Kernel: 4.18.0.el8_0
Compiler: gcc 8.3.1
Windows Server 2019
Kernel: 10.0
Compiler: clang 9.0
FreeBSD 11.2
Kernel: 11.2
Compiler: gcc 8.3
Ubuntu 18.04
Kernel: 4.15.0-generic
Compiler: gcc 7.4
Fedora 31
Kernel: 5.3.16
Compiler: gcc 9.2.1
openSUSE Leap 15
Kernel: 4.12.14
Compiler: gcc 7.4.1
Arch Linux
Kernel: latest
Compiler: gcc latest
To view detailed results, visit:
https://lab.dpdk.org/results/dashboard/patchsets/13357/
UNH-IOL DPDK Community Lab
To manage your email subscriptions, visit:
https://lab.dpdk.org/results/dashboard/preferences/subscriptions/
More information about the test-report
mailing list