[dpdk-test-report] |FAILURE| pw91022-91018 [PATCH] [7/7] examples/vhost_blk: support set ctrl worker thread name

dpdklab at iol.unh.edu dpdklab at iol.unh.edu
Mon Apr 12 02:22:42 CEST 2021


Test-Label: iol-testing
Test-Status: FAILURE
http://dpdk.org/patch/91018

_Testing issues_

Submitter: Min Hu (Connor) <humin29 at huawei.com>
Date: Saturday, April 10 2021 10:40:21 
DPDK git baseline: Repo:dpdk
  Branch: master
  CommitID:720dfda4551e8185ad34f333e58157a8eb4d02ab

91022-91018 --> testing fail

Test environment and result as below:

+---------------------+----------------------+--------------------+----------------+-------------------+
|     Environment     | dpdk_mingw64_compile | dpdk_meson_compile | dpdk_unit_test | dpdk_compile_spdk |
+=====================+======================+====================+================+===================+
| Windows Server 2019 | PASS                 | PASS               | SKIPPED        | SKIPPED           |
+---------------------+----------------------+--------------------+----------------+-------------------+
| FreeBSD 11.2        | SKIPPED              | FAIL               | SKIPPED        | SKIPPED           |
+---------------------+----------------------+--------------------+----------------+-------------------+
| Fedora 32           | SKIPPED              | PASS               | SKIPPED        | SKIPPED           |
+---------------------+----------------------+--------------------+----------------+-------------------+
| Ubuntu 18.04        | SKIPPED              | PASS               | PASS           | PASS              |
+---------------------+----------------------+--------------------+----------------+-------------------+
| Fedora 31           | SKIPPED              | PASS               | SKIPPED        | PASS              |
+---------------------+----------------------+--------------------+----------------+-------------------+
| CentOS Stream 8     | SKIPPED              | PASS               | SKIPPED        | SKIPPED           |
+---------------------+----------------------+--------------------+----------------+-------------------+
| openSUSE Leap 15    | SKIPPED              | PASS               | SKIPPED        | SKIPPED           |
+---------------------+----------------------+--------------------+----------------+-------------------+
| Arch Linux          | SKIPPED              | PASS               | SKIPPED        | SKIPPED           |
+---------------------+----------------------+--------------------+----------------+-------------------+
| Ubuntu 20.04        | SKIPPED              | PASS               | SKIPPED        | SKIPPED           |
+---------------------+----------------------+--------------------+----------------+-------------------+
| Ubuntu 18.04 ARM    | SKIPPED              | PASS               | PASS           | SKIPPED           |
+---------------------+----------------------+--------------------+----------------+-------------------+

==== 20 line log output for FreeBSD 11.2 (dpdk_meson_compile): ====
pthread_setname_np(t_old, "telemetry-v1");
^
../lib/librte_telemetry/telemetry.c:445:2: note: did you mean 'pthread_set_name_np'?
/usr/include/pthread_np.h:58:6: note: 'pthread_set_name_np' declared here
void pthread_set_name_np(pthread_t, const char *);
^
../lib/librte_telemetry/telemetry.c:445:2: error: this function declaration is not a prototype [-Werror,-Wstrict-prototypes]
pthread_setname_np(t_old, "telemetry-v1");
^
../lib/librte_telemetry/telemetry.c:474:2: error: implicit declaration of function 'pthread_setname_np' is invalid in C99 [-Werror,-Wimplicit-function-declaration]
pthread_setname_np(t_new, "telemetry-v2");
^
3 errors generated.
[6/2105] Compiling C object lib/librte_telemetry.a.p/librte_telemetry_telemetry_data.c.o
[7/2105] Compiling C object lib/librte_kvargs.a.p/librte_kvargs_rte_kvargs.c.o
[8/2105] Compiling C object lib/librte_eal.a.p/librte_eal_common_eal_common_cpuflags.c.o
[9/2105] Compiling C object lib/librte_telemetry.a.p/librte_telemetry_telemetry_legacy.c.o
[10/2105] Compiling C object lib/librte_eal.a.p/librte_eal_common_eal_common_bus.c.o
ninja: build stopped: subcommand failed.
[1] Error running command.
==== End log output ====

Windows Server 2019
	Kernel: 10.0
	Compiler: clang 9.0 and gcc 8.1.0 (MinGW)

FreeBSD 11.2
	Kernel: 11.2
	Compiler: gcc 8.3

Fedora 32
	Kernel: 4.18.0-240.10.1.el8_3.x86_64
	Compiler: gcc 10.2.1

Ubuntu 18.04
	Kernel: 4.18.0-240.10.1.el8_3.x86_64
	Compiler: gcc 7.5.0-3ubuntu1~18.04

Fedora 31
	Kernel: 4.18.0-240.10.1.el8_3.x86_64
	Compiler: gcc 9.3.1

CentOS Stream 8
	Kernel: 4.18.0-240.10.1.el8_3.x86_64
	Compiler: gcc 8.4.1 20200928

openSUSE Leap 15
	Kernel: 4.18.0-240.10.1.el8_3.x86_64
	Compiler: gcc 7.5.0

Arch Linux
	Kernel: 4.18.0-240.10.1.el8_3.x86_64
	Compiler: gcc 10.2.0

Ubuntu 20.04
	Kernel: 4.18.0-240.10.1.el8_3.x86_64
	Compiler: gcc 9.3.0-17ubuntu1~20.04

Ubuntu 18.04 ARM
	Kernel: 5.4.0-53-generic
	Compiler: gcc 9.3

To view detailed results, visit:
https://lab.dpdk.org/results/dashboard/patchsets/16428/

UNH-IOL DPDK Community Lab

To manage your email subscriptions, visit: 
https://lab.dpdk.org/results/dashboard/preferences/subscriptions/


More information about the test-report mailing list