[dpdk-test-report] |FAILURE| pw91039-91046 [PATCH] [v2, 8/8] app/bbdev: add test vectors for transport blocks
dpdklab at iol.unh.edu
dpdklab at iol.unh.edu
Mon Apr 12 06:23:06 CEST 2021
Test-Label: iol-testing
Test-Status: FAILURE
http://dpdk.org/patch/91046
_Testing issues_
Submitter: Hemant Agrawal <hemant.agrawal at nxp.com>
Date: Saturday, April 10 2021 17:02:52
DPDK git baseline: Repo:dpdk
Branch: master
CommitID:720dfda4551e8185ad34f333e58157a8eb4d02ab
91039-91046 --> testing fail
Test environment and result as below:
+---------------------+----------------------+--------------------+-------------------+----------------+
| Environment | dpdk_mingw64_compile | dpdk_meson_compile | dpdk_compile_spdk | dpdk_unit_test |
+=====================+======================+====================+===================+================+
| Windows Server 2019 | PASS | PASS | SKIPPED | SKIPPED |
+---------------------+----------------------+--------------------+-------------------+----------------+
| Ubuntu 18.04 ARM | SKIPPED | FAIL | SKIPPED | SKIPPED |
+---------------------+----------------------+--------------------+-------------------+----------------+
| FreeBSD 11.2 | SKIPPED | PASS | SKIPPED | SKIPPED |
+---------------------+----------------------+--------------------+-------------------+----------------+
| Ubuntu 18.04 | SKIPPED | PASS | PASS | PASS |
+---------------------+----------------------+--------------------+-------------------+----------------+
| Fedora 31 | SKIPPED | PASS | PASS | SKIPPED |
+---------------------+----------------------+--------------------+-------------------+----------------+
| CentOS Stream 8 | SKIPPED | PASS | SKIPPED | SKIPPED |
+---------------------+----------------------+--------------------+-------------------+----------------+
| Ubuntu 20.04 | SKIPPED | PASS | SKIPPED | SKIPPED |
+---------------------+----------------------+--------------------+-------------------+----------------+
| Fedora 32 | SKIPPED | PASS | SKIPPED | SKIPPED |
+---------------------+----------------------+--------------------+-------------------+----------------+
| Arch Linux | SKIPPED | PASS | SKIPPED | SKIPPED |
+---------------------+----------------------+--------------------+-------------------+----------------+
| openSUSE Leap 15 | SKIPPED | PASS | SKIPPED | SKIPPED |
+---------------------+----------------------+--------------------+-------------------+----------------+
==== 20 line log output for Ubuntu 18.04 ARM (dpdk_meson_compile): ====
[2329/2826] Generating symbol file lib/librte_pdump.so.21.2.p/librte_pdump.so.21.2.symbols
[2330/2826] Generating symbol file lib/librte_eventdev.so.21.2.p/librte_eventdev.so.21.2.symbols
[2331/2826] Generating symbol file drivers/librte_net_bnxt.so.21.2.p/librte_net_bnxt.so.21.2.symbols
[2332/2826] Generating symbol file lib/librte_gro.so.21.2.p/librte_gro.so.21.2.symbols
[2333/2826] Generating rte_event_dpaa2.sym_chk with a custom command (wrapped by meson to capture output)
[2334/2826] Generating rte_common_sfc_efx.sym_chk with a custom command (wrapped by meson to capture output)
[2335/2826] Generating rte_vdpa_mlx5.sym_chk with a custom command (wrapped by meson to capture output)
[2336/2826] Generating symbol file lib/librte_ipsec.so.21.2.p/librte_ipsec.so.21.2.symbols
[2337/2826] Generating symbol file drivers/librte_common_octeontx2.so.21.2.p/librte_common_octeontx2.so.21.2.symbols
[2338/2826] Generating symbol file drivers/librte_net_ipn3ke.so.21.2.p/librte_net_ipn3ke.so.21.2.symbols
[2339/2826] Generating symbol file lib/librte_kni.so.21.2.p/librte_kni.so.21.2.symbols
[2340/2826] Generating symbol file drivers/librte_net_ring.so.21.2.p/librte_net_ring.so.21.2.symbols
[2341/2826] Generating symbol file lib/librte_power.so.21.2.p/librte_power.so.21.2.symbols
[2342/2826] Generating symbol file drivers/librte_net_i40e.so.21.2.p/librte_net_i40e.so.21.2.symbols
[2343/2826] Generating symbol file lib/librte_node.so.21.2.p/librte_node.so.21.2.symbols
[2344/2826] Generating symbol file lib/librte_vhost.so.21.2.p/librte_vhost.so.21.2.symbols
[2345/2826] Generating symbol file drivers/librte_net_ixgbe.so.21.2.p/librte_net_ixgbe.so.21.2.symbols
[2346/2826] Generating symbol file lib/librte_ip_frag.so.21.2.p/librte_ip_frag.so.21.2.symbols
ninja: build stopped: subcommand failed.
[1] Error running command.
==== End log output ====
Windows Server 2019
Kernel: 10.0
Compiler: clang 9.0 and gcc 8.1.0 (MinGW)
Ubuntu 18.04 ARM
Kernel: 5.4.0-53-generic
Compiler: gcc 9.3
FreeBSD 11.2
Kernel: 11.2
Compiler: gcc 8.3
Ubuntu 18.04
Kernel: 4.18.0-240.10.1.el8_3.x86_64
Compiler: gcc 7.5.0-3ubuntu1~18.04
Fedora 31
Kernel: 4.18.0-240.10.1.el8_3.x86_64
Compiler: gcc 9.3.1
CentOS Stream 8
Kernel: 4.18.0-240.10.1.el8_3.x86_64
Compiler: gcc 8.4.1 20200928
Ubuntu 20.04
Kernel: 4.18.0-240.10.1.el8_3.x86_64
Compiler: gcc 9.3.0-17ubuntu1~20.04
Fedora 32
Kernel: 4.18.0-240.10.1.el8_3.x86_64
Compiler: gcc 10.2.1
Arch Linux
Kernel: 4.18.0-240.10.1.el8_3.x86_64
Compiler: gcc 10.2.0
openSUSE Leap 15
Kernel: 4.18.0-240.10.1.el8_3.x86_64
Compiler: gcc 7.5.0
To view detailed results, visit:
https://lab.dpdk.org/results/dashboard/patchsets/16433/
UNH-IOL DPDK Community Lab
To manage your email subscriptions, visit:
https://lab.dpdk.org/results/dashboard/preferences/subscriptions/
More information about the test-report
mailing list