[dpdk-test-report] |FAILURE| pw91469-91472 [PATCH] [v10, 4/4] test/event_crypto: use crypto adapter enqueue API
dpdklab at iol.unh.edu
dpdklab at iol.unh.edu
Sat Apr 17 14:05:03 CEST 2021
Test-Label: iol-testing
Test-Status: FAILURE
http://dpdk.org/patch/91472
_Testing issues_
Submitter: Akhil Goyal <gakhil at marvell.com>
Date: Wednesday, April 14 2021 18:04:17
DPDK git baseline: Repo:dpdk
Branch: master
CommitID:7498c2d74ee9d81f2e4f75dcce8390fdf9c800da
91469-91472 --> testing fail
Test environment and result as below:
+---------------------+----------------------+-------------------+--------------------+----------------+
| Environment | dpdk_mingw64_compile | dpdk_compile_spdk | dpdk_meson_compile | dpdk_unit_test |
+=====================+======================+===================+====================+================+
| Windows Server 2019 | PASS | SKIPPED | PASS | SKIPPED |
+---------------------+----------------------+-------------------+--------------------+----------------+
| Ubuntu 18.04 | SKIPPED | PASS | PASS | PASS |
+---------------------+----------------------+-------------------+--------------------+----------------+
| Fedora 32 | SKIPPED | SKIPPED | PASS | SKIPPED |
+---------------------+----------------------+-------------------+--------------------+----------------+
| Fedora 31 | SKIPPED | SKIPPED | PASS | SKIPPED |
+---------------------+----------------------+-------------------+--------------------+----------------+
| Ubuntu 20.04 | SKIPPED | SKIPPED | PASS | SKIPPED |
+---------------------+----------------------+-------------------+--------------------+----------------+
| RHEL8 | SKIPPED | SKIPPED | PASS | SKIPPED |
+---------------------+----------------------+-------------------+--------------------+----------------+
| RHEL 7 | SKIPPED | SKIPPED | FAIL | SKIPPED |
+---------------------+----------------------+-------------------+--------------------+----------------+
| Arch Linux | SKIPPED | SKIPPED | PASS | SKIPPED |
+---------------------+----------------------+-------------------+--------------------+----------------+
| CentOS Stream 8 | SKIPPED | SKIPPED | PASS | SKIPPED |
+---------------------+----------------------+-------------------+--------------------+----------------+
| openSUSE Leap 15 | SKIPPED | SKIPPED | PASS | SKIPPED |
+---------------------+----------------------+-------------------+--------------------+----------------+
| FreeBSD 11.2 | SKIPPED | SKIPPED | PASS | SKIPPED |
+---------------------+----------------------+-------------------+--------------------+----------------+
| Ubuntu 18.04 ARM | SKIPPED | SKIPPED | PASS | PASS |
+---------------------+----------------------+-------------------+--------------------+----------------+
==== 20 line log output for RHEL 7 (dpdk_meson_compile): ====
^
cc1: all warnings being treated as errors
[222/2686] Generating cfgfile.sym_chk with a meson_exe.py custom command
[223/2686] Compiling C object lib/librte_efd.a.p/librte_efd_rte_efd.c.o
[224/2686] Compiling C object lib/librte_eventdev.a.p/librte_eventdev_rte_event_timer_adapter.c.o
[225/2686] Compiling C object lib/librte_gro.a.p/librte_gro_rte_gro.c.o
[226/2686] Compiling C object lib/librte_gro.a.p/librte_gro_gro_tcp4.c.o
[227/2686] Generating acl.sym_chk with a meson_exe.py custom command
[228/2686] Compiling C object lib/librte_gro.a.p/librte_gro_gro_udp4.c.o
[229/2686] Generating distributor.sym_chk with a meson_exe.py custom command
[230/2686] Compiling C object lib/librte_eventdev.a.p/librte_eventdev_rte_eventdev.c.o
[231/2686] Compiling C object lib/librte_eventdev.a.p/librte_eventdev_rte_event_eth_tx_adapter.c.o
[232/2686] Generating bbdev.sym_chk with a meson_exe.py custom command
[233/2686] Generating cryptodev.sym_chk with a meson_exe.py custom command
[234/2686] Generating compressdev.sym_chk with a meson_exe.py custom command
[235/2686] Compiling C object lib/librte_hash.a.p/librte_hash_rte_cuckoo_hash.c.o
[236/2686] Compiling C object lib/librte_eventdev.a.p/librte_eventdev_rte_event_crypto_adapter.c.o
[237/2686] Generating eal.sym_chk with a meson_exe.py custom command
[238/2686] Generating ethdev.sym_chk with a meson_exe.py custom command
ninja: build stopped: subcommand failed.
==== End log output ====
Windows Server 2019
Kernel: 10.0
Compiler: clang 9.0 and gcc 8.1.0 (MinGW)
Ubuntu 18.04
Kernel: 4.18.0-240.10.1.el8_3.x86_64
Compiler: gcc 7.5.0-3ubuntu1~18.04
Fedora 32
Kernel: 4.18.0-240.10.1.el8_3.x86_64
Compiler: gcc 10.2.1
Fedora 31
Kernel: 4.18.0-240.10.1.el8_3.x86_64
Compiler: gcc 9.3.1
Ubuntu 20.04
Kernel: 4.18.0-240.10.1.el8_3.x86_64
Compiler: gcc 9.3.0-17ubuntu1~20.04
RHEL8
Kernel: 4.18.0-240.10.1.el8_3.x86_64
Compiler: gcc 8.3.1 20191121 (Red Hat 8.3.1-5)
RHEL 7
Kernel: 4.18.0-240.10.1.el8_3.x86_64
Compiler: gcc 4.8.5 20150623 (Red Hat 4.8.5-44)
Arch Linux
Kernel: 4.18.0-240.10.1.el8_3.x86_64
Compiler: gcc 10.2.0
CentOS Stream 8
Kernel: 4.18.0-240.10.1.el8_3.x86_64
Compiler: gcc 8.4.1 20200928
openSUSE Leap 15
Kernel: 4.18.0-240.10.1.el8_3.x86_64
Compiler: gcc 7.5.0
FreeBSD 11.2
Kernel: 11.2
Compiler: gcc 8.3
Ubuntu 18.04 ARM
Kernel: 5.4.0-53-generic
Compiler: gcc 9.3
To view detailed results, visit:
https://lab.dpdk.org/results/dashboard/patchsets/16528/
UNH-IOL DPDK Community Lab
To manage your email subscriptions, visit:
https://lab.dpdk.org/results/dashboard/preferences/subscriptions/
More information about the test-report
mailing list