[dpdk-test-report] |FAILURE| [GIT MASTER] ff4cf5265cc9dfdf41eabaded8617f73afb1283e
dpdklab at iol.unh.edu
dpdklab at iol.unh.edu
Wed Apr 21 03:06:56 CEST 2021
_Testing issues_
Branch: dpdk
ff4cf5265cc9dfdf41eabaded8617f73afb1283e --> testing fail
Test environment and result as below:
+---------------------+----------------------+-------------------+--------------------+----------------+
| Environment | dpdk_mingw64_compile | dpdk_compile_spdk | dpdk_meson_compile | dpdk_unit_test |
+=====================+======================+===================+====================+================+
| Windows Server 2019 | PASS | SKIPPED | PASS | SKIPPED |
+---------------------+----------------------+-------------------+--------------------+----------------+
| Ubuntu 18.04 | SKIPPED | PASS | PASS | PASS |
+---------------------+----------------------+-------------------+--------------------+----------------+
| Fedora 32 | SKIPPED | SKIPPED | PASS | SKIPPED |
+---------------------+----------------------+-------------------+--------------------+----------------+
| Fedora 31 | SKIPPED | SKIPPED | PASS | SKIPPED |
+---------------------+----------------------+-------------------+--------------------+----------------+
| CentOS Stream 8 | SKIPPED | SKIPPED | PASS | SKIPPED |
+---------------------+----------------------+-------------------+--------------------+----------------+
| RHEL 7 | SKIPPED | SKIPPED | FAIL | SKIPPED |
+---------------------+----------------------+-------------------+--------------------+----------------+
| RHEL8 | SKIPPED | SKIPPED | PASS | SKIPPED |
+---------------------+----------------------+-------------------+--------------------+----------------+
| openSUSE Leap 15 | SKIPPED | SKIPPED | PASS | SKIPPED |
+---------------------+----------------------+-------------------+--------------------+----------------+
| Arch Linux | SKIPPED | SKIPPED | PASS | SKIPPED |
+---------------------+----------------------+-------------------+--------------------+----------------+
| Ubuntu 20.04 | SKIPPED | SKIPPED | PASS | SKIPPED |
+---------------------+----------------------+-------------------+--------------------+----------------+
| FreeBSD 11.2 | SKIPPED | SKIPPED | PASS | SKIPPED |
+---------------------+----------------------+-------------------+--------------------+----------------+
| Ubuntu 18.04 ARM | SKIPPED | SKIPPED | PASS | PASS |
+---------------------+----------------------+-------------------+--------------------+----------------+
==== 20 line log output for RHEL 7 (dpdk_meson_compile): ====
^
cc1: all warnings being treated as errors
[719/2694] Compiling C object drivers/common/sfc_efx/base/libsfc_base.a.p/ef10_filter.c.o
[720/2694] Compiling C object drivers/common/sfc_efx/base/libsfc_base.a.p/ef10_intr.c.o
[721/2694] Compiling C object drivers/common/sfc_efx/base/libsfc_base.a.p/ef10_mac.c.o
[722/2694] Generating rte_common_dpaax.sym_chk with a meson_exe.py custom command
[723/2694] Compiling C object drivers/common/sfc_efx/base/libsfc_base.a.p/ef10_mcdi.c.o
[724/2694] Compiling C object drivers/common/sfc_efx/base/libsfc_base.a.p/ef10_proxy.c.o
[725/2694] Compiling C object drivers/common/sfc_efx/base/libsfc_base.a.p/ef10_nic.c.o
[726/2694] Compiling C object drivers/common/sfc_efx/base/libsfc_base.a.p/ef10_phy.c.o
[727/2694] Compiling C object drivers/common/sfc_efx/base/libsfc_base.a.p/ef10_nvram.c.o
[728/2694] Compiling C object drivers/common/sfc_efx/base/libsfc_base.a.p/ef10_rx.c.o
[729/2694] Generating rte_common_mlx5.pmd.c with a custom command
[730/2694] Generating rte_common_qat.pmd.c with a custom command
[731/2694] Generating rte_common_octeontx2.sym_chk with a meson_exe.py custom command
[732/2694] Generating eal.sym_chk with a meson_exe.py custom command
[733/2694] Generating rte_bus_dpaa.sym_chk with a meson_exe.py custom command
[734/2694] Generating rte_bus_fslmc.sym_chk with a meson_exe.py custom command
[735/2694] Generating rte_common_cnxk.sym_chk with a meson_exe.py custom command
ninja: build stopped: subcommand failed.
==== End log output ====
Windows Server 2019
Kernel: 10.0
Compiler: clang 9.0 and gcc 8.1.0 (MinGW)
Ubuntu 18.04
Kernel: 4.18.0-240.10.1.el8_3.x86_64
Compiler: gcc 7.5.0-3ubuntu1~18.04
Fedora 32
Kernel: 4.18.0-240.10.1.el8_3.x86_64
Compiler: gcc 10.2.1
Fedora 31
Kernel: 4.18.0-240.10.1.el8_3.x86_64
Compiler: gcc 9.3.1
CentOS Stream 8
Kernel: 4.18.0-240.10.1.el8_3.x86_64
Compiler: gcc 8.4.1 20200928
RHEL 7
Kernel: 4.18.0-240.10.1.el8_3.x86_64
Compiler: gcc 4.8.5 20150623 (Red Hat 4.8.5-44)
RHEL8
Kernel: 4.18.0-240.10.1.el8_3.x86_64
Compiler: gcc 8.3.1 20191121 (Red Hat 8.3.1-5)
openSUSE Leap 15
Kernel: 4.18.0-240.10.1.el8_3.x86_64
Compiler: gcc 7.5.0
Arch Linux
Kernel: 4.18.0-240.10.1.el8_3.x86_64
Compiler: gcc 10.2.0
Ubuntu 20.04
Kernel: 4.18.0-240.10.1.el8_3.x86_64
Compiler: gcc 9.3.0-17ubuntu1~20.04
FreeBSD 11.2
Kernel: 11.2
Compiler: gcc 8.3
Ubuntu 18.04 ARM
Kernel: 5.4.0-53-generic
Compiler: gcc 9.3
To view detailed results, visit:
https://lab.dpdk.org/results/dashboard/tarballs/14802/
UNH-IOL DPDK Community Lab
To manage your email subscriptions, visit:
https://lab.dpdk.org/results/dashboard/preferences/subscriptions/
More information about the test-report
mailing list