[dpdk-test-report] |FAILURE| pw91954 [PATCH] app/testpmd: fix division by zero bug
dpdklab at iol.unh.edu
dpdklab at iol.unh.edu
Wed Apr 21 19:43:35 CEST 2021
Test-Label: iol-testing
Test-Status: FAILURE
http://dpdk.org/patch/91954
_Testing issues_
Submitter: Min Hu (Connor) <humin29 at huawei.com>
Date: Wednesday, April 21 2021 11:38:22
DPDK git baseline: Repo:dpdk
Branch: master
CommitID:ff4cf5265cc9dfdf41eabaded8617f73afb1283e
91954 --> testing fail
Test environment and result as below:
+---------------------+----------------------+-------------------+--------------------+----------------+
| Environment | dpdk_mingw64_compile | dpdk_compile_spdk | dpdk_meson_compile | dpdk_unit_test |
+=====================+======================+===================+====================+================+
| Windows Server 2019 | PASS | SKIPPED | PASS | SKIPPED |
+---------------------+----------------------+-------------------+--------------------+----------------+
| Ubuntu 18.04 | SKIPPED | PASS | PASS | PASS |
+---------------------+----------------------+-------------------+--------------------+----------------+
| Fedora 31 | SKIPPED | SKIPPED | PASS | SKIPPED |
+---------------------+----------------------+-------------------+--------------------+----------------+
| Fedora 32 | SKIPPED | SKIPPED | PASS | SKIPPED |
+---------------------+----------------------+-------------------+--------------------+----------------+
| RHEL 7 | SKIPPED | SKIPPED | FAIL | SKIPPED |
+---------------------+----------------------+-------------------+--------------------+----------------+
| CentOS Stream 8 | SKIPPED | SKIPPED | PASS | SKIPPED |
+---------------------+----------------------+-------------------+--------------------+----------------+
| Ubuntu 20.04 | SKIPPED | SKIPPED | PASS | SKIPPED |
+---------------------+----------------------+-------------------+--------------------+----------------+
| Arch Linux | SKIPPED | SKIPPED | PASS | SKIPPED |
+---------------------+----------------------+-------------------+--------------------+----------------+
| RHEL8 | SKIPPED | SKIPPED | PASS | SKIPPED |
+---------------------+----------------------+-------------------+--------------------+----------------+
| openSUSE Leap 15 | SKIPPED | SKIPPED | PASS | SKIPPED |
+---------------------+----------------------+-------------------+--------------------+----------------+
| FreeBSD 11.2 | SKIPPED | SKIPPED | PASS | SKIPPED |
+---------------------+----------------------+-------------------+--------------------+----------------+
| Ubuntu 18.04 ARM | SKIPPED | SKIPPED | PASS | PASS |
+---------------------+----------------------+-------------------+--------------------+----------------+
==== 20 line log output for RHEL 7 (dpdk_meson_compile): ====
^
cc1: all warnings being treated as errors
[743/2694] Generating rte_common_cnxk.pmd.c with a custom command
[744/2694] Compiling C object drivers/libtmp_rte_mempool_bucket.a.p/mempool_bucket_rte_mempool_bucket.c.o
[745/2694] Generating rte_mempool_bucket_mingw with a custom command
[746/2694] Compiling C object drivers/libtmp_rte_mempool_cnxk.a.p/mempool_cnxk_cnxk_mempool_ops.c.o
[747/2694] Compiling C object drivers/libtmp_rte_mempool_cnxk.a.p/mempool_cnxk_cn10k_mempool_ops.c.o
[748/2694] Linking static target drivers/libtmp_rte_common_sfc_efx.a
[749/2694] Generating rte_mempool_bucket_def with a custom command
[750/2694] Compiling C object drivers/common/sfc_efx/base/libsfc_base.a.p/rhead_pci.c.o
[751/2694] Generating rte_mempool_cnxk_mingw with a custom command
[752/2694] Generating rte_common_sfc_efx_def with a custom command
[753/2694] Generating rte_common_sfc_efx_mingw with a custom command
[754/2694] Generating rte_common_qat.pmd.c with a custom command
[755/2694] Generating rte_common_octeontx2.sym_chk with a meson_exe.py custom command
[756/2694] Generating eal.sym_chk with a meson_exe.py custom command
[757/2694] Generating rte_bus_dpaa.sym_chk with a meson_exe.py custom command
[758/2694] Generating rte_bus_fslmc.sym_chk with a meson_exe.py custom command
[759/2694] Generating rte_common_mlx5.sym_chk with a meson_exe.py custom command
ninja: build stopped: subcommand failed.
==== End log output ====
Windows Server 2019
Kernel: 10.0
Compiler: clang 9.0 and gcc 8.1.0 (MinGW)
Ubuntu 18.04
Kernel: 4.18.0-240.10.1.el8_3.x86_64
Compiler: gcc 7.5.0-3ubuntu1~18.04
Fedora 31
Kernel: 4.18.0-240.10.1.el8_3.x86_64
Compiler: gcc 9.3.1
Fedora 32
Kernel: 4.18.0-240.10.1.el8_3.x86_64
Compiler: gcc 10.2.1
RHEL 7
Kernel: 4.18.0-240.10.1.el8_3.x86_64
Compiler: gcc 4.8.5 20150623 (Red Hat 4.8.5-44)
CentOS Stream 8
Kernel: 4.18.0-240.10.1.el8_3.x86_64
Compiler: gcc 8.4.1 20200928
Ubuntu 20.04
Kernel: 4.18.0-240.10.1.el8_3.x86_64
Compiler: gcc 9.3.0-17ubuntu1~20.04
Arch Linux
Kernel: 4.18.0-240.10.1.el8_3.x86_64
Compiler: gcc 10.2.0
RHEL8
Kernel: 4.18.0-240.10.1.el8_3.x86_64
Compiler: gcc 8.3.1 20191121 (Red Hat 8.3.1-5)
openSUSE Leap 15
Kernel: 4.18.0-240.10.1.el8_3.x86_64
Compiler: gcc 7.5.0
FreeBSD 11.2
Kernel: 11.2
Compiler: gcc 8.3
Ubuntu 18.04 ARM
Kernel: 5.4.0-53-generic
Compiler: gcc 9.3
To view detailed results, visit:
https://lab.dpdk.org/results/dashboard/patchsets/16695/
UNH-IOL DPDK Community Lab
To manage your email subscriptions, visit:
https://lab.dpdk.org/results/dashboard/preferences/subscriptions/
More information about the test-report
mailing list