[dpdk-test-report] |WARNING| pw92454-92457 [PATCH] [4/4] drivers/net/enetfec: add enqueue and dequeue support
dpdklab at iol.unh.edu
dpdklab at iol.unh.edu
Fri Apr 30 20:13:40 CEST 2021
Test-Label: iol-abi-testing
Test-Status: WARNING
http://dpdk.org/patch/92457
_Testing issues_
Submitter: Apeksha Gupta <apeksha.gupta at nxp.com>
Date: Friday, April 30 2021 04:34:24
DPDK git baseline: Repo:dpdk
Branch: master
CommitID:1b593b9c832e9b284cc59665fe662242a3fc1daf
92454-92457 --> testing fail
Test environment and result as below:
+------------------+----------+
| Environment | abi_test |
+==================+==========+
| Ubuntu 18.04 ARM | PASS |
+------------------+----------+
| RHEL8 | PASS |
+------------------+----------+
| Fedora 32 | FAIL |
+------------------+----------+
| Ubuntu 18.04 | PASS |
+------------------+----------+
| CentOS 8 | PASS |
+------------------+----------+
| Ubuntu 20.04 | PASS |
+------------------+----------+
| RHEL 7 | PASS |
+------------------+----------+
| Arch Linux | FAIL |
+------------------+----------+
| CentOS Stream 8 | PASS |
+------------------+----------+
| Fedora 31 | PASS |
+------------------+----------+
| openSUSE Leap 15 | PASS |
+------------------+----------+
==== 20 line log output for Fedora 32 (abi_test): ====
/usr/bin/ld: drivers/librte_net_enetfec.a(net_enetfec_enet_uio.c.o):/home-local/jenkins-local/jenkins-agent/workspace/Fedora32-DPDK-Compile-ABI/dpdk/build/../drivers/net/enetfec/enet_uio.c:22: multiple definition of `count'; examples/dpdk-flow_classify.p/flow_classify_flow_classify.c.o:/home-local/jenkins-local/jenkins-agent/workspace/Fedora32-DPDK-Compile-ABI/dpdk/build/../examples/flow_classify/flow_classify.c:170: first defined here
collect2: error: ld returned 1 exit status
[2877/2914] Linking target examples/dpdk-eventdev_pipeline
[2878/2914] Linking target examples/dpdk-distributor
[2879/2914] Linking target examples/dpdk-ethtool
[2880/2914] Linking target examples/dpdk-bbdev_app
[2881/2914] Linking target examples/dpdk-hotplug_mp
[2882/2914] Linking target examples/dpdk-vhost_crypto
[2883/2914] Linking target examples/dpdk-link_status_interrupt
[2884/2914] Linking target examples/dpdk-l2fwd-event
[2885/2914] Linking target examples/dpdk-kni
[2886/2914] Linking target examples/dpdk-mp_client
[2887/2914] Linking target examples/dpdk-ipv4_multicast
[2888/2914] Linking target examples/dpdk-l3fwd-acl
[2889/2914] Linking target examples/dpdk-mp_server
[2890/2914] Linking target examples/dpdk-l3fwd-power
[2891/2914] Linking target examples/dpdk-l3fwd
[2892/2914] Linking target examples/dpdk-l3fwd-graph
[2893/2914] Linking target examples/dpdk-bond
ninja: build stopped: subcommand failed.
==== End log output ====
Ubuntu 18.04 ARM
Kernel: 5.4.0-53-generic
Compiler: gcc 9.3
RHEL8
Kernel: 4.18.0-240.10.1.el8_3.x86_64
Compiler: gcc 8.3.1 20191121 (Red Hat 8.3.1-5)
Fedora 32
Kernel: 4.18.0-240.10.1.el8_3.x86_64
Compiler: gcc 10.2.1
Ubuntu 18.04
Kernel: 4.18.0-240.10.1.el8_3.x86_64
Compiler: gcc 7.5.0-3ubuntu1~18.04
CentOS 8
Kernel: 4.18.0-240.10.1.el8_3.x86_64
Compiler: gcc 8.3.1 20191121 (Red Hat 8.3.1-5)
Ubuntu 20.04
Kernel: 4.18.0-240.10.1.el8_3.x86_64
Compiler: gcc 9.3.0-17ubuntu1~20.04
RHEL 7
Kernel: 4.18.0-240.10.1.el8_3.x86_64
Compiler: gcc 4.8.5 20150623 (Red Hat 4.8.5-44)
Arch Linux
Kernel: 4.18.0-240.10.1.el8_3.x86_64
Compiler: gcc 10.2.0
CentOS Stream 8
Kernel: 4.18.0-240.10.1.el8_3.x86_64
Compiler: gcc 8.4.1 20200928
Fedora 31
Kernel: 4.18.0-240.10.1.el8_3.x86_64
Compiler: gcc 9.3.1
openSUSE Leap 15
Kernel: 4.18.0-240.10.1.el8_3.x86_64
Compiler: gcc 7.5.0
To view detailed results, visit:
https://lab.dpdk.org/results/dashboard/patchsets/16887/
UNH-IOL DPDK Community Lab
To manage your email subscriptions, visit:
https://lab.dpdk.org/results/dashboard/preferences/subscriptions/
More information about the test-report
mailing list