[dpdk-test-report] |WARNING| pw96604-96605 [PATCH] [2/2] net: macro to extract MAC address bytes
dpdklab at iol.unh.edu
dpdklab at iol.unh.edu
Tue Aug 3 23:48:02 CEST 2021
Test-Label: iol-abi-testing
Test-Status: WARNING
http://dpdk.org/patch/96605
_Testing issues_
Submitter: Aman Singh <aman.deep.singh at intel.com>
Date: Tuesday, August 03 2021 09:51:17
DPDK git baseline: Repo:dpdk
Branch: master
CommitID:31a2db5a177649f4b979e148c89d9f248c0ca97a
96604-96605 --> testing fail
Test environment and result as below:
+------------------------------------+----------+
| Environment | abi_test |
+====================================+==========+
| FreeBSD 13 | FAIL |
+------------------------------------+----------+
| Ubuntu 20.04 ARM | FAIL |
+------------------------------------+----------+
| Ubuntu 18.04 | FAIL |
+------------------------------------+----------+
| Ubuntu 20.04 | FAIL |
+------------------------------------+----------+
| Fedora 32 | FAIL |
+------------------------------------+----------+
| CentOS Stream 8 | FAIL |
+------------------------------------+----------+
| RHEL 7 | FAIL |
+------------------------------------+----------+
| RHEL8 | FAIL |
+------------------------------------+----------+
| CentOS 8 | FAIL |
+------------------------------------+----------+
| Arch Linux | FAIL |
+------------------------------------+----------+
| Fedora 31 | FAIL |
+------------------------------------+----------+
| openSUSE Leap 15 | FAIL |
+------------------------------------+----------+
| Fedora 33 | FAIL |
+------------------------------------+----------+
| Fedora 34 | FAIL |
+------------------------------------+----------+
| Ubuntu 20.04 ARM cross-compilation | FAIL |
+------------------------------------+----------+
| Fedora 34 clang | FAIL |
+------------------------------------+----------+
==== 20 line log output for Fedora 34 clang (abi_test): ====
[2873/3085] Compiling C object examples/dpdk-fips_validation.p/fips_validation_fips_validation_tdes.c.o
[2874/3085] Compiling C object examples/dpdk-fips_validation.p/fips_validation_fips_validation_gcm.c.o
[2875/3085] Compiling C object app/test/dpdk-test.p/test_trace_perf.c.o
[2876/3085] Compiling C object examples/dpdk-eventdev_pipeline.p/eventdev_pipeline_pipeline_worker_generic.c.o
[2877/3085] Compiling C object examples/dpdk-fips_validation.p/fips_validation_main.c.o
[2878/3085] Compiling C object app/test/dpdk-test.p/test_memcpy_perf.c.o
[2879/3085] Compiling C object examples/dpdk-fips_validation.p/fips_validation_fips_validation_cmac.c.o
[2880/3085] Compiling C object examples/dpdk-fips_validation.p/fips_validation_fips_validation_xts.c.o
[2881/3085] Compiling C object examples/dpdk-eventdev_pipeline.p/eventdev_pipeline_pipeline_worker_tx.c.o
[2882/3085] Compiling C object examples/dpdk-bbdev_app.p/bbdev_app_main.c.o
[2883/3085] Compiling C object app/test/dpdk-test.p/test_link_bonding_mode4.c.o
[2884/3085] Compiling C object app/test/dpdk-test.p/virtual_pmd.c.o
[2885/3085] Compiling C object examples/dpdk-distributor.p/distributor_main.c.o
[2886/3085] Compiling C object app/test/dpdk-test.p/test_ring.c.o
[2887/3085] Compiling C object app/test/dpdk-test.p/test_ring_perf.c.o
[2888/3085] Compiling C object drivers/libtmp_rte_event_octeontx2.a.p/event_octeontx2_otx2_worker.c.o
[2889/3085] Compiling C object drivers/libtmp_rte_event_octeontx2.a.p/event_octeontx2_otx2_worker_dual.c.o
ninja: build stopped: subcommand failed.
==== Creating reference DPDK ABI
==== Checking ABI
==== End log output ====
FreeBSD 13
Kernel: 13.0
Compiler: clang 11.0.1
Ubuntu 20.04 ARM
Kernel: 5.4.0-53-generic
Compiler: gcc 9.3
Ubuntu 18.04
Kernel: 4.18.0-240.10.1.el8_3.x86_64
Compiler: gcc 7.5.0-3ubuntu1~18.04
Ubuntu 20.04
Kernel: 4.18.0-240.10.1.el8_3.x86_64
Compiler: gcc 9.3.0-17ubuntu1~20.04
Fedora 32
Kernel: 4.18.0-240.10.1.el8_3.x86_64
Compiler: gcc 10.2.1
CentOS Stream 8
Kernel: 4.18.0-240.10.1.el8_3.x86_64
Compiler: gcc 8.4.1 20200928
RHEL 7
Kernel: 4.18.0-240.10.1.el8_3.x86_64
Compiler: gcc 4.8.5 20150623 (Red Hat 4.8.5-44)
RHEL8
Kernel: 4.18.0-240.10.1.el8_3.x86_64
Compiler: gcc 8.3.1 20191121 (Red Hat 8.3.1-5)
CentOS 8
Kernel: 4.18.0-240.10.1.el8_3.x86_64
Compiler: gcc 8.3.1 20191121 (Red Hat 8.3.1-5)
Arch Linux
Kernel: 5.4.0-73-generic
Compiler: gcc 11.1.0
Fedora 31
Kernel: 4.18.0-240.10.1.el8_3.x86_64
Compiler: gcc 9.3.1
openSUSE Leap 15
Kernel: 4.18.0-240.10.1.el8_3.x86_64
Compiler: gcc 7.5.0
Fedora 33
Kernel: 5.4.0-72-generic
Compiler: gcc 10.3.1 20210422 (Red Hat 10.3.1-1)
Fedora 34
Kernel: 5.4.0-72-generic
Compiler: gcc 11.1.1 20210428 (Red Hat 11.1.1-1)
Ubuntu 20.04 ARM cross-compilation
Kernel: 5.4.0-72-generic
Compiler: aarch64-linux-gnu-gcc (Ubuntu 9.3.0-17ubuntu1~20.04) 9.3.0
Fedora 34 clang
Kernel: 5.4.0-72-generic
Compiler: clang 12.0.0 (Fedora 12.0.0-0.3.rc1.fc34)
To view detailed results, visit:
https://lab.dpdk.org/results/dashboard/patchsets/18104/
UNH-IOL DPDK Community Lab
To manage your email subscriptions, visit:
https://lab.dpdk.org/results/dashboard/preferences/subscriptions/
More information about the test-report
mailing list