[dpdk-test-report] |FAILURE| pw96604-96605 [PATCH] [2/2] net: macro to extract MAC address bytes

dpdklab at iol.unh.edu dpdklab at iol.unh.edu
Wed Aug 4 03:25:50 CEST 2021


Test-Label: iol-x86_64-compile-testing
Test-Status: FAILURE
http://dpdk.org/patch/96605

_Testing issues_

Submitter: Aman Singh <aman.deep.singh at intel.com>
Date: Tuesday, August 03 2021 09:51:17 
DPDK git baseline: Repo:dpdk
  Branch: master
  CommitID:31a2db5a177649f4b979e148c89d9f248c0ca97a

96604-96605 --> testing fail

Test environment and result as below:

+---------------------+--------------------+----------------------+-------------------+
|     Environment     | dpdk_meson_compile | dpdk_mingw64_compile | dpdk_compile_spdk |
+=====================+====================+======================+===================+
| Windows Server 2019 | FAIL               | PASS                 | SKIPPED           |
+---------------------+--------------------+----------------------+-------------------+
| FreeBSD 13          | PASS               | SKIPPED              | SKIPPED           |
+---------------------+--------------------+----------------------+-------------------+
| Ubuntu 18.04        | PASS               | SKIPPED              | FAIL              |
+---------------------+--------------------+----------------------+-------------------+
| Fedora 31           | PASS               | SKIPPED              | SKIPPED           |
+---------------------+--------------------+----------------------+-------------------+
| openSUSE Leap 15    | PASS               | SKIPPED              | SKIPPED           |
+---------------------+--------------------+----------------------+-------------------+
| Arch Linux          | PASS               | SKIPPED              | SKIPPED           |
+---------------------+--------------------+----------------------+-------------------+
| Fedora 34           | PASS               | SKIPPED              | SKIPPED           |
+---------------------+--------------------+----------------------+-------------------+
| CentOS Stream 8     | PASS               | SKIPPED              | SKIPPED           |
+---------------------+--------------------+----------------------+-------------------+
| CentOS 8            | PASS               | SKIPPED              | SKIPPED           |
+---------------------+--------------------+----------------------+-------------------+
| Fedora 33           | PASS               | SKIPPED              | SKIPPED           |
+---------------------+--------------------+----------------------+-------------------+
| Fedora 32           | PASS               | SKIPPED              | SKIPPED           |
+---------------------+--------------------+----------------------+-------------------+
| Ubuntu 20.04        | PASS               | SKIPPED              | SKIPPED           |
+---------------------+--------------------+----------------------+-------------------+
| RHEL8               | PASS               | SKIPPED              | SKIPPED           |
+---------------------+--------------------+----------------------+-------------------+
| RHEL 7              | PASS               | SKIPPED              | SKIPPED           |
+---------------------+--------------------+----------------------+-------------------+
| Alpine              | PASS               | SKIPPED              | SKIPPED           |
+---------------------+--------------------+----------------------+-------------------+
| Fedora 34 clang     | PASS               | SKIPPED              | SKIPPED           |
+---------------------+--------------------+----------------------+-------------------+

==== 20 line log output for Ubuntu 18.04 (dpdk_compile_spdk): ====
}
^
[2922/3113] Compiling C object examples/dpdk-fips_validation.p/fips_validation_fips_validation_aes.c.o
[2923/3113] Compiling C object examples/dpdk-fips_validation.p/fips_validation_fips_validation_hmac.c.o
[2924/3113] Compiling C object examples/dpdk-eventdev_pipeline.p/eventdev_pipeline_main.c.o
[2925/3113] Compiling C object examples/dpdk-cmdline.p/cmdline_commands.c.o
[2926/3113] Compiling C object examples/dpdk-fips_validation.p/fips_validation_fips_validation_tdes.c.o
[2927/3113] Compiling C object examples/dpdk-fips_validation.p/fips_validation_fips_validation_gcm.c.o
[2928/3113] Compiling C object examples/dpdk-ethtool.p/ethtool_ethtool-app_ethapp.c.o
[2929/3113] Compiling C object examples/dpdk-ethtool.p/ethtool_lib_rte_ethtool.c.o
[2930/3113] Compiling C object examples/dpdk-ethtool.p/ethtool_ethtool-app_main.c.o
[2931/3113] Compiling C object examples/dpdk-eventdev_pipeline.p/eventdev_pipeline_pipeline_worker_generic.c.o
[2932/3113] Compiling C object examples/dpdk-fips_validation.p/fips_validation_fips_validation.c.o
[2933/3113] Compiling C object examples/dpdk-eventdev_pipeline.p/eventdev_pipeline_pipeline_worker_tx.c.o
[2934/3113] Compiling C object examples/dpdk-fips_validation.p/fips_validation_fips_validation_cmac.c.o
[2935/3113] Compiling C object examples/dpdk-fips_validation.p/fips_validation_fips_validation_ccm.c.o
[2936/3113] Compiling C object examples/dpdk-fips_validation.p/fips_validation_main.c.o
[2937/3113] Compiling C object examples/dpdk-bbdev_app.p/bbdev_app_main.c.o
[2938/3113] Compiling C object examples/dpdk-distributor.p/distributor_main.c.o
ninja: build stopped: subcommand failed.
==== End log output ====

Windows Server 2019
	Kernel: 10.0
	Compiler: clang 9.0 and gcc 8.1.0 (MinGW)

FreeBSD 13
	Kernel: 13.0
	Compiler: clang 11.0.1

Ubuntu 18.04
	Kernel: 4.18.0-240.10.1.el8_3.x86_64
	Compiler: gcc 7.5.0-3ubuntu1~18.04

Fedora 31
	Kernel: 4.18.0-240.10.1.el8_3.x86_64
	Compiler: gcc 9.3.1

openSUSE Leap 15
	Kernel: 4.18.0-240.10.1.el8_3.x86_64
	Compiler: gcc 7.5.0

Arch Linux
	Kernel: 5.4.0-73-generic
	Compiler: gcc 11.1.0

Fedora 34
	Kernel: 5.4.0-72-generic
	Compiler: gcc 11.1.1 20210428 (Red Hat 11.1.1-1)

CentOS Stream 8
	Kernel: 4.18.0-240.10.1.el8_3.x86_64
	Compiler: gcc 8.4.1 20200928

CentOS 8
	Kernel: 4.18.0-240.10.1.el8_3.x86_64
	Compiler: gcc 8.3.1 20191121 (Red Hat 8.3.1-5)

Fedora 33
	Kernel: 5.4.0-72-generic
	Compiler: gcc 10.3.1 20210422 (Red Hat 10.3.1-1)

Fedora 32
	Kernel: 4.18.0-240.10.1.el8_3.x86_64
	Compiler: gcc 10.2.1

Ubuntu 20.04
	Kernel: 4.18.0-240.10.1.el8_3.x86_64
	Compiler: gcc 9.3.0-17ubuntu1~20.04

RHEL8
	Kernel: 4.18.0-240.10.1.el8_3.x86_64
	Compiler: gcc 8.3.1 20191121 (Red Hat 8.3.1-5)

RHEL 7
	Kernel: 4.18.0-240.10.1.el8_3.x86_64
	Compiler: gcc 4.8.5 20150623 (Red Hat 4.8.5-44)

Alpine
	Kernel: 5.4.0-73-generic
	Compiler: gcc (Alpine 10.3.1_git20210424) 10.3.1 20210424

Fedora 34 clang
	Kernel: 5.4.0-72-generic
	Compiler: clang 12.0.0 (Fedora 12.0.0-0.3.rc1.fc34)

To view detailed results, visit:
https://lab.dpdk.org/results/dashboard/patchsets/18104/

UNH-IOL DPDK Community Lab

To manage your email subscriptions, visit: 
https://lab.dpdk.org/results/dashboard/preferences/subscriptions/


More information about the test-report mailing list