[dpdk-test-report] |WARNING| pw96851-96852 [PATCH] [v2, 2/2] drivers/raw: remove octeontx2-ep driver
dpdklab at iol.unh.edu
dpdklab at iol.unh.edu
Thu Aug 12 17:45:55 CEST 2021
Test-Label: iol-abi-testing
Test-Status: WARNING
http://dpdk.org/patch/96852
_Testing issues_
Submitter: Radha Mohan Chintakuntla <radhac at marvell.com>
Date: Thursday, August 12 2021 12:38:29
DPDK git baseline: Repo:dpdk
Branch: master
CommitID:4ac3f3d76e9507a93bcf48d165ffd3a1faba08bb
96851-96852 --> testing fail
Test environment and result as below:
+------------------------------------+----------+
| Environment | abi_test |
+====================================+==========+
| Ubuntu 20.04 ARM | FAIL |
+------------------------------------+----------+
| FreeBSD 13 | FAIL |
+------------------------------------+----------+
| Ubuntu 20.04 | FAIL |
+------------------------------------+----------+
| Ubuntu 18.04 | FAIL |
+------------------------------------+----------+
| RHEL 7 | FAIL |
+------------------------------------+----------+
| RHEL8 | FAIL |
+------------------------------------+----------+
| CentOS 8 | FAIL |
+------------------------------------+----------+
| Arch Linux | FAIL |
+------------------------------------+----------+
| Fedora 32 | FAIL |
+------------------------------------+----------+
| CentOS Stream 8 | FAIL |
+------------------------------------+----------+
| Fedora 31 | FAIL |
+------------------------------------+----------+
| Fedora 33 | FAIL |
+------------------------------------+----------+
| openSUSE Leap 15 | FAIL |
+------------------------------------+----------+
| Ubuntu 20.04 ARM cross-compilation | FAIL |
+------------------------------------+----------+
| Fedora 34 | FAIL |
+------------------------------------+----------+
| Fedora 34 clang | FAIL |
+------------------------------------+----------+
==== 20 line log output for Fedora 34 clang (abi_test): ====
Installing /home-local/jenkins-local/jenkins-agent/workspace/Generic-DPDK-Compile-ABI at 5/dpdk/drivers/raw/ioat/rte_idxd_rawdev_fns.h to /home-local/jenkins-local/jenkins-agent/workspace/Generic-DPDK-Compile-ABI at 5/build_install/usr/local/include/
Installing /home-local/jenkins-local/jenkins-agent/workspace/Generic-DPDK-Compile-ABI at 5/dpdk/drivers/raw/ioat/rte_ioat_rawdev_fns.h to /home-local/jenkins-local/jenkins-agent/workspace/Generic-DPDK-Compile-ABI at 5/build_install/usr/local/include/
Installing /home-local/jenkins-local/jenkins-agent/workspace/Generic-DPDK-Compile-ABI at 5/dpdk/drivers/raw/ntb/rte_pmd_ntb.h to /home-local/jenkins-local/jenkins-agent/workspace/Generic-DPDK-Compile-ABI at 5/build_install/usr/local/include/
Installing /home-local/jenkins-local/jenkins-agent/workspace/Generic-DPDK-Compile-ABI at 5/dpdk/drivers/crypto/scheduler/rte_cryptodev_scheduler.h to /home-local/jenkins-local/jenkins-agent/workspace/Generic-DPDK-Compile-ABI at 5/build_install/usr/local/include/
Installing /home-local/jenkins-local/jenkins-agent/workspace/Generic-DPDK-Compile-ABI at 5/dpdk/drivers/crypto/scheduler/rte_cryptodev_scheduler_operations.h to /home-local/jenkins-local/jenkins-agent/workspace/Generic-DPDK-Compile-ABI at 5/build_install/usr/local/include/
Installing /home-local/jenkins-local/jenkins-agent/workspace/Generic-DPDK-Compile-ABI at 5/dpdk/drivers/event/dlb2/rte_pmd_dlb2.h to /home-local/jenkins-local/jenkins-agent/workspace/Generic-DPDK-Compile-ABI at 5/build_install/usr/local/include/
Installing /home-local/jenkins-local/jenkins-agent/workspace/Generic-DPDK-Compile-ABI at 5/dpdk/drivers/baseband/acc100/rte_acc100_cfg.h to /home-local/jenkins-local/jenkins-agent/workspace/Generic-DPDK-Compile-ABI at 5/build_install/usr/local/include/
Installing /home-local/jenkins-local/jenkins-agent/workspace/Generic-DPDK-Compile-ABI at 5/dpdk/drivers/baseband/fpga_5gnr_fec/rte_pmd_fpga_5gnr_fec.h to /home-local/jenkins-local/jenkins-agent/workspace/Generic-DPDK-Compile-ABI at 5/build_install/usr/local/include/
Installing /home-local/jenkins-local/jenkins-agent/workspace/Generic-DPDK-Compile-ABI at 5/dpdk/usertools/dpdk-devbind.py to /home-local/jenkins-local/jenkins-agent/workspace/Generic-DPDK-Compile-ABI at 5/build_install/usr/local/bin
Installing /home-local/jenkins-local/jenkins-agent/workspace/Generic-DPDK-Compile-ABI at 5/dpdk/usertools/dpdk-pmdinfo.py to /home-local/jenkins-local/jenkins-agent/workspace/Generic-DPDK-Compile-ABI at 5/build_install/usr/local/bin
Installing /home-local/jenkins-local/jenkins-agent/workspace/Generic-DPDK-Compile-ABI at 5/dpdk/usertools/dpdk-telemetry.py to /home-local/jenkins-local/jenkins-agent/workspace/Generic-DPDK-Compile-ABI at 5/build_install/usr/local/bin
Installing /home-local/jenkins-local/jenkins-agent/workspace/Generic-DPDK-Compile-ABI at 5/dpdk/usertools/dpdk-hugepages.py to /home-local/jenkins-local/jenkins-agent/workspace/Generic-DPDK-Compile-ABI at 5/build_install/usr/local/bin
Installing /home-local/jenkins-local/jenkins-agent/workspace/Generic-DPDK-Compile-ABI at 5/dpdk/build/rte_build_config.h to /home-local/jenkins-local/jenkins-agent/workspace/Generic-DPDK-Compile-ABI at 5/build_install/usr/local/include
Installing /home-local/jenkins-local/jenkins-agent/workspace/Generic-DPDK-Compile-ABI at 5/dpdk/build/meson-private/libdpdk-libs.pc to /home-local/jenkins-local/jenkins-agent/workspace/Generic-DPDK-Compile-ABI at 5/build_install/usr/local/lib64/pkgconfig
Installing /home-local/jenkins-local/jenkins-agent/workspace/Generic-DPDK-Compile-ABI at 5/dpdk/build/meson-private/libdpdk.pc to /home-local/jenkins-local/jenkins-agent/workspace/Generic-DPDK-Compile-ABI at 5/build_install/usr/local/lib64/pkgconfig
Running custom install script '/bin/sh /home-local/jenkins-local/jenkins-agent/workspace/Generic-DPDK-Compile-ABI at 5/dpdk/config/../buildtools/symlink-drivers-solibs.sh lib64 dpdk/pmds-21.3'
==== Compiled DPDK with debugoptimized
==== Creating reference DPDK ABI
==== Finished
==== Checking ABI
==== End log output ====
Ubuntu 20.04 ARM
Kernel: 5.4.0-53-generic
Compiler: gcc 9.3
FreeBSD 13
Kernel: 13.0
Compiler: clang 11.0.1
Ubuntu 20.04
Kernel: 4.18.0-240.10.1.el8_3.x86_64
Compiler: gcc 9.3.0-17ubuntu1~20.04
Ubuntu 18.04
Kernel: 4.18.0-240.10.1.el8_3.x86_64
Compiler: gcc 7.5.0-3ubuntu1~18.04
RHEL 7
Kernel: 4.18.0-240.10.1.el8_3.x86_64
Compiler: gcc 4.8.5 20150623 (Red Hat 4.8.5-44)
RHEL8
Kernel: 4.18.0-240.10.1.el8_3.x86_64
Compiler: gcc 8.3.1 20191121 (Red Hat 8.3.1-5)
CentOS 8
Kernel: 4.18.0-240.10.1.el8_3.x86_64
Compiler: gcc 8.3.1 20191121 (Red Hat 8.3.1-5)
Arch Linux
Kernel: 5.4.0-73-generic
Compiler: gcc 11.1.0
Fedora 32
Kernel: 4.18.0-240.10.1.el8_3.x86_64
Compiler: gcc 10.2.1
CentOS Stream 8
Kernel: 4.18.0-240.10.1.el8_3.x86_64
Compiler: gcc 8.4.1 20200928
Fedora 31
Kernel: 4.18.0-240.10.1.el8_3.x86_64
Compiler: gcc 9.3.1
Fedora 33
Kernel: 5.4.0-72-generic
Compiler: gcc 10.3.1 20210422 (Red Hat 10.3.1-1)
openSUSE Leap 15
Kernel: 4.18.0-240.10.1.el8_3.x86_64
Compiler: gcc 7.5.0
Ubuntu 20.04 ARM cross-compilation
Kernel: 5.4.0-72-generic
Compiler: aarch64-linux-gnu-gcc (Ubuntu 9.3.0-17ubuntu1~20.04) 9.3.0
Fedora 34
Kernel: 5.4.0-72-generic
Compiler: gcc 11.1.1 20210428 (Red Hat 11.1.1-1)
Fedora 34 clang
Kernel: 5.4.0-72-generic
Compiler: clang 12.0.0 (Fedora 12.0.0-0.3.rc1.fc34)
To view detailed results, visit:
https://lab.dpdk.org/results/dashboard/patchsets/18186/
UNH-IOL DPDK Community Lab
To manage your email subscriptions, visit:
https://lab.dpdk.org/results/dashboard/preferences/subscriptions/
More information about the test-report
mailing list