[dpdk-test-report] |FAILURE| pw96859-96868 [PATCH] [v2, 10/10] ipsec: add ol_flags support

dpdklab at iol.unh.edu dpdklab at iol.unh.edu
Thu Aug 12 21:38:07 CEST 2021


Test-Label: iol-x86_64-unit-testing
Test-Status: FAILURE
http://dpdk.org/patch/96868

_Testing issues_

Submitter: Radu Nicolau <radu.nicolau at intel.com>
Date: Thursday, August 12 2021 13:54:25 
DPDK git baseline: Repo:dpdk
  Branch: master
  CommitID:4ac3f3d76e9507a93bcf48d165ffd3a1faba08bb

96859-96868 --> testing fail

Test environment and result as below:

+------------------+----------------+
|   Environment    | dpdk_unit_test |
+==================+================+
| Ubuntu 18.04     | PASS           |
+------------------+----------------+
| Arch Linux       | FAIL           |
+------------------+----------------+
| CentOS 8         | PASS           |
+------------------+----------------+
| CentOS Stream 8  | PASS           |
+------------------+----------------+
| Fedora 32        | FAIL           |
+------------------+----------------+
| Fedora 31        | PASS           |
+------------------+----------------+
| RHEL 7           | PASS           |
+------------------+----------------+
| openSUSE Leap 15 | PASS           |
+------------------+----------------+
| RHEL8            | PASS           |
+------------------+----------------+
| Fedora 34        | FAIL           |
+------------------+----------------+
| Ubuntu 20.04     | PASS           |
+------------------+----------------+
| Fedora 33        | FAIL           |
+------------------+----------------+
| Fedora 34 clang  | FAIL           |
+------------------+----------------+

==== 20 line log output for Fedora 34 clang (dpdk_unit_test): ====
/usr/bin/ld: lib/librte_ipsec.a.p/ipsec_sa.c.o:(.bss+0x10): multiple definition of `salt_union'; lib/librte_ipsec.a.p/ipsec_esp_inb.c.o:(.bss+0x0): first defined here
clang-12: error: linker command failed with exit code 1 (use -v to see invocation)
[1003/2891] Linking target lib/librte_vhost.so.21.3
[1004/2891] Compiling C object drivers/libtmp_rte_net_atlantic.a.p/net_atlantic_rte_pmd_atlantic.c.o
[1005/2891] Linking target drivers/librte_net_af_packet.so.21.3
[1006/2891] Compiling C object drivers/libtmp_rte_net_atlantic.a.p/net_atlantic_hw_atl_hw_atl_utils.c.o
[1007/2891] Generating symbol file lib/librte_metrics.so.21.3.p/librte_metrics.so.21.3.symbols
[1008/2891] Compiling C object drivers/libtmp_rte_net_atlantic.a.p/net_atlantic_atl_ethdev.c.o
[1009/2891] Generating symbol file lib/librte_eventdev.so.21.3.p/librte_eventdev.so.21.3.symbols
[1010/2891] Generating symbol file lib/librte_lpm.so.21.3.p/librte_lpm.so.21.3.symbols
[1011/2891] Generating symbol file lib/librte_gso.so.21.3.p/librte_gso.so.21.3.symbols
[1012/2891] Generating symbol file lib/librte_ip_frag.so.21.3.p/librte_ip_frag.so.21.3.symbols
[1013/2891] Generating symbol file lib/librte_kni.so.21.3.p/librte_kni.so.21.3.symbols
[1014/2891] Compiling C object drivers/libtmp_rte_net_txgbe.a.p/net_txgbe_txgbe_ethdev.c.o
[1015/2891] Compiling C object drivers/libtmp_rte_net_atlantic.a.p/net_atlantic_atl_rxtx.c.o
[1016/2891] Compiling C object drivers/libtmp_rte_net_avp.a.p/net_avp_avp_ethdev.c.o
[1017/2891] Generating rte_common_mlx5.sym_chk with a custom command (wrapped by meson to capture output)
[1018/2891] Generating rte_common_cnxk.sym_chk with a custom command (wrapped by meson to capture output)
[1019/2891] Generating rte_common_sfc_efx.sym_chk with a custom command (wrapped by meson to capture output)
ninja: build stopped: subcommand failed.
==== End log output ====

Ubuntu 18.04
	Kernel: 4.18.0-240.10.1.el8_3.x86_64
	Compiler: gcc 7.5.0-3ubuntu1~18.04

Arch Linux
	Kernel: 5.4.0-73-generic
	Compiler: gcc 11.1.0

CentOS 8
	Kernel: 4.18.0-240.10.1.el8_3.x86_64
	Compiler: gcc 8.3.1 20191121 (Red Hat 8.3.1-5)

CentOS Stream 8
	Kernel: 4.18.0-240.10.1.el8_3.x86_64
	Compiler: gcc 8.4.1 20200928

Fedora 32
	Kernel: 4.18.0-240.10.1.el8_3.x86_64
	Compiler: gcc 10.2.1

Fedora 31
	Kernel: 4.18.0-240.10.1.el8_3.x86_64
	Compiler: gcc 9.3.1

RHEL 7
	Kernel: 4.18.0-240.10.1.el8_3.x86_64
	Compiler: gcc 4.8.5 20150623 (Red Hat 4.8.5-44)

openSUSE Leap 15
	Kernel: 4.18.0-240.10.1.el8_3.x86_64
	Compiler: gcc 7.5.0

RHEL8
	Kernel: 4.18.0-240.10.1.el8_3.x86_64
	Compiler: gcc 8.3.1 20191121 (Red Hat 8.3.1-5)

Fedora 34
	Kernel: 5.4.0-72-generic
	Compiler: gcc 11.1.1 20210428 (Red Hat 11.1.1-1)

Ubuntu 20.04
	Kernel: 4.18.0-240.10.1.el8_3.x86_64
	Compiler: gcc 9.3.0-17ubuntu1~20.04

Fedora 33
	Kernel: 5.4.0-72-generic
	Compiler: gcc 10.3.1 20210422 (Red Hat 10.3.1-1)

Fedora 34 clang
	Kernel: 5.4.0-72-generic
	Compiler: clang 12.0.0 (Fedora 12.0.0-0.3.rc1.fc34)

To view detailed results, visit:
https://lab.dpdk.org/results/dashboard/patchsets/18188/

UNH-IOL DPDK Community Lab

To manage your email subscriptions, visit: 
https://lab.dpdk.org/results/dashboard/preferences/subscriptions/


More information about the test-report mailing list