[dpdk-test-report] |FAILURE| [GIT MASTER] b1d36cf828771e28eb0130b59dcf606c2a0bc94d

dpdklab at iol.unh.edu dpdklab at iol.unh.edu
Mon Aug 16 15:38:01 CEST 2021


_Testing issues_

Branch: tags/v20.11

b1d36cf828771e28eb0130b59dcf606c2a0bc94d --> testing fail

Test environment and result as below:

+------------------+----------------+
|   Environment    | dpdk_unit_test |
+==================+================+
| Arch Linux       | FAIL           |
+------------------+----------------+
| Ubuntu 18.04     | PASS           |
+------------------+----------------+
| CentOS 8         | PASS           |
+------------------+----------------+
| CentOS Stream 8  | PASS           |
+------------------+----------------+
| Ubuntu 20.04 ARM | PASS           |
+------------------+----------------+
| Fedora 32        | PASS           |
+------------------+----------------+
| Fedora 31        | PASS           |
+------------------+----------------+
| openSUSE Leap 15 | FAIL           |
+------------------+----------------+

==== 20 line log output for openSUSE Leap 15 (dpdk_unit_test): ====
85/94 DPDK:fast-tests / thash_autotest                 OK                0.15s
86/94 DPDK:fast-tests / trace_autotest                 OK                0.14s
87/94 DPDK:fast-tests / telemetry_json_autotest        OK                0.17s
88/94 DPDK:fast-tests / telemetry_data_autotest        OK                0.17s
89/94 DPDK:fast-tests / ring_pmd_autotest              OK                0.14s
90/94 DPDK:fast-tests / event_eth_tx_adapter_autotest  OK                0.51s
91/94 DPDK:fast-tests / bitratestats_autotest          OK                0.16s
92/94 DPDK:fast-tests / latencystats_autotest          OK                0.15s
93/94 DPDK:fast-tests / pdump_autotest                 OK                5.21s
94/94 DPDK:fast-tests / compressdev_autotest           SKIP              0.15s   exit status 77


Ok:                 88
Expected Fail:      0
Fail:               1
Unexpected Pass:    0
Skipped:            5
Timeout:            0

Full log written to /home-local/jenkins-local/jenkins-agent/workspace/Generic-Unit-Test-DPDK/dpdk/build/meson-logs/testlog.txt
==== End log output ====

Arch Linux
	Kernel: 5.4.0-73-generic
	Compiler: gcc 11.1.0

Ubuntu 18.04
	Kernel: 4.18.0-240.10.1.el8_3.x86_64
	Compiler: gcc 7.5.0-3ubuntu1~18.04

CentOS 8
	Kernel: 4.18.0-240.10.1.el8_3.x86_64
	Compiler: gcc 8.3.1 20191121 (Red Hat 8.3.1-5)

CentOS Stream 8
	Kernel: 4.18.0-240.10.1.el8_3.x86_64
	Compiler: gcc 8.4.1 20200928

Ubuntu 20.04 ARM
	Kernel: 5.4.0-53-generic
	Compiler: gcc 9.3

Fedora 32
	Kernel: 4.18.0-240.10.1.el8_3.x86_64
	Compiler: gcc 10.2.1

Fedora 31
	Kernel: 4.18.0-240.10.1.el8_3.x86_64
	Compiler: gcc 9.3.1

openSUSE Leap 15
	Kernel: 4.18.0-240.10.1.el8_3.x86_64
	Compiler: gcc 7.5.0

To view detailed results, visit:
https://lab.dpdk.org/results/dashboard/tarballs/16271/

UNH-IOL DPDK Community Lab

To manage your email subscriptions, visit: 
https://lab.dpdk.org/results/dashboard/preferences/subscriptions/


More information about the test-report mailing list