[dpdk-test-report] |WARNING| [GIT MASTER] fcdf769a989e564937185d47624df7622d489b5e

dpdklab at iol.unh.edu dpdklab at iol.unh.edu
Tue Aug 24 17:48:50 CEST 2021


_Testing issues_

Branch: tags/v20.11

fcdf769a989e564937185d47624df7622d489b5e --> testing fail

Test environment and result as below:

+------------------------------------+----------+
|            Environment             | abi_test |
+====================================+==========+
| Ubuntu 20.04 ARM                   | FAIL     |
+------------------------------------+----------+
| FreeBSD 13                         | FAIL     |
+------------------------------------+----------+
| Ubuntu 18.04                       | FAIL     |
+------------------------------------+----------+
| Arch Linux                         | FAIL     |
+------------------------------------+----------+
| RHEL 7                             | FAIL     |
+------------------------------------+----------+
| CentOS Stream 8                    | FAIL     |
+------------------------------------+----------+
| Ubuntu 20.04                       | FAIL     |
+------------------------------------+----------+
| Fedora 31                          | FAIL     |
+------------------------------------+----------+
| CentOS 8                           | FAIL     |
+------------------------------------+----------+
| Fedora 32                          | FAIL     |
+------------------------------------+----------+
| RHEL8                              | FAIL     |
+------------------------------------+----------+
| Ubuntu 20.04 ARM cross-compilation | FAIL     |
+------------------------------------+----------+
| openSUSE Leap 15                   | FAIL     |
+------------------------------------+----------+
| Fedora 33                          | FAIL     |
+------------------------------------+----------+
| Fedora 34                          | FAIL     |
+------------------------------------+----------+
| Fedora 34 clang                    | FAIL     |
+------------------------------------+----------+

==== 20 line log output for Fedora 34 clang (abi_test): ====
Error: ABI issue reported for 'abidiff --suppr dpdk/devtools/libabigail.abignore --no-added-syms --headers-dir1 /reference/include --headers-dir2 build_install/include /reference/dump/librte_power.dump build_install/dump/librte_power.dump'

ABIDIFF_ABI_CHANGE, this change requires a review (abidiff flagged this as a potential issue).

Error: can't find librte_raw_cnxk_bphy.dump in build_install
Functions changes summary: 0 Removed, 0 Changed (1 filtered out), 0 Added function
Variables changes summary: 0 Removed, 0 Changed, 0 Added variable

Functions changes summary: 0 Removed, 0 Changed (9 filtered out), 0 Added functions
Variables changes summary: 0 Removed, 0 Changed, 0 Added variable

Functions changes summary: 0 Removed (6 filtered out), 0 Changed, 0 Added functions
Variables changes summary: 0 Removed (1 filtered out), 0 Changed (2 filtered out), 0 Added variables

Functions changes summary: 0 Removed (2 filtered out), 0 Changed, 0 Added functions
Variables changes summary: 0 Removed, 0 Changed, 0 Added variable

Functions changes summary: 0 Removed (5 filtered out), 0 Changed (4 filtered out), 0 Added functions
Variables changes summary: 0 Removed, 0 Changed, 0 Added variable

==== End log output ====

Ubuntu 20.04 ARM
	Kernel: 5.4.0-53-generic
	Compiler: gcc 9.3

FreeBSD 13
	Kernel: 13.0
	Compiler: clang 11.0.1

Ubuntu 18.04
	Kernel: 4.18.0-240.10.1.el8_3.x86_64
	Compiler: gcc 7.5.0-3ubuntu1~18.04

Arch Linux
	Kernel: 5.4.0-73-generic
	Compiler: gcc 11.1.0

RHEL 7
	Kernel: 4.18.0-240.10.1.el8_3.x86_64
	Compiler: gcc 4.8.5 20150623 (Red Hat 4.8.5-44)

CentOS Stream 8
	Kernel: 4.18.0-240.10.1.el8_3.x86_64
	Compiler: gcc 8.4.1 20200928

Ubuntu 20.04
	Kernel: 4.18.0-240.10.1.el8_3.x86_64
	Compiler: gcc 9.3.0-17ubuntu1~20.04

Fedora 31
	Kernel: 4.18.0-240.10.1.el8_3.x86_64
	Compiler: gcc 9.3.1

CentOS 8
	Kernel: 4.18.0-240.10.1.el8_3.x86_64
	Compiler: gcc 8.3.1 20191121 (Red Hat 8.3.1-5)

Fedora 32
	Kernel: 4.18.0-240.10.1.el8_3.x86_64
	Compiler: gcc 10.2.1

RHEL8
	Kernel: 4.18.0-240.10.1.el8_3.x86_64
	Compiler: gcc 8.3.1 20191121 (Red Hat 8.3.1-5)

Ubuntu 20.04 ARM cross-compilation
	Kernel: 5.4.0-72-generic
	Compiler: aarch64-linux-gnu-gcc (Ubuntu 9.3.0-17ubuntu1~20.04) 9.3.0

openSUSE Leap 15
	Kernel: 4.18.0-240.10.1.el8_3.x86_64
	Compiler: gcc 7.5.0

Fedora 33
	Kernel: 5.4.0-72-generic
	Compiler: gcc 10.3.1 20210422 (Red Hat 10.3.1-1)

Fedora 34
	Kernel: 5.4.0-72-generic
	Compiler: gcc 11.1.1 20210428 (Red Hat 11.1.1-1)

Fedora 34 clang
	Kernel: 5.4.0-72-generic
	Compiler: clang 12.0.0 (Fedora 12.0.0-0.3.rc1.fc34)

To view detailed results, visit:
https://lab.dpdk.org/results/dashboard/tarballs/16381/

UNH-IOL DPDK Community Lab

To manage your email subscriptions, visit: 
https://lab.dpdk.org/results/dashboard/preferences/subscriptions/


More information about the test-report mailing list