[dpdk-test-report] |FAILURE| pw97525-97527 [PATCH] [3/3] doc: remove old deprecation notice for i40e

dpdklab at iol.unh.edu dpdklab at iol.unh.edu
Mon Aug 30 17:34:03 CEST 2021


Test-Label: iol-testing
Test-Status: FAILURE
http://dpdk.org/patch/97527

_Testing issues_

Submitter: Robin Zhang <robinx.zhang at intel.com>
Date: Monday, August 30 2021 03:12:15 
DPDK git baseline: Repo:dpdk
  Branch: master
  CommitID:bfd3c352eb9729f97da6e1b5e958e121542d8a8d

97525-97527 --> testing fail

Test environment and result as below:

+----------------------+----------------+----------------+--------------+
|     Environment      | spdk_unit_test | dpdk_unit_test | lpm_autotest |
+======================+================+================+==============+
| Fedora30             | PASS           | SKIPPED        | SKIPPED      |
+----------------------+----------------+----------------+--------------+
| Arch Linux           | SKIPPED        | PASS           | SKIPPED      |
+----------------------+----------------+----------------+--------------+
| Ubuntu 18.04         | SKIPPED        | PASS           | SKIPPED      |
+----------------------+----------------+----------------+--------------+
| CentOS 8             | SKIPPED        | PASS           | SKIPPED      |
+----------------------+----------------+----------------+--------------+
| CentOS Stream 8      | SKIPPED        | PASS           | SKIPPED      |
+----------------------+----------------+----------------+--------------+
| Fedora 32            | SKIPPED        | PASS           | SKIPPED      |
+----------------------+----------------+----------------+--------------+
| Fedora 31            | SKIPPED        | PASS           | SKIPPED      |
+----------------------+----------------+----------------+--------------+
| openSUSE Leap 15     | SKIPPED        | PASS           | SKIPPED      |
+----------------------+----------------+----------------+--------------+
| RHEL 7               | SKIPPED        | PASS           | SKIPPED      |
+----------------------+----------------+----------------+--------------+
| Ubuntu 20.04         | SKIPPED        | PASS           | SKIPPED      |
+----------------------+----------------+----------------+--------------+
| RHEL8                | SKIPPED        | PASS           | SKIPPED      |
+----------------------+----------------+----------------+--------------+
| Fedora 34            | SKIPPED        | PASS           | SKIPPED      |
+----------------------+----------------+----------------+--------------+
| Fedora 33            | SKIPPED        | PASS           | SKIPPED      |
+----------------------+----------------+----------------+--------------+
| Fedora 34 clang      | SKIPPED        | PASS           | SKIPPED      |
+----------------------+----------------+----------------+--------------+
| Ubuntu 20.04 ARM     | SKIPPED        | FAIL           | SKIPPED      |
+----------------------+----------------+----------------+--------------+
| Ubuntu 20.04 ARM SVE | SKIPPED        | SKIPPED        | PASS         |
+----------------------+----------------+----------------+--------------+

==== 20 line log output for Ubuntu 20.04 ARM (dpdk_unit_test): ====
85/94 DPDK:fast-tests / thash_autotest                 OK                1.13s
86/94 DPDK:fast-tests / trace_autotest                 OK                1.98s
87/94 DPDK:fast-tests / telemetry_json_autotest        OK                2.19s
88/94 DPDK:fast-tests / telemetry_data_autotest        OK                1.01s
89/94 DPDK:fast-tests / ring_pmd_autotest              OK                1.18s
90/94 DPDK:fast-tests / event_eth_tx_adapter_autotest  OK                5.03s
91/94 DPDK:fast-tests / bitratestats_autotest          OK                1.12s
92/94 DPDK:fast-tests / latencystats_autotest          OK                1.09s
93/94 DPDK:fast-tests / pdump_autotest                 OK                6.03s
94/94 DPDK:fast-tests / compressdev_autotest           SKIP              2.32s   exit status 77


Ok:                 89
Expected Fail:      0
Fail:               1
Unexpected Pass:    0
Skipped:            4
Timeout:            0

Full log written to /home-local/jenkins-local/jenkins-agent/workspace/Arm-gigabyte-Unit-Test-DPDK/dpdk/build/meson-logs/testlog.txt
==== End log output ====

Fedora30
	Kernel: 5.0.9-301.fc30.x86_64
	Compiler: gcc 9.2.1 20190827

Arch Linux
	Kernel: 5.4.0-73-generic
	Compiler: gcc 11.1.0

Ubuntu 18.04
	Kernel: 4.18.0-240.10.1.el8_3.x86_64
	Compiler: gcc 7.5.0-3ubuntu1~18.04

CentOS 8
	Kernel: 4.18.0-240.10.1.el8_3.x86_64
	Compiler: gcc 8.3.1 20191121 (Red Hat 8.3.1-5)

CentOS Stream 8
	Kernel: 4.18.0-240.10.1.el8_3.x86_64
	Compiler: gcc 8.4.1 20200928

Fedora 32
	Kernel: 4.18.0-240.10.1.el8_3.x86_64
	Compiler: gcc 10.2.1

Fedora 31
	Kernel: 4.18.0-240.10.1.el8_3.x86_64
	Compiler: gcc 9.3.1

openSUSE Leap 15
	Kernel: 4.18.0-240.10.1.el8_3.x86_64
	Compiler: gcc 7.5.0

RHEL 7
	Kernel: 4.18.0-240.10.1.el8_3.x86_64
	Compiler: gcc 4.8.5 20150623 (Red Hat 4.8.5-44)

Ubuntu 20.04
	Kernel: 4.18.0-240.10.1.el8_3.x86_64
	Compiler: gcc 9.3.0-17ubuntu1~20.04

RHEL8
	Kernel: 4.18.0-240.10.1.el8_3.x86_64
	Compiler: gcc 8.3.1 20191121 (Red Hat 8.3.1-5)

Fedora 34
	Kernel: 5.4.0-72-generic
	Compiler: gcc 11.1.1 20210428 (Red Hat 11.1.1-1)

Fedora 33
	Kernel: 5.4.0-72-generic
	Compiler: gcc 10.3.1 20210422 (Red Hat 10.3.1-1)

Fedora 34 clang
	Kernel: 5.4.0-72-generic
	Compiler: clang 12.0.0 (Fedora 12.0.0-0.3.rc1.fc34)

Ubuntu 20.04 ARM
	Kernel: 5.4.0-53-generic
	Compiler: gcc 9.3

Ubuntu 20.04 ARM SVE
	Kernel: 5.4.0-80-generic
	Compiler: gcc 10.3.0 (Ubuntu 10.3.0-1ubuntu1~20.04)

To view detailed results, visit:
https://lab.dpdk.org/results/dashboard/patchsets/18402/

UNH-IOL DPDK Community Lab

To manage your email subscriptions, visit: 
https://lab.dpdk.org/results/dashboard/preferences/subscriptions/


More information about the test-report mailing list