|FAILURE| pw104927-104946 [PATCH] [17/17] net/pfe: fix for 32 bit and PPC compilation
    dpdklab at iol.unh.edu 
    dpdklab at iol.unh.edu
       
    Mon Dec  6 14:18:14 CET 2021
    
    
  
Test-Label: iol-x86_64-compile-testing
Test-Status: FAILURE
http://dpdk.org/patch/104946
_Testing issues_
Submitter: Nipun Gupta <nipun.gupta at nxp.com>
Date: Monday, December 06 2021 12:18:24 
DPDK git baseline: Repo:dpdk
  Branch: master
  CommitID:042f5a355a57b31a9f87824173a9d427b21abdb8
104927-104946 --> testing fail
Test environment and result as below:
+---------------------+--------------------+----------------------+
|     Environment     | dpdk_meson_compile | dpdk_mingw64_compile |
+=====================+====================+======================+
| Windows Server 2019 | PASS               | PASS                 |
+---------------------+--------------------+----------------------+
| FreeBSD 13          | PASS               | SKIPPED              |
+---------------------+--------------------+----------------------+
| openSUSE Leap 15    | PASS               | SKIPPED              |
+---------------------+--------------------+----------------------+
| Ubuntu 18.04        | PASS               | SKIPPED              |
+---------------------+--------------------+----------------------+
| CentOS 8            | PASS               | SKIPPED              |
+---------------------+--------------------+----------------------+
| Ubuntu 20.04        | PASS               | SKIPPED              |
+---------------------+--------------------+----------------------+
| Fedora 32           | PASS               | SKIPPED              |
+---------------------+--------------------+----------------------+
| CentOS Stream 8     | PASS               | SKIPPED              |
+---------------------+--------------------+----------------------+
| RHEL 7              | PASS               | SKIPPED              |
+---------------------+--------------------+----------------------+
| Fedora 31           | PASS               | SKIPPED              |
+---------------------+--------------------+----------------------+
| Alpine              | FAIL               | SKIPPED              |
+---------------------+--------------------+----------------------+
| RHEL8               | PASS               | SKIPPED              |
+---------------------+--------------------+----------------------+
| Arch Linux          | PASS               | SKIPPED              |
+---------------------+--------------------+----------------------+
| Fedora 34           | PASS               | SKIPPED              |
+---------------------+--------------------+----------------------+
| Fedora 33           | PASS               | SKIPPED              |
+---------------------+--------------------+----------------------+
| Fedora 34 clang     | PASS               | SKIPPED              |
+---------------------+--------------------+----------------------+
==== 20 line log output for Alpine (dpdk_meson_compile): ====
|
cc1: all warnings being treated as errors
[1515/2900] Compiling C object drivers/libtmp_rte_net_bnxt.a.p/net_bnxt_bnxt_stats.c.o
[1516/2900] Compiling C object drivers/libtmp_rte_net_bnxt.a.p/net_bnxt_bnxt_rxq.c.o
[1517/2900] Compiling C object drivers/libtmp_rte_net_bnxt.a.p/net_bnxt_bnxt_rxr.c.o
[1518/2900] Compiling C object drivers/libtmp_rte_net_bnxt.a.p/net_bnxt_bnxt_util.c.o
[1519/2900] Compiling C object drivers/libtmp_rte_net_bnxt.a.p/net_bnxt_bnxt_txq.c.o
[1520/2900] Compiling C object drivers/libtmp_rte_net_bnxt.a.p/net_bnxt_bnxt_txr.c.o
[1521/2900] Compiling C object drivers/libtmp_rte_net_dpaa2.a.p/net_dpaa2_dpaa2_tm.c.o
[1522/2900] Generating rte_net_cxgbe.pmd.c with a custom command
[1523/2900] Compiling C object drivers/libtmp_rte_crypto_dpaa2_sec.a.p/crypto_dpaa2_sec_dpaa2_sec_dpseci.c.o
[1524/2900] Compiling C object drivers/libtmp_rte_net_dpaa.a.p/net_dpaa_dpaa_ethdev.c.o
[1525/2900] Generating rte_net_cnxk.pmd.c with a custom command
[1526/2900] Compiling C object drivers/libtmp_rte_net_dpaa2.a.p/net_dpaa2_dpaa2_ethdev.c.o
[1527/2900] Generating rte_net_bond.sym_chk with a custom command (wrapped by meson to capture output)
[1528/2900] Compiling C object drivers/libtmp_rte_net_dpaa2.a.p/net_dpaa2_dpaa2_rxtx.c.o
[1529/2900] Generating rte_net_ixgbe.sym_chk with a custom command (wrapped by meson to capture output)
[1530/2900] Compiling C object drivers/libtmp_rte_net_dpaa2.a.p/net_dpaa2_dpaa2_flow.c.o
[1531/2900] Generating rte_net_i40e.sym_chk with a custom command (wrapped by meson to capture output)
ninja: build stopped: subcommand failed.
==== End log output ====
Windows Server 2019
	Kernel: 10.0
	Compiler: clang 9.0 and gcc 8.1.0 (MinGW)
FreeBSD 13
	Kernel: 13.0
	Compiler: clang 11.0.1
openSUSE Leap 15
	Kernel: 4.18.0-240.10.1.el8_3.x86_64
	Compiler: gcc 7.5.0
Ubuntu 18.04
	Kernel: 4.18.0-240.10.1.el8_3.x86_64
	Compiler: gcc 7.5.0-3ubuntu1~18.04
CentOS 8
	Kernel: 4.18.0-240.10.1.el8_3.x86_64
	Compiler: gcc 8.3.1 20191121 (Red Hat 8.3.1-5)
Ubuntu 20.04
	Kernel: 4.18.0-240.10.1.el8_3.x86_64
	Compiler: gcc 9.3.0-17ubuntu1~20.04
Fedora 32
	Kernel: 4.18.0-240.10.1.el8_3.x86_64
	Compiler: gcc 10.2.1
CentOS Stream 8
	Kernel: 4.18.0-240.10.1.el8_3.x86_64
	Compiler: gcc 8.4.1 20200928
RHEL 7
	Kernel: 4.18.0-240.10.1.el8_3.x86_64
	Compiler: gcc 4.8.5 20150623 (Red Hat 4.8.5-44)
Fedora 31
	Kernel: 4.18.0-240.10.1.el8_3.x86_64
	Compiler: gcc 9.3.1
Alpine
	Kernel: 5.4.0-73-generic
	Compiler: gcc (Alpine 10.3.1_git20210424) 10.3.1 20210424
RHEL8
	Kernel: 4.18.0-240.10.1.el8_3.x86_64
	Compiler: gcc 8.3.1 20191121 (Red Hat 8.3.1-5)
Arch Linux
	Kernel: 5.4.0-73-generic
	Compiler: gcc 11.1.0
Fedora 34
	Kernel: 5.4.0-72-generic
	Compiler: gcc 11.1.1 20210428 (Red Hat 11.1.1-1)
Fedora 33
	Kernel: 5.4.0-72-generic
	Compiler: gcc 10.3.1 20210422 (Red Hat 10.3.1-1)
Fedora 34 clang
	Kernel: 5.4.0-72-generic
	Compiler: clang 12.0.0 (Fedora 12.0.0-0.3.rc1.fc34)
To view detailed results, visit:
https://lab.dpdk.org/results/dashboard/patchsets/20449/
UNH-IOL DPDK Community Lab
To manage your email subscriptions, visit: 
https://lab.dpdk.org/results/dashboard/preferences/subscriptions/
    
    
More information about the test-report
mailing list