[dpdk-test-report] |FAILURE| pw86992-86996 [PATCH] [7/7] net/dpaa2: add support to configure dpdmux max Rx frame len

dpdklab at iol.unh.edu dpdklab at iol.unh.edu
Mon Feb 1 04:27:15 CET 2021


Test-Label: iol-testing
Test-Status: FAILURE
http://dpdk.org/patch/86996

_Testing issues_

Submitter: Hemant Agrawal <hemant.agrawal at nxp.com>
Date: Wednesday, January 20 2021 14:27:22 
DPDK git baseline: Repo:dpdk
  Branch: master
  CommitID:b49c677a0d2400a42cb03717cde02d4516ce6ead

86992-86996 --> testing fail

Test environment and result as below:

+---------------------+----------------------+----------------+--------------------+-------------------+
|     Environment     | dpdk_mingw64_compile | dpdk_unit_test | dpdk_meson_compile | dpdk_compile_spdk |
+=====================+======================+================+====================+===================+
| Windows Server 2019 | FAIL                 | SKIPPED        | PASS               | SKIPPED           |
+---------------------+----------------------+----------------+--------------------+-------------------+
| Ubuntu 18.04        | SKIPPED              | FAIL           | PASS               | PASS              |
+---------------------+----------------------+----------------+--------------------+-------------------+
| Ubuntu 18.04 ARM    | SKIPPED              | PASS           | PASS               | SKIPPED           |
+---------------------+----------------------+----------------+--------------------+-------------------+
| FreeBSD 11.2        | SKIPPED              | SKIPPED        | FAIL               | SKIPPED           |
+---------------------+----------------------+----------------+--------------------+-------------------+
| CentOS 8            | SKIPPED              | SKIPPED        | PASS               | SKIPPED           |
+---------------------+----------------------+----------------+--------------------+-------------------+
| openSUSE Leap 15    | SKIPPED              | SKIPPED        | PASS               | SKIPPED           |
+---------------------+----------------------+----------------+--------------------+-------------------+
| Arch Linux          | SKIPPED              | SKIPPED        | PASS               | SKIPPED           |
+---------------------+----------------------+----------------+--------------------+-------------------+
| Fedora 31           | SKIPPED              | SKIPPED        | PASS               | PASS              |
+---------------------+----------------------+----------------+--------------------+-------------------+

==== 20 line log output for Windows Server 2019 (dpdk_mingw64_compile): ====
{standard input}:1665: Error: invalid register for .seh_savexmm
{standard input}:1667: Error: invalid register for .seh_savexmm
{standard input}:1669: Error: invalid register for .seh_savexmm
{standard input}:1671: Error: invalid register for .seh_savexmm
{standard input}:1673: Error: invalid register for .seh_savexmm
{standard input}:1675: Error: invalid register for .seh_savexmm
{standard input}:1677: Error: invalid register for .seh_savexmm
{standard input}:1679: Error: invalid register for .seh_savexmm
{standard input}:1681: Error: invalid register for .seh_savexmm
{standard input}:2257: Error: invalid register for .seh_savexmm
{standard input}:2258: Error: invalid register for .seh_savexmm
{standard input}:2259: Error: invalid register for .seh_savexmm
{standard input}:2260: Error: invalid register for .seh_savexmm
{standard input}:2261: Error: invalid register for .seh_savexmm
{standard input}:2262: Error: invalid register for .seh_savexmm
{standard input}:2263: Error: invalid register for .seh_savexmm
{standard input}:2264: Error: invalid register for .seh_savexmm
{standard input}:2265: Error: invalid register for .seh_savexmm
[186/229] Compiling C object drivers/a715181@@tmp_rte_net_i40e at sta/net_i40e_i40e_ethdev.c.obj.
ninja: build stopped: subcommand failed.
==== End log output ====

Windows Server 2019
	Kernel: 10.0
	Compiler: clang 9.0 and gcc 8.1.0 (MinGW)

Ubuntu 18.04
	Kernel: 4.15.0-generic
	Compiler: gcc 7.5

Ubuntu 18.04 ARM
	Kernel: 5.4.0-53-generic
	Compiler: gcc 9.3

FreeBSD 11.2
	Kernel: 11.2
	Compiler: gcc 8.3

CentOS 8
	Kernel: 4.18.0.el8_0
	Compiler: gcc 8.3.1

openSUSE Leap 15
	Kernel: 4.12.14
	Compiler: gcc 7.4.1

Arch Linux
	Kernel: latest
	Compiler: gcc latest

Fedora 31
	Kernel: 5.3.16
	Compiler: gcc 9.2.1

To view detailed results, visit:
https://lab.dpdk.org/results/dashboard/patchsets/15306/

UNH-IOL DPDK Community Lab

To manage your email subscriptions, visit: 
https://lab.dpdk.org/results/dashboard/preferences/subscriptions/


More information about the test-report mailing list