[dpdk-test-report] |FAILURE| pw87564 [PATCH] vhost: avoid iotlb mempool allocation while IOMMU disabled
dpdklab at iol.unh.edu
dpdklab at iol.unh.edu
Tue Feb 2 20:19:25 CET 2021
Test-Label: iol-testing
Test-Status: FAILURE
http://dpdk.org/patch/87564
_Testing issues_
Submitter: Wan Junjie <wanjunjie at bytedance.com>
Date: Friday, January 29 2021 16:39:09
DPDK git baseline: Repo:dpdk
Branch: master
CommitID:b49c677a0d2400a42cb03717cde02d4516ce6ead
87564 --> testing fail
Test environment and result as below:
+---------------------+----------------------+----------------+--------------------+-------------------+
| Environment | dpdk_mingw64_compile | dpdk_unit_test | dpdk_meson_compile | dpdk_compile_spdk |
+=====================+======================+================+====================+===================+
| Windows Server 2019 | FAIL | SKIPPED | PASS | SKIPPED |
+---------------------+----------------------+----------------+--------------------+-------------------+
| Ubuntu 18.04 | SKIPPED | FAIL | PASS | PASS |
+---------------------+----------------------+----------------+--------------------+-------------------+
| Ubuntu 18.04 ARM | SKIPPED | PASS | PASS | SKIPPED |
+---------------------+----------------------+----------------+--------------------+-------------------+
| FreeBSD 11.2 | SKIPPED | SKIPPED | PASS | SKIPPED |
+---------------------+----------------------+----------------+--------------------+-------------------+
| CentOS 8 | SKIPPED | SKIPPED | PASS | SKIPPED |
+---------------------+----------------------+----------------+--------------------+-------------------+
| openSUSE Leap 15 | SKIPPED | SKIPPED | PASS | SKIPPED |
+---------------------+----------------------+----------------+--------------------+-------------------+
| Arch Linux | SKIPPED | SKIPPED | PASS | SKIPPED |
+---------------------+----------------------+----------------+--------------------+-------------------+
| Fedora 31 | SKIPPED | SKIPPED | PASS | PASS |
+---------------------+----------------------+----------------+--------------------+-------------------+
==== 20 line log output for Windows Server 2019 (dpdk_mingw64_compile): ====
{standard input}:3548: Error: invalid register for .seh_savexmm
{standard input}:4116: Error: invalid register for .seh_savexmm
{standard input}:4117: Error: invalid register for .seh_savexmm
{standard input}:4118: Error: invalid register for .seh_savexmm
{standard input}:4119: Error: invalid register for .seh_savexmm
{standard input}:4120: Error: invalid register for .seh_savexmm
{standard input}:4121: Error: invalid register for .seh_savexmm
{standard input}:4122: Error: invalid register for .seh_savexmm
{standard input}:4123: Error: invalid register for .seh_savexmm
{standard input}:4124: Error: invalid register for .seh_savexmm
{standard input}:4125: Error: invalid register for .seh_savexmm
{standard input}:4126: Error: invalid register for .seh_savexmm
{standard input}:4127: Error: invalid register for .seh_savexmm
{standard input}:4128: Error: invalid register for .seh_savexmm
[175/229] Compiling C object drivers/net/i40e/base/2660ee9@@i40e_base at sta/i40e_nvm.c.obj.
[176/229] Compiling C object drivers/a715181@@tmp_rte_net_i40e at sta/net_i40e_i40e_ethdev_vf.c.obj.
[177/229] Compiling C object drivers/a715181@@tmp_rte_net_i40e at sta/net_i40e_i40e_fdir.c.obj.
[178/229] Compiling C object drivers/a715181@@tmp_rte_net_i40e at sta/net_i40e_i40e_rxtx.c.obj.
[179/229] Compiling C object drivers/a715181@@tmp_rte_net_i40e at sta/net_i40e_i40e_flow.c.obj.
ninja: build stopped: subcommand failed.
==== End log output ====
Windows Server 2019
Kernel: 10.0
Compiler: clang 9.0 and gcc 8.1.0 (MinGW)
Ubuntu 18.04
Kernel: 4.15.0-generic
Compiler: gcc 7.5
Ubuntu 18.04 ARM
Kernel: 5.4.0-53-generic
Compiler: gcc 9.3
FreeBSD 11.2
Kernel: 11.2
Compiler: gcc 8.3
CentOS 8
Kernel: 4.18.0.el8_0
Compiler: gcc 8.3.1
openSUSE Leap 15
Kernel: 4.12.14
Compiler: gcc 7.4.1
Arch Linux
Kernel: latest
Compiler: gcc latest
Fedora 31
Kernel: 5.3.16
Compiler: gcc 9.2.1
To view detailed results, visit:
https://lab.dpdk.org/results/dashboard/patchsets/15441/
UNH-IOL DPDK Community Lab
To manage your email subscriptions, visit:
https://lab.dpdk.org/results/dashboard/preferences/subscriptions/
More information about the test-report
mailing list