[dpdk-test-report] |FAILURE| pw87497 [PATCH] net/mlx5: fix 32-bit arch compilation issue
    dpdklab at iol.unh.edu 
    dpdklab at iol.unh.edu
       
    Tue Feb  2 20:53:21 CET 2021
    
    
  
Test-Label: iol-testing
Test-Status: FAILURE
http://dpdk.org/patch/87497
_Testing issues_
Submitter: Alexander Kozyrev <akozyrev at nvidia.com>
Date: Thursday, January 28 2021 17:10:30 
DPDK git baseline: Repo:dpdk-next-net-mlx
  Branch: master
  CommitID:435820e3d9d9af7f41c20bf5edd8e0c868674a38
87497 --> testing fail
Test environment and result as below:
+---------------------+----------------------+----------------+--------------------+-------------------+
|     Environment     | dpdk_mingw64_compile | dpdk_unit_test | dpdk_meson_compile | dpdk_compile_spdk |
+=====================+======================+================+====================+===================+
| Windows Server 2019 | FAIL                 | SKIPPED        | FAIL               | SKIPPED           |
+---------------------+----------------------+----------------+--------------------+-------------------+
| Ubuntu 18.04        | SKIPPED              | PASS           | PASS               | PASS              |
+---------------------+----------------------+----------------+--------------------+-------------------+
| Ubuntu 18.04 ARM    | SKIPPED              | PASS           | PASS               | SKIPPED           |
+---------------------+----------------------+----------------+--------------------+-------------------+
| FreeBSD 11.2        | SKIPPED              | SKIPPED        | PASS               | SKIPPED           |
+---------------------+----------------------+----------------+--------------------+-------------------+
| CentOS 8            | SKIPPED              | SKIPPED        | PASS               | SKIPPED           |
+---------------------+----------------------+----------------+--------------------+-------------------+
| openSUSE Leap 15    | SKIPPED              | SKIPPED        | PASS               | SKIPPED           |
+---------------------+----------------------+----------------+--------------------+-------------------+
| Arch Linux          | SKIPPED              | SKIPPED        | PASS               | SKIPPED           |
+---------------------+----------------------+----------------+--------------------+-------------------+
| Fedora 31           | SKIPPED              | SKIPPED        | PASS               | PASS              |
+---------------------+----------------------+----------------+--------------------+-------------------+
==== 20 line log output for Windows Server 2019 (dpdk_mingw64_compile): ====
{standard input}:1605: Error: invalid register for .seh_savexmm
{standard input}:1665: Error: invalid register for .seh_savexmm
{standard input}:1667: Error: invalid register for .seh_savexmm
{standard input}:1669: Error: invalid register for .seh_savexmm
{standard input}:1671: Error: invalid register for .seh_savexmm
{standard input}:1673: Error: invalid register for .seh_savexmm
{standard input}:1675: Error: invalid register for .seh_savexmm
{standard input}:1677: Error: invalid register for .seh_savexmm
{standard input}:1679: Error: invalid register for .seh_savexmm
{standard input}:1681: Error: invalid register for .seh_savexmm
{standard input}:2257: Error: invalid register for .seh_savexmm
{standard input}:2258: Error: invalid register for .seh_savexmm
{standard input}:2259: Error: invalid register for .seh_savexmm
{standard input}:2260: Error: invalid register for .seh_savexmm
{standard input}:2261: Error: invalid register for .seh_savexmm
{standard input}:2262: Error: invalid register for .seh_savexmm
{standard input}:2263: Error: invalid register for .seh_savexmm
{standard input}:2264: Error: invalid register for .seh_savexmm
{standard input}:2265: Error: invalid register for .seh_savexmm
ninja: build stopped: subcommand failed.
==== End log output ====
Windows Server 2019
	Kernel: 10.0
	Compiler: clang 9.0 and gcc 8.1.0 (MinGW)
Ubuntu 18.04
	Kernel: 4.15.0-generic
	Compiler: gcc 7.5
Ubuntu 18.04 ARM
	Kernel: 5.4.0-53-generic
	Compiler: gcc 9.3
FreeBSD 11.2
	Kernel: 11.2
	Compiler: gcc 8.3
CentOS 8
	Kernel: 4.18.0.el8_0
	Compiler: gcc 8.3.1
openSUSE Leap 15
	Kernel: 4.12.14
	Compiler: gcc 7.4.1
Arch Linux
	Kernel: latest
	Compiler: gcc latest
Fedora 31
	Kernel: 5.3.16
	Compiler: gcc 9.2.1
To view detailed results, visit:
https://lab.dpdk.org/results/dashboard/patchsets/15427/
UNH-IOL DPDK Community Lab
To manage your email subscriptions, visit: 
https://lab.dpdk.org/results/dashboard/preferences/subscriptions/
    
    
More information about the test-report
mailing list