[dpdk-test-report] |WARNING| pw87715 [PATCH] [v1] net/ice: fix QinQ switch rule input set mask
dpdklab at iol.unh.edu
dpdklab at iol.unh.edu
Fri Feb 5 02:27:36 CET 2021
Test-Label: iol-testing
Test-Status: WARNING
http://dpdk.org/patch/87715
_Testing issues_
Submitter: Yuying Zhang <yuying.zhang at intel.com>
Date: Thursday, February 04 2021 06:07:51
DPDK git baseline: Repo:dpdk
Branch: master
CommitID:f6f2d22401531ba06f5a1c967853453b0cbb8a9d
87715 --> testing fail
Test environment and result as below:
+---------------------+----------------------+--------------------+----------------+-------------------+
| Environment | dpdk_mingw64_compile | dpdk_meson_compile | dpdk_unit_test | dpdk_compile_spdk |
+=====================+======================+====================+================+===================+
| Windows Server 2019 | FAIL | PASS | SKIPPED | SKIPPED |
+---------------------+----------------------+--------------------+----------------+-------------------+
| FreeBSD 11.2 | SKIPPED | PASS | SKIPPED | SKIPPED |
+---------------------+----------------------+--------------------+----------------+-------------------+
| Ubuntu 18.04 | SKIPPED | PASS | PASS | FAIL |
+---------------------+----------------------+--------------------+----------------+-------------------+
| CentOS 8 | SKIPPED | PASS | SKIPPED | SKIPPED |
+---------------------+----------------------+--------------------+----------------+-------------------+
| openSUSE Leap 15 | SKIPPED | PASS | SKIPPED | SKIPPED |
+---------------------+----------------------+--------------------+----------------+-------------------+
| Arch Linux | SKIPPED | PASS | SKIPPED | SKIPPED |
+---------------------+----------------------+--------------------+----------------+-------------------+
| Fedora 31 | SKIPPED | PASS | SKIPPED | FAIL |
+---------------------+----------------------+--------------------+----------------+-------------------+
| Ubuntu 18.04 ARM | SKIPPED | PASS | PASS | SKIPPED |
+---------------------+----------------------+--------------------+----------------+-------------------+
==== 20 line log output for Windows Server 2019 (dpdk_mingw64_compile): ====
{standard input}:3548: Error: invalid register for .seh_savexmm
{standard input}:4116: Error: invalid register for .seh_savexmm
{standard input}:4117: Error: invalid register for .seh_savexmm
{standard input}:4118: Error: invalid register for .seh_savexmm
{standard input}:4119: Error: invalid register for .seh_savexmm
{standard input}:4120: Error: invalid register for .seh_savexmm
{standard input}:4121: Error: invalid register for .seh_savexmm
{standard input}:4122: Error: invalid register for .seh_savexmm
{standard input}:4123: Error: invalid register for .seh_savexmm
{standard input}:4124: Error: invalid register for .seh_savexmm
{standard input}:4125: Error: invalid register for .seh_savexmm
{standard input}:4126: Error: invalid register for .seh_savexmm
{standard input}:4127: Error: invalid register for .seh_savexmm
{standard input}:4128: Error: invalid register for .seh_savexmm
[172/229] Compiling C object drivers/net/i40e/base/2660ee9@@i40e_base at sta/i40e_nvm.c.obj.
[173/229] Linking static target drivers/librte_bus_pci.a.
[174/229] Compiling C object drivers/a715181@@rte_bus_pci at sha/meson-generated_.._rte_bus_pci.pmd.c.obj.
[175/229] Compiling C object drivers/a715181@@tmp_rte_net_i40e at sta/net_i40e_i40e_rxtx.c.obj.
[176/229] Compiling C object drivers/a715181@@tmp_rte_net_i40e at sta/net_i40e_i40e_ethdev.c.obj.
ninja: build stopped: subcommand failed.
==== End log output ====
Windows Server 2019
Kernel: 10.0
Compiler: clang 9.0 and gcc 8.1.0 (MinGW)
FreeBSD 11.2
Kernel: 11.2
Compiler: gcc 8.3
Ubuntu 18.04
Kernel: 4.15.0-generic
Compiler: gcc 7.5
CentOS 8
Kernel: 4.18.0.el8_0
Compiler: gcc 8.3.1
openSUSE Leap 15
Kernel: 4.12.14
Compiler: gcc 7.4.1
Arch Linux
Kernel: latest
Compiler: gcc latest
Fedora 31
Kernel: 5.3.16
Compiler: gcc 9.2.1
Ubuntu 18.04 ARM
Kernel: 5.4.0-53-generic
Compiler: gcc 9.3
To view detailed results, visit:
https://lab.dpdk.org/results/dashboard/patchsets/15527/
UNH-IOL DPDK Community Lab
To manage your email subscriptions, visit:
https://lab.dpdk.org/results/dashboard/preferences/subscriptions/
More information about the test-report
mailing list