[dpdk-test-report] |WARNING| pw87748 [PATCH] devtools: select targets in build test

dpdklab at iol.unh.edu dpdklab at iol.unh.edu
Fri Feb 5 10:22:34 CET 2021


Test-Label: iol-testing
Test-Status: WARNING
http://dpdk.org/patch/87748

_Testing issues_

Submitter: David Marchand <david.marchand at redhat.com>
Date: Thursday, February 04 2021 13:34:35 
DPDK git baseline: Repo:dpdk
  Branch: master
  CommitID:f6f2d22401531ba06f5a1c967853453b0cbb8a9d

87748 --> testing fail

Test environment and result as below:

+---------------------+----------------------+--------------------+-------------------+----------------+
|     Environment     | dpdk_mingw64_compile | dpdk_meson_compile | dpdk_compile_spdk | dpdk_unit_test |
+=====================+======================+====================+===================+================+
| Windows Server 2019 | FAIL                 | PASS               | SKIPPED           | SKIPPED        |
+---------------------+----------------------+--------------------+-------------------+----------------+
| Ubuntu 18.04        | SKIPPED              | PASS               | FAIL              | PASS           |
+---------------------+----------------------+--------------------+-------------------+----------------+
| FreeBSD 11.2        | SKIPPED              | PASS               | SKIPPED           | SKIPPED        |
+---------------------+----------------------+--------------------+-------------------+----------------+
| CentOS 8            | SKIPPED              | PASS               | SKIPPED           | SKIPPED        |
+---------------------+----------------------+--------------------+-------------------+----------------+
| openSUSE Leap 15    | SKIPPED              | PASS               | SKIPPED           | SKIPPED        |
+---------------------+----------------------+--------------------+-------------------+----------------+
| Arch Linux          | SKIPPED              | PASS               | SKIPPED           | SKIPPED        |
+---------------------+----------------------+--------------------+-------------------+----------------+
| Fedora 31           | SKIPPED              | PASS               | FAIL              | SKIPPED        |
+---------------------+----------------------+--------------------+-------------------+----------------+
| Ubuntu 18.04 ARM    | SKIPPED              | PASS               | SKIPPED           | PASS           |
+---------------------+----------------------+--------------------+-------------------+----------------+

==== 20 line log output for Windows Server 2019 (dpdk_mingw64_compile): ====
{standard input}:3507: Error: invalid register for .seh_savexmm
{standard input}:3509: Error: invalid register for .seh_savexmm
{standard input}:3511: Error: invalid register for .seh_savexmm
{standard input}:3513: Error: invalid register for .seh_savexmm
{standard input}:3515: Error: invalid register for .seh_savexmm
{standard input}:3517: Error: invalid register for .seh_savexmm
{standard input}:3519: Error: invalid register for .seh_savexmm
{standard input}:3521: Error: invalid register for .seh_savexmm
{standard input}:4204: Error: invalid register for .seh_savexmm
{standard input}:4205: Error: invalid register for .seh_savexmm
{standard input}:4206: Error: invalid register for .seh_savexmm
{standard input}:4207: Error: invalid register for .seh_savexmm
{standard input}:4208: Error: invalid register for .seh_savexmm
{standard input}:4209: Error: invalid register for .seh_savexmm
{standard input}:4210: Error: invalid register for .seh_savexmm
{standard input}:4211: Error: invalid register for .seh_savexmm
{standard input}:4212: Error: invalid register for .seh_savexmm
{standard input}:4213: Error: invalid register for .seh_savexmm
{standard input}:4214: Error: invalid register for .seh_savexmm
ninja: build stopped: subcommand failed.
==== End log output ====

Windows Server 2019
	Kernel: 10.0
	Compiler: clang 9.0 and gcc 8.1.0 (MinGW)

Ubuntu 18.04
	Kernel: 4.15.0-generic
	Compiler: gcc 7.5

FreeBSD 11.2
	Kernel: 11.2
	Compiler: gcc 8.3

CentOS 8
	Kernel: 4.18.0.el8_0
	Compiler: gcc 8.3.1

openSUSE Leap 15
	Kernel: 4.12.14
	Compiler: gcc 7.4.1

Arch Linux
	Kernel: latest
	Compiler: gcc latest

Fedora 31
	Kernel: 5.3.16
	Compiler: gcc 9.2.1

Ubuntu 18.04 ARM
	Kernel: 5.4.0-53-generic
	Compiler: gcc 9.3

To view detailed results, visit:
https://lab.dpdk.org/results/dashboard/patchsets/15543/

UNH-IOL DPDK Community Lab

To manage your email subscriptions, visit: 
https://lab.dpdk.org/results/dashboard/preferences/subscriptions/


More information about the test-report mailing list