[dpdk-test-report] |WARNING| pw87810 [PATCH] [v4] doc: add new tables for rte flow items and actions support
    dpdklab at iol.unh.edu 
    dpdklab at iol.unh.edu
       
    Sun Feb  7 12:59:05 CET 2021
    
    
  
Test-Label: iol-testing
Test-Status: WARNING
http://dpdk.org/patch/87810
_Testing issues_
Submitter: Asaf Penso <asafp at nvidia.com>
Date: Sunday, February 07 2021 10:52:08 
DPDK git baseline: Repo:dpdk
  Branch: master
  CommitID:a69f94e934ccf9a6a6401e4f272cb2407783c2cb
87810 --> testing fail
Test environment and result as below:
+---------------------+----------------------+--------------------+----------------+-------------------+
|     Environment     | dpdk_mingw64_compile | dpdk_meson_compile | dpdk_unit_test | dpdk_compile_spdk |
+=====================+======================+====================+================+===================+
| Windows Server 2019 | PASS                 | PASS               | SKIPPED        | SKIPPED           |
+---------------------+----------------------+--------------------+----------------+-------------------+
| FreeBSD 11.2        | SKIPPED              | PASS               | SKIPPED        | SKIPPED           |
+---------------------+----------------------+--------------------+----------------+-------------------+
| CentOS 8            | SKIPPED              | PASS               | SKIPPED        | SKIPPED           |
+---------------------+----------------------+--------------------+----------------+-------------------+
| openSUSE Leap 15    | SKIPPED              | PASS               | SKIPPED        | SKIPPED           |
+---------------------+----------------------+--------------------+----------------+-------------------+
| Arch Linux          | SKIPPED              | PASS               | SKIPPED        | SKIPPED           |
+---------------------+----------------------+--------------------+----------------+-------------------+
| Ubuntu 18.04 ARM    | SKIPPED              | PASS               | PASS           | SKIPPED           |
+---------------------+----------------------+--------------------+----------------+-------------------+
| Fedora 31           | SKIPPED              | PASS               | SKIPPED        | FAIL              |
+---------------------+----------------------+--------------------+----------------+-------------------+
| Ubuntu 18.04        | SKIPPED              | PASS               | PASS           | FAIL              |
+---------------------+----------------------+--------------------+----------------+-------------------+
==== 20 line log output for Fedora 31 (dpdk_compile_spdk): ====
rte_power_pmd_mgmt.c:(.text+0xba): undefined reference to `rte_eth_get_monitor_addr'
/usr/bin/ld.bfd: /dpdk/build/lib/librte_power.a(librte_power_rte_power_pmd_mgmt.c.o): in function `rte_power_ethdev_pmgmt_queue_enable':
rte_power_pmd_mgmt.c:(.text.experimental+0x24): undefined reference to `rte_eth_dev_is_valid_port'
/usr/bin/ld.bfd: rte_power_pmd_mgmt.c:(.text.experimental+0x4f): undefined reference to `rte_eth_dev_info_get'
/usr/bin/ld.bfd: rte_power_pmd_mgmt.c:(.text.experimental+0x117): undefined reference to `rte_eth_add_rx_callback'
/usr/bin/ld.bfd: rte_power_pmd_mgmt.c:(.text.experimental+0x141): undefined reference to `rte_eth_get_monitor_addr'
/usr/bin/ld.bfd: rte_power_pmd_mgmt.c:(.text.experimental+0x18f): undefined reference to `rte_eth_add_rx_callback'
/usr/bin/ld.bfd: rte_power_pmd_mgmt.c:(.text.experimental+0x21e): undefined reference to `rte_eth_add_rx_callback'
/usr/bin/ld.bfd: rte_power_pmd_mgmt.c:(.text.experimental+0x36b): undefined reference to `rte_eth_dev_logtype'
/usr/bin/ld.bfd: /dpdk/build/lib/librte_power.a(librte_power_rte_power_pmd_mgmt.c.o): in function `rte_power_ethdev_pmgmt_queue_disable':
rte_power_pmd_mgmt.c:(.text.experimental+0x3bf): undefined reference to `rte_eth_dev_is_valid_port'
/usr/bin/ld.bfd: rte_power_pmd_mgmt.c:(.text.experimental+0x49f): undefined reference to `rte_eth_remove_rx_callback'
/usr/bin/ld.bfd: rte_power_pmd_mgmt.c:(.text.experimental+0x4d1): undefined reference to `rte_eth_remove_rx_callback'
/usr/bin/ld.bfd: rte_power_pmd_mgmt.c:(.text.experimental+0x4f9): undefined reference to `rte_eth_dev_logtype'
collect2: error: ld returned 1 exit status
make[3]: *** [/spdk/mk/spdk.app.mk:65: bdevperf] Error 1
make[2]: *** [/spdk/mk/spdk.subdirs.mk:44: bdevperf] Error 2
make[1]: *** [/spdk/mk/spdk.subdirs.mk:44: bdev] Error 2
make: *** [/spdk/mk/spdk.subdirs.mk:44: test] Error 2
[2] Error running command.
==== End log output ====
Windows Server 2019
	Kernel: 10.0
	Compiler: clang 9.0 and gcc 8.1.0 (MinGW)
FreeBSD 11.2
	Kernel: 11.2
	Compiler: gcc 8.3
CentOS 8
	Kernel: 4.18.0.el8_0
	Compiler: gcc 8.3.1
openSUSE Leap 15
	Kernel: 4.12.14
	Compiler: gcc 7.4.1
Arch Linux
	Kernel: latest
	Compiler: gcc latest
Ubuntu 18.04 ARM
	Kernel: 5.4.0-53-generic
	Compiler: gcc 9.3
Fedora 31
	Kernel: 5.3.16
	Compiler: gcc 9.2.1
Ubuntu 18.04
	Kernel: 4.15.0-generic
	Compiler: gcc 7.5
To view detailed results, visit:
https://lab.dpdk.org/results/dashboard/patchsets/15570/
UNH-IOL DPDK Community Lab
To manage your email subscriptions, visit: 
https://lab.dpdk.org/results/dashboard/preferences/subscriptions/
    
    
More information about the test-report
mailing list