[dpdk-test-report] |FAILURE| pw87829 [PATCH] [v3] app/testpmd: fix meter commands help strings
    dpdklab at iol.unh.edu 
    dpdklab at iol.unh.edu
       
    Tue Feb  9 16:08:21 CET 2021
    
    
  
Test-Label: iol-testing
Test-Status: FAILURE
http://dpdk.org/patch/87829
_Testing issues_
Submitter: Ferruh Yigit <ferruh.yigit at intel.com>
Date: Tuesday, February 09 2021 14:15:06 
DPDK git baseline: Repo:dpdk
  Branch: master
  CommitID:a69f94e934ccf9a6a6401e4f272cb2407783c2cb
87829 --> testing fail
Test environment and result as below:
+---------------------+----------------------+--------------------+----------------+-------------------+
|     Environment     | dpdk_mingw64_compile | dpdk_meson_compile | dpdk_unit_test | dpdk_compile_spdk |
+=====================+======================+====================+================+===================+
| Windows Server 2019 | PASS                 | PASS               | SKIPPED        | SKIPPED           |
+---------------------+----------------------+--------------------+----------------+-------------------+
| FreeBSD 11.2        | SKIPPED              | PASS               | SKIPPED        | SKIPPED           |
+---------------------+----------------------+--------------------+----------------+-------------------+
| CentOS 8            | SKIPPED              | PASS               | SKIPPED        | SKIPPED           |
+---------------------+----------------------+--------------------+----------------+-------------------+
| openSUSE Leap 15    | SKIPPED              | PASS               | SKIPPED        | SKIPPED           |
+---------------------+----------------------+--------------------+----------------+-------------------+
| Arch Linux          | SKIPPED              | PASS               | SKIPPED        | SKIPPED           |
+---------------------+----------------------+--------------------+----------------+-------------------+
| Fedora 31           | SKIPPED              | PASS               | SKIPPED        | FAIL              |
+---------------------+----------------------+--------------------+----------------+-------------------+
| Ubuntu 18.04 ARM    | SKIPPED              | PASS               | PASS           | SKIPPED           |
+---------------------+----------------------+--------------------+----------------+-------------------+
| Ubuntu 18.04        | SKIPPED              | PASS               | FAIL           | FAIL              |
+---------------------+----------------------+--------------------+----------------+-------------------+
==== 20 line log output for Ubuntu 18.04 (dpdk_unit_test): ====
94/95 DPDK:fast-tests / pdump_autotest                 OK             5.43s
Summary of Failures:
71/95 DPDK:fast-tests / delay_us_sleep_autotest        FAIL           1.35s (exit status 255 or signal 127 SIGinvalid)
76/95 DPDK:fast-tests / ipsec_autotest                 SKIP           0.43s
77/95 DPDK:fast-tests / kni_autotest                   SKIP           0.39s
81/95 DPDK:fast-tests / power_cpufreq_autotest         SKIP           0.36s
83/95 DPDK:fast-tests / power_kvm_vm_autotest          SKIP           0.45s
95/95 DPDK:fast-tests / compressdev_autotest           SKIP           0.25s
Ok:                 89
Expected Fail:      0
Fail:               1
Unexpected Pass:    0
Skipped:            5
Timeout:            0
Full log written to /home/jenkins-local/jenkins-agent/workspace/Ubuntu18.04-Unit-Test-DPDK/dpdk/build/meson-logs/testlog.txt
[1] Error running command.
==== End log output ====
Windows Server 2019
	Kernel: 10.0
	Compiler: clang 9.0 and gcc 8.1.0 (MinGW)
FreeBSD 11.2
	Kernel: 11.2
	Compiler: gcc 8.3
CentOS 8
	Kernel: 4.18.0.el8_0
	Compiler: gcc 8.3.1
openSUSE Leap 15
	Kernel: 4.12.14
	Compiler: gcc 7.4.1
Arch Linux
	Kernel: latest
	Compiler: gcc latest
Fedora 31
	Kernel: 5.3.16
	Compiler: gcc 9.2.1
Ubuntu 18.04 ARM
	Kernel: 5.4.0-53-generic
	Compiler: gcc 9.3
Ubuntu 18.04
	Kernel: 4.15.0-generic
	Compiler: gcc 7.5
To view detailed results, visit:
https://lab.dpdk.org/results/dashboard/patchsets/15583/
UNH-IOL DPDK Community Lab
To manage your email subscriptions, visit: 
https://lab.dpdk.org/results/dashboard/preferences/subscriptions/
    
    
More information about the test-report
mailing list