[dpdk-test-report] |WARNING| pw87828 [PATCH] net/octeontx2: fix vlan filter on port

dpdklab at iol.unh.edu dpdklab at iol.unh.edu
Tue Feb 9 17:05:33 CET 2021


Test-Label: iol-testing
Test-Status: WARNING
http://dpdk.org/patch/87828

_Testing issues_

Submitter:  <psatheesh at marvell.com>
Date: Tuesday, February 09 2021 10:01:13 
DPDK git baseline: Repo:dpdk
  Branch: master
  CommitID:a69f94e934ccf9a6a6401e4f272cb2407783c2cb

87828 --> testing fail

Test environment and result as below:

+---------------------+----------------------+--------------------+-------------------+----------------+
|     Environment     | dpdk_mingw64_compile | dpdk_meson_compile | dpdk_compile_spdk | dpdk_unit_test |
+=====================+======================+====================+===================+================+
| Windows Server 2019 | PASS                 | PASS               | SKIPPED           | SKIPPED        |
+---------------------+----------------------+--------------------+-------------------+----------------+
| FreeBSD 11.2        | SKIPPED              | PASS               | SKIPPED           | SKIPPED        |
+---------------------+----------------------+--------------------+-------------------+----------------+
| CentOS 8            | SKIPPED              | PASS               | SKIPPED           | SKIPPED        |
+---------------------+----------------------+--------------------+-------------------+----------------+
| openSUSE Leap 15    | SKIPPED              | PASS               | SKIPPED           | SKIPPED        |
+---------------------+----------------------+--------------------+-------------------+----------------+
| Arch Linux          | SKIPPED              | PASS               | SKIPPED           | SKIPPED        |
+---------------------+----------------------+--------------------+-------------------+----------------+
| Fedora 31           | SKIPPED              | PASS               | FAIL              | SKIPPED        |
+---------------------+----------------------+--------------------+-------------------+----------------+
| Ubuntu 18.04        | SKIPPED              | PASS               | FAIL              | PASS           |
+---------------------+----------------------+--------------------+-------------------+----------------+
| Ubuntu 18.04 ARM    | SKIPPED              | PASS               | SKIPPED           | PASS           |
+---------------------+----------------------+--------------------+-------------------+----------------+

==== 20 line log output for Fedora 31 (dpdk_compile_spdk): ====
rte_power_pmd_mgmt.c:(.text+0xba): undefined reference to `rte_eth_get_monitor_addr'
/usr/bin/ld.bfd: /dpdk/build/lib/librte_power.a(librte_power_rte_power_pmd_mgmt.c.o): in function `rte_power_ethdev_pmgmt_queue_enable':
rte_power_pmd_mgmt.c:(.text.experimental+0x24): undefined reference to `rte_eth_dev_is_valid_port'
/usr/bin/ld.bfd: rte_power_pmd_mgmt.c:(.text.experimental+0x4f): undefined reference to `rte_eth_dev_info_get'
/usr/bin/ld.bfd: rte_power_pmd_mgmt.c:(.text.experimental+0x117): undefined reference to `rte_eth_add_rx_callback'
/usr/bin/ld.bfd: rte_power_pmd_mgmt.c:(.text.experimental+0x141): undefined reference to `rte_eth_get_monitor_addr'
/usr/bin/ld.bfd: rte_power_pmd_mgmt.c:(.text.experimental+0x18f): undefined reference to `rte_eth_add_rx_callback'
/usr/bin/ld.bfd: rte_power_pmd_mgmt.c:(.text.experimental+0x21e): undefined reference to `rte_eth_add_rx_callback'
/usr/bin/ld.bfd: rte_power_pmd_mgmt.c:(.text.experimental+0x36b): undefined reference to `rte_eth_dev_logtype'
/usr/bin/ld.bfd: /dpdk/build/lib/librte_power.a(librte_power_rte_power_pmd_mgmt.c.o): in function `rte_power_ethdev_pmgmt_queue_disable':
rte_power_pmd_mgmt.c:(.text.experimental+0x3bf): undefined reference to `rte_eth_dev_is_valid_port'
/usr/bin/ld.bfd: rte_power_pmd_mgmt.c:(.text.experimental+0x49f): undefined reference to `rte_eth_remove_rx_callback'
/usr/bin/ld.bfd: rte_power_pmd_mgmt.c:(.text.experimental+0x4d1): undefined reference to `rte_eth_remove_rx_callback'
/usr/bin/ld.bfd: rte_power_pmd_mgmt.c:(.text.experimental+0x4f9): undefined reference to `rte_eth_dev_logtype'
collect2: error: ld returned 1 exit status
make[2]: *** [/spdk/mk/spdk.app.mk:65: /spdk/build/bin/nvmf_tgt] Error 1
make[1]: *** [/spdk/mk/spdk.subdirs.mk:44: nvmf_tgt] Error 2
LINK spdk_trace
make: *** [/spdk/mk/spdk.subdirs.mk:44: app] Error 2
[2] Error running command.
==== End log output ====

Windows Server 2019
	Kernel: 10.0
	Compiler: clang 9.0 and gcc 8.1.0 (MinGW)

FreeBSD 11.2
	Kernel: 11.2
	Compiler: gcc 8.3

CentOS 8
	Kernel: 4.18.0.el8_0
	Compiler: gcc 8.3.1

openSUSE Leap 15
	Kernel: 4.12.14
	Compiler: gcc 7.4.1

Arch Linux
	Kernel: latest
	Compiler: gcc latest

Fedora 31
	Kernel: 5.3.16
	Compiler: gcc 9.2.1

Ubuntu 18.04
	Kernel: 4.15.0-generic
	Compiler: gcc 7.5

Ubuntu 18.04 ARM
	Kernel: 5.4.0-53-generic
	Compiler: gcc 9.3

To view detailed results, visit:
https://lab.dpdk.org/results/dashboard/patchsets/15582/

UNH-IOL DPDK Community Lab

To manage your email subscriptions, visit: 
https://lab.dpdk.org/results/dashboard/preferences/subscriptions/


More information about the test-report mailing list