[dpdk-test-report] |FAILURE| pw87887 [PATCH] [21.05, v2] app/testpmd: support show Rx queue desc count
    dpdklab at iol.unh.edu 
    dpdklab at iol.unh.edu
       
    Fri Feb 12 17:08:19 CET 2021
    
    
  
Test-Label: iol-testing
Test-Status: FAILURE
http://dpdk.org/patch/87887
_Testing issues_
Submitter: Lance Richardson <lance.richardson at broadcom.com>
Date: Friday, February 12 2021 14:56:37 
DPDK git baseline: Repo:dpdk
  Branch: master
  CommitID:de34aaa96be969bb919b98891af18ed0c435625d
87887 --> testing fail
Test environment and result as below:
+---------------------+----------------------+--------------------+----------------+
|     Environment     | dpdk_mingw64_compile | dpdk_meson_compile | dpdk_unit_test |
+=====================+======================+====================+================+
| Windows Server 2019 | PASS                 | PASS               | SKIPPED        |
+---------------------+----------------------+--------------------+----------------+
| FreeBSD 11.2        | SKIPPED              | PASS               | SKIPPED        |
+---------------------+----------------------+--------------------+----------------+
| Fedora 31           | SKIPPED              | PASS               | SKIPPED        |
+---------------------+----------------------+--------------------+----------------+
| CentOS 8            | SKIPPED              | PASS               | SKIPPED        |
+---------------------+----------------------+--------------------+----------------+
| openSUSE Leap 15    | SKIPPED              | PASS               | SKIPPED        |
+---------------------+----------------------+--------------------+----------------+
| Arch Linux          | SKIPPED              | PASS               | SKIPPED        |
+---------------------+----------------------+--------------------+----------------+
| Ubuntu 18.04        | SKIPPED              | PASS               | FAIL           |
+---------------------+----------------------+--------------------+----------------+
| Ubuntu 18.04 ARM    | SKIPPED              | PASS               | PASS           |
+---------------------+----------------------+--------------------+----------------+
==== 20 line log output for Ubuntu 18.04 (dpdk_unit_test): ====
94/95 DPDK:fast-tests / pdump_autotest                 OK             5.27s
Summary of Failures:
2/95 DPDK:fast-tests / alarm_autotest                 FAIL           0.71s (exit status 255 or signal 127 SIGinvalid)
76/95 DPDK:fast-tests / ipsec_autotest                 SKIP           0.26s
77/95 DPDK:fast-tests / kni_autotest                   SKIP           0.22s
81/95 DPDK:fast-tests / power_cpufreq_autotest         SKIP           0.33s
83/95 DPDK:fast-tests / power_kvm_vm_autotest          SKIP           0.17s
95/95 DPDK:fast-tests / compressdev_autotest           SKIP           0.17s
Ok:                 89
Expected Fail:      0
Fail:               1
Unexpected Pass:    0
Skipped:            5
Timeout:            0
Full log written to /home/jenkins-local/jenkins-agent/workspace/Ubuntu18.04-Unit-Test-DPDK/dpdk/build/meson-logs/testlog.txt
[1] Error running command.
==== End log output ====
Windows Server 2019
	Kernel: 10.0
	Compiler: clang 9.0 and gcc 8.1.0 (MinGW)
FreeBSD 11.2
	Kernel: 11.2
	Compiler: gcc 8.3
Fedora 31
	Kernel: 5.3.16
	Compiler: gcc 9.2.1
CentOS 8
	Kernel: 4.18.0.el8_0
	Compiler: gcc 8.3.1
openSUSE Leap 15
	Kernel: 4.12.14
	Compiler: gcc 7.4.1
Arch Linux
	Kernel: latest
	Compiler: gcc latest
Ubuntu 18.04
	Kernel: 4.15.0-generic
	Compiler: gcc 7.5
Ubuntu 18.04 ARM
	Kernel: 5.4.0-53-generic
	Compiler: gcc 9.3
To view detailed results, visit:
https://lab.dpdk.org/results/dashboard/patchsets/15615/
UNH-IOL DPDK Community Lab
To manage your email subscriptions, visit: 
https://lab.dpdk.org/results/dashboard/preferences/subscriptions/
    
    
More information about the test-report
mailing list