[dpdk-test-report] |SUCCESS| pw86147-86155 [PATCH] [9/9] net/ice/base: update Copyright date
dpdklab at iol.unh.edu
dpdklab at iol.unh.edu
Wed Jan 13 22:42:37 CET 2021
Test-Label: iol-testing
Test-Status: SUCCESS
http://dpdk.org/patch/86155
_Testing PASS_
Submitter: Zhang, Qi Z <qi.z.zhang at intel.com>
Date: Friday, January 08 2021 04:35:08
DPDK git baseline: Repo:dpdk-next-net-intel
Branch: master
CommitID:0f83e2244608e93b66602e0753c1a22a0e98143e
86147-86155 --> testing pass
Test environment and result as below:
+---------------------+----------------------+--------------------+-------------------+----------------+
| Environment | dpdk_mingw64_compile | dpdk_meson_compile | dpdk_compile_spdk | dpdk_unit_test |
+=====================+======================+====================+===================+================+
| Windows Server 2019 | PASS | PASS | SKIPPED | SKIPPED |
+---------------------+----------------------+--------------------+-------------------+----------------+
| FreeBSD 11.2 | SKIPPED | PASS | SKIPPED | SKIPPED |
+---------------------+----------------------+--------------------+-------------------+----------------+
| CentOS 8 | SKIPPED | PASS | SKIPPED | SKIPPED |
+---------------------+----------------------+--------------------+-------------------+----------------+
| Fedora 31 | SKIPPED | PASS | PASS | SKIPPED |
+---------------------+----------------------+--------------------+-------------------+----------------+
| openSUSE Leap 15 | SKIPPED | PASS | SKIPPED | SKIPPED |
+---------------------+----------------------+--------------------+-------------------+----------------+
| Arch Linux | SKIPPED | PASS | SKIPPED | SKIPPED |
+---------------------+----------------------+--------------------+-------------------+----------------+
| Ubuntu 18.04 | SKIPPED | PASS | PASS | PASS |
+---------------------+----------------------+--------------------+-------------------+----------------+
| Ubuntu 18.04 ARM | SKIPPED | PASS | SKIPPED | PASS |
+---------------------+----------------------+--------------------+-------------------+----------------+
==== 20 line log output for Ubuntu 18.04 ARM (dpdk_unit_test): ====
Summary of Failures:
29/94 DPDK:fast-tests / func_reentrancy_autotest FAIL 4.14s (exit status 255 or signal 127 SIGinvalid)
71/94 DPDK:fast-tests / distributor_autotest FAIL 3.32s (exit status 255 or signal 127 SIGinvalid)
75/94 DPDK:fast-tests / ipsec_autotest SKIP 0.88s
76/94 DPDK:fast-tests / kni_autotest SKIP 0.78s
80/94 DPDK:fast-tests / power_cpufreq_autotest SKIP 0.93s
82/94 DPDK:fast-tests / power_kvm_vm_autotest SKIP 0.62s
94/94 DPDK:fast-tests / compressdev_autotest SKIP 0.97s
Ok: 87
Expected Fail: 0
Fail: 2
Unexpected Pass: 0
Skipped: 5
Timeout: 0
Full log written to /home-local/jenkins-local/jenkins-agent/workspace/Arm-gigabyte-Unit-Test-DPDK/dpdk/build/meson-logs/testlog.txt
[2] Error running command.
==== End log output ====
Windows Server 2019
Kernel: 10.0
Compiler: clang 9.0
FreeBSD 11.2
Kernel: 11.2
Compiler: gcc 8.3
CentOS 8
Kernel: 4.18.0.el8_0
Compiler: gcc 8.3.1
Fedora 31
Kernel: 5.3.16
Compiler: gcc 9.2.1
openSUSE Leap 15
Kernel: 4.12.14
Compiler: gcc 7.4.1
Arch Linux
Kernel: latest
Compiler: gcc latest
Ubuntu 18.04
Kernel: 4.15.0-generic
Compiler: gcc 7.5
Ubuntu 18.04 ARM
Kernel: 5.4.0-53-generic
Compiler: gcc 9.3
To view detailed results, visit:
https://lab.dpdk.org/results/dashboard/patchsets/15053/
UNH-IOL DPDK Community Lab
To manage your email subscriptions, visit:
https://lab.dpdk.org/results/dashboard/preferences/subscriptions/
More information about the test-report
mailing list