[dpdk-test-report] |WARNING| pw87094 [PATCH] crypto/octeontx2: fix null pointer dereferences

dpdklab at iol.unh.edu dpdklab at iol.unh.edu
Fri Jan 29 20:42:30 CET 2021


Test-Label: iol-testing
Test-Status: WARNING
http://dpdk.org/patch/87094

_Testing issues_

Submitter: Ankur Dwivedi <adwivedi at marvell.com>
Date: Friday, January 22 2021 13:35:23 
DPDK git baseline: Repo:dpdk
  Branch: master
  CommitID:04ed01f1f6b6c27a092f24cac2e4eeed6cff08ed

87094 --> testing fail

Test environment and result as below:

+---------------------+----------------------+--------------------+----------------+-------------------+
|     Environment     | dpdk_mingw64_compile | dpdk_meson_compile | dpdk_unit_test | dpdk_compile_spdk |
+=====================+======================+====================+================+===================+
| Windows Server 2019 | FAIL                 | PASS               | SKIPPED        | SKIPPED           |
+---------------------+----------------------+--------------------+----------------+-------------------+
| FreeBSD 11.2        | SKIPPED              | PASS               | SKIPPED        | SKIPPED           |
+---------------------+----------------------+--------------------+----------------+-------------------+
| Ubuntu 18.04        | SKIPPED              | PASS               | PASS           | PASS              |
+---------------------+----------------------+--------------------+----------------+-------------------+
| CentOS 8            | SKIPPED              | PASS               | SKIPPED        | SKIPPED           |
+---------------------+----------------------+--------------------+----------------+-------------------+
| openSUSE Leap 15    | SKIPPED              | PASS               | SKIPPED        | SKIPPED           |
+---------------------+----------------------+--------------------+----------------+-------------------+
| Arch Linux          | SKIPPED              | PASS               | SKIPPED        | SKIPPED           |
+---------------------+----------------------+--------------------+----------------+-------------------+
| Fedora 31           | SKIPPED              | PASS               | SKIPPED        | PASS              |
+---------------------+----------------------+--------------------+----------------+-------------------+
| Ubuntu 18.04 ARM    | SKIPPED              | PASS               | PASS           | SKIPPED           |
+---------------------+----------------------+--------------------+----------------+-------------------+

==== 20 line log output for Windows Server 2019 (dpdk_mingw64_compile): ====
{standard input}:1669: Error: invalid register for .seh_savexmm
{standard input}:1671: Error: invalid register for .seh_savexmm
{standard input}:1673: Error: invalid register for .seh_savexmm
{standard input}:1675: Error: invalid register for .seh_savexmm
{standard input}:1677: Error: invalid register for .seh_savexmm
{standard input}:1679: Error: invalid register for .seh_savexmm
{standard input}:1681: Error: invalid register for .seh_savexmm
{standard input}:2257: Error: invalid register for .seh_savexmm
{standard input}:2258: Error: invalid register for .seh_savexmm
{standard input}:2259: Error: invalid register for .seh_savexmm
{standard input}:2260: Error: invalid register for .seh_savexmm
{standard input}:2261: Error: invalid register for .seh_savexmm
{standard input}:2262: Error: invalid register for .seh_savexmm
{standard input}:2263: Error: invalid register for .seh_savexmm
{standard input}:2264: Error: invalid register for .seh_savexmm
{standard input}:2265: Error: invalid register for .seh_savexmm
[168/232] Compiling C object drivers/a715181@@rte_net_i40e at sta/net_i40e_i40e_fdir.c.obj.
[169/232] Compiling C object drivers/a715181@@rte_net_i40e at sta/net_i40e_rte_pmd_i40e.c.obj.
[170/232] Compiling C object drivers/a715181@@rte_net_i40e at sha/net_i40e_i40e_ethdev.c.obj.
ninja: build stopped: subcommand failed.
==== End log output ====

Windows Server 2019
	Kernel: 10.0
	Compiler: clang 9.0 and gcc 8.1.0 (MinGW)

FreeBSD 11.2
	Kernel: 11.2
	Compiler: gcc 8.3

Ubuntu 18.04
	Kernel: 4.15.0-generic
	Compiler: gcc 7.5

CentOS 8
	Kernel: 4.18.0.el8_0
	Compiler: gcc 8.3.1

openSUSE Leap 15
	Kernel: 4.12.14
	Compiler: gcc 7.4.1

Arch Linux
	Kernel: latest
	Compiler: gcc latest

Fedora 31
	Kernel: 5.3.16
	Compiler: gcc 9.2.1

Ubuntu 18.04 ARM
	Kernel: 5.4.0-53-generic
	Compiler: gcc 9.3

To view detailed results, visit:
https://lab.dpdk.org/results/dashboard/patchsets/15335/

UNH-IOL DPDK Community Lab

To manage your email subscriptions, visit: 
https://lab.dpdk.org/results/dashboard/preferences/subscriptions/


More information about the test-report mailing list