[dpdk-test-report] |WARNING| pw87110 [PATCH] [1/1] ethdev: fix handling of close failure

dpdklab at iol.unh.edu dpdklab at iol.unh.edu
Fri Jan 29 23:09:10 CET 2021


Test-Label: iol-testing
Test-Status: WARNING
http://dpdk.org/patch/87110

_Testing issues_

Submitter: Thomas Monjalon <thomas at monjalon.net>
Date: Friday, January 22 2021 17:58:04 
DPDK git baseline: Repo:dpdk
  Branch: master
  CommitID:04ed01f1f6b6c27a092f24cac2e4eeed6cff08ed

87110 --> testing fail

Test environment and result as below:

+---------------------+----------------------+--------------------+-------------------+----------------+
|     Environment     | dpdk_mingw64_compile | dpdk_meson_compile | dpdk_compile_spdk | dpdk_unit_test |
+=====================+======================+====================+===================+================+
| Windows Server 2019 | FAIL                 | PASS               | SKIPPED           | SKIPPED        |
+---------------------+----------------------+--------------------+-------------------+----------------+
| FreeBSD 11.2        | SKIPPED              | PASS               | SKIPPED           | SKIPPED        |
+---------------------+----------------------+--------------------+-------------------+----------------+
| Ubuntu 18.04        | SKIPPED              | PASS               | PASS              | PASS           |
+---------------------+----------------------+--------------------+-------------------+----------------+
| CentOS 8            | SKIPPED              | PASS               | SKIPPED           | SKIPPED        |
+---------------------+----------------------+--------------------+-------------------+----------------+
| openSUSE Leap 15    | SKIPPED              | PASS               | SKIPPED           | SKIPPED        |
+---------------------+----------------------+--------------------+-------------------+----------------+
| Arch Linux          | SKIPPED              | PASS               | SKIPPED           | SKIPPED        |
+---------------------+----------------------+--------------------+-------------------+----------------+
| Fedora 31           | SKIPPED              | PASS               | PASS              | SKIPPED        |
+---------------------+----------------------+--------------------+-------------------+----------------+
| Ubuntu 18.04 ARM    | SKIPPED              | PASS               | SKIPPED           | PASS           |
+---------------------+----------------------+--------------------+-------------------+----------------+

==== 20 line log output for Windows Server 2019 (dpdk_mingw64_compile): ====
{standard input}:3548: Error: invalid register for .seh_savexmm
{standard input}:4116: Error: invalid register for .seh_savexmm
{standard input}:4117: Error: invalid register for .seh_savexmm
{standard input}:4118: Error: invalid register for .seh_savexmm
{standard input}:4119: Error: invalid register for .seh_savexmm
{standard input}:4120: Error: invalid register for .seh_savexmm
{standard input}:4121: Error: invalid register for .seh_savexmm
{standard input}:4122: Error: invalid register for .seh_savexmm
{standard input}:4123: Error: invalid register for .seh_savexmm
{standard input}:4124: Error: invalid register for .seh_savexmm
{standard input}:4125: Error: invalid register for .seh_savexmm
{standard input}:4126: Error: invalid register for .seh_savexmm
{standard input}:4127: Error: invalid register for .seh_savexmm
{standard input}:4128: Error: invalid register for .seh_savexmm
[168/232] Compiling C object drivers/net/i40e/base/2660ee9@@i40e_base at sta/i40e_dcb.c.obj.
[169/232] Compiling C object drivers/net/i40e/base/2660ee9@@i40e_base at sta/i40e_common.c.obj.
[170/232] Compiling C object drivers/a715181@@rte_net_i40e at sta/net_i40e_i40e_hash.c.obj.
[171/232] Compiling C object drivers/a715181@@rte_net_i40e at sta/net_i40e_i40e_rxtx.c.obj.
[172/232] Compiling C object drivers/a715181@@rte_net_i40e at sta/net_i40e_i40e_ethdev.c.obj.
ninja: build stopped: subcommand failed.
==== End log output ====

Windows Server 2019
	Kernel: 10.0
	Compiler: clang 9.0 and gcc 8.1.0 (MinGW)

FreeBSD 11.2
	Kernel: 11.2
	Compiler: gcc 8.3

Ubuntu 18.04
	Kernel: 4.15.0-generic
	Compiler: gcc 7.5

CentOS 8
	Kernel: 4.18.0.el8_0
	Compiler: gcc 8.3.1

openSUSE Leap 15
	Kernel: 4.12.14
	Compiler: gcc 7.4.1

Arch Linux
	Kernel: latest
	Compiler: gcc latest

Fedora 31
	Kernel: 5.3.16
	Compiler: gcc 9.2.1

Ubuntu 18.04 ARM
	Kernel: 5.4.0-53-generic
	Compiler: gcc 9.3

To view detailed results, visit:
https://lab.dpdk.org/results/dashboard/patchsets/15340/

UNH-IOL DPDK Community Lab

To manage your email subscriptions, visit: 
https://lab.dpdk.org/results/dashboard/preferences/subscriptions/


More information about the test-report mailing list