[dpdk-test-report] |WARNING| pw87169 [PATCH] [v1] net/iavf: fix unsupported VLAN offload requested

dpdklab at iol.unh.edu dpdklab at iol.unh.edu
Sat Jan 30 08:54:35 CET 2021


Test-Label: iol-testing
Test-Status: WARNING
http://dpdk.org/patch/87169

_Testing issues_

Submitter: Haiyue Wang <haiyue.wang at intel.com>
Date: Monday, January 25 2021 04:30:54 
DPDK git baseline: Repo:dpdk-next-net-intel
  Branch: master
  CommitID:67f4c3c1030a82c04cddde5f60efe581755ef154

87169 --> testing fail

Test environment and result as below:

+---------------------+----------------------+--------------------+-------------------+----------------+
|     Environment     | dpdk_mingw64_compile | dpdk_meson_compile | dpdk_compile_spdk | dpdk_unit_test |
+=====================+======================+====================+===================+================+
| Windows Server 2019 | FAIL                 | PASS               | SKIPPED           | SKIPPED        |
+---------------------+----------------------+--------------------+-------------------+----------------+
| Ubuntu 18.04        | SKIPPED              | PASS               | PASS              | PASS           |
+---------------------+----------------------+--------------------+-------------------+----------------+
| FreeBSD 11.2        | SKIPPED              | PASS               | SKIPPED           | SKIPPED        |
+---------------------+----------------------+--------------------+-------------------+----------------+
| CentOS 8            | SKIPPED              | PASS               | SKIPPED           | SKIPPED        |
+---------------------+----------------------+--------------------+-------------------+----------------+
| openSUSE Leap 15    | SKIPPED              | PASS               | SKIPPED           | SKIPPED        |
+---------------------+----------------------+--------------------+-------------------+----------------+
| Ubuntu 18.04 ARM    | SKIPPED              | PASS               | SKIPPED           | PASS           |
+---------------------+----------------------+--------------------+-------------------+----------------+
| Arch Linux          | SKIPPED              | PASS               | SKIPPED           | SKIPPED        |
+---------------------+----------------------+--------------------+-------------------+----------------+
| Fedora 31           | SKIPPED              | PASS               | PASS              | SKIPPED        |
+---------------------+----------------------+--------------------+-------------------+----------------+

==== 20 line log output for Windows Server 2019 (dpdk_mingw64_compile): ====
{standard input}:3548: Error: invalid register for .seh_savexmm
{standard input}:4116: Error: invalid register for .seh_savexmm
{standard input}:4117: Error: invalid register for .seh_savexmm
{standard input}:4118: Error: invalid register for .seh_savexmm
{standard input}:4119: Error: invalid register for .seh_savexmm
{standard input}:4120: Error: invalid register for .seh_savexmm
{standard input}:4121: Error: invalid register for .seh_savexmm
{standard input}:4122: Error: invalid register for .seh_savexmm
{standard input}:4123: Error: invalid register for .seh_savexmm
{standard input}:4124: Error: invalid register for .seh_savexmm
{standard input}:4125: Error: invalid register for .seh_savexmm
{standard input}:4126: Error: invalid register for .seh_savexmm
{standard input}:4127: Error: invalid register for .seh_savexmm
{standard input}:4128: Error: invalid register for .seh_savexmm
[165/232] Compiling C object drivers/net/i40e/base/2660ee9@@i40e_base at sta/i40e_lan_hmc.c.obj.
[166/232] Compiling C object drivers/net/i40e/base/2660ee9@@i40e_base at sta/i40e_nvm.c.obj.
[167/232] Compiling C object drivers/net/i40e/base/2660ee9@@i40e_base at sta/i40e_common.c.obj.
[168/232] Compiling C object drivers/a715181@@rte_net_i40e at sta/net_i40e_i40e_ethdev.c.obj.
[169/232] Compiling C object drivers/a715181@@rte_net_i40e at sta/net_i40e_i40e_rxtx.c.obj.
ninja: build stopped: subcommand failed.
==== End log output ====

Windows Server 2019
	Kernel: 10.0
	Compiler: clang 9.0 and gcc 8.1.0 (MinGW)

Ubuntu 18.04
	Kernel: 4.15.0-generic
	Compiler: gcc 7.5

FreeBSD 11.2
	Kernel: 11.2
	Compiler: gcc 8.3

CentOS 8
	Kernel: 4.18.0.el8_0
	Compiler: gcc 8.3.1

openSUSE Leap 15
	Kernel: 4.12.14
	Compiler: gcc 7.4.1

Ubuntu 18.04 ARM
	Kernel: 5.4.0-53-generic
	Compiler: gcc 9.3

Arch Linux
	Kernel: latest
	Compiler: gcc latest

Fedora 31
	Kernel: 5.3.16
	Compiler: gcc 9.2.1

To view detailed results, visit:
https://lab.dpdk.org/results/dashboard/patchsets/15351/

UNH-IOL DPDK Community Lab

To manage your email subscriptions, visit: 
https://lab.dpdk.org/results/dashboard/preferences/subscriptions/


More information about the test-report mailing list