[dpdk-test-report] |FAILURE| pw95132-95144 [PATCH] [v5, 15/15] test/crypto: add mlx5 multi segment tests
dpdklab at iol.unh.edu
dpdklab at iol.unh.edu
Thu Jul 1 23:13:59 CEST 2021
Test-Label: iol-testing
Test-Status: FAILURE
http://dpdk.org/patch/95144
_Testing issues_
Submitter: Shiri Kuzin <shirik at nvidia.com>
Date: Thursday, July 01 2021 13:26:09
DPDK git baseline: Repo:dpdk
Branch: master
CommitID:568d97c09ca00e52fd7805ef0cab522250dac18b
95132-95144 --> testing fail
Test environment and result as below:
+------------------------------------+----------------------+--------------------+-------------------+----------------+
| Environment | dpdk_mingw64_compile | dpdk_meson_compile | dpdk_compile_spdk | dpdk_unit_test |
+====================================+======================+====================+===================+================+
| Windows Server 2019 | PASS | PASS | SKIPPED | SKIPPED |
+------------------------------------+----------------------+--------------------+-------------------+----------------+
| FreeBSD 13 | SKIPPED | PASS | SKIPPED | SKIPPED |
+------------------------------------+----------------------+--------------------+-------------------+----------------+
| Ubuntu 18.04 ARM | SKIPPED | FAIL | SKIPPED | SKIPPED |
+------------------------------------+----------------------+--------------------+-------------------+----------------+
| FreeBSD 11.2 | SKIPPED | PASS | SKIPPED | SKIPPED |
+------------------------------------+----------------------+--------------------+-------------------+----------------+
| Fedora 31 | SKIPPED | FAIL | SKIPPED | FAIL |
+------------------------------------+----------------------+--------------------+-------------------+----------------+
| openSUSE Leap 15 | SKIPPED | FAIL | SKIPPED | FAIL |
+------------------------------------+----------------------+--------------------+-------------------+----------------+
| Ubuntu 18.04 | SKIPPED | FAIL | FAIL | FAIL |
+------------------------------------+----------------------+--------------------+-------------------+----------------+
| CentOS Stream 8 | SKIPPED | FAIL | SKIPPED | FAIL |
+------------------------------------+----------------------+--------------------+-------------------+----------------+
| CentOS 8 | SKIPPED | FAIL | SKIPPED | FAIL |
+------------------------------------+----------------------+--------------------+-------------------+----------------+
| RHEL 7 | SKIPPED | FAIL | SKIPPED | FAIL |
+------------------------------------+----------------------+--------------------+-------------------+----------------+
| Fedora 32 | SKIPPED | FAIL | SKIPPED | FAIL |
+------------------------------------+----------------------+--------------------+-------------------+----------------+
| Ubuntu 20.04 | SKIPPED | FAIL | SKIPPED | FAIL |
+------------------------------------+----------------------+--------------------+-------------------+----------------+
| RHEL8 | SKIPPED | FAIL | SKIPPED | FAIL |
+------------------------------------+----------------------+--------------------+-------------------+----------------+
| Arch Linux | SKIPPED | FAIL | SKIPPED | FAIL |
+------------------------------------+----------------------+--------------------+-------------------+----------------+
| Fedora 33 | SKIPPED | FAIL | SKIPPED | FAIL |
+------------------------------------+----------------------+--------------------+-------------------+----------------+
| Fedora 34 | SKIPPED | FAIL | SKIPPED | FAIL |
+------------------------------------+----------------------+--------------------+-------------------+----------------+
| Alpine | SKIPPED | PASS | SKIPPED | SKIPPED |
+------------------------------------+----------------------+--------------------+-------------------+----------------+
| Fedora 34 clang | SKIPPED | FAIL | SKIPPED | FAIL |
+------------------------------------+----------------------+--------------------+-------------------+----------------+
| Ubuntu 20.04 ARM cross-compilation | SKIPPED | PASS | SKIPPED | SKIPPED |
+------------------------------------+----------------------+--------------------+-------------------+----------------+
==== 20 line log output for Ubuntu 18.04 ARM (dpdk_meson_compile): ====
[2070/2915] Generating rte_crypto_bcmfs.sym_chk with a custom command (wrapped by meson to capture output)
[2071/2915] Generating rte_crypto_null.sym_chk with a custom command (wrapped by meson to capture output)
[2072/2915] Generating rte_raw_ntb.sym_chk with a custom command (wrapped by meson to capture output)
[2073/2915] Generating rte_raw_skeleton.sym_chk with a custom command (wrapped by meson to capture output)
[2074/2915] Generating rte_raw_octeontx2_ep.sym_chk with a custom command (wrapped by meson to capture output)
[2075/2915] Generating rte_net_sfc.sym_chk with a custom command (wrapped by meson to capture output)
[2076/2915] Generating rte_crypto_octeontx.sym_chk with a custom command (wrapped by meson to capture output)
[2077/2915] Generating rte_crypto_nitrox.sym_chk with a custom command (wrapped by meson to capture output)
[2078/2915] Generating rte_crypto_openssl.sym_chk with a custom command (wrapped by meson to capture output)
[2079/2915] Generating rte_raw_ifpga.sym_chk with a custom command (wrapped by meson to capture output)
[2080/2915] Generating rte_crypto_dpaa_sec.sym_chk with a custom command (wrapped by meson to capture output)
[2081/2915] Generating rte_crypto_dpaa2_sec.sym_chk with a custom command (wrapped by meson to capture output)
[2082/2915] Generating rte_crypto_octeontx2.sym_chk with a custom command (wrapped by meson to capture output)
[2083/2915] Generating rte_common_mlx5.sym_chk with a custom command (wrapped by meson to capture output)
[2084/2915] Generating ethdev.sym_chk with a custom command (wrapped by meson to capture output)
[2085/2915] Generating rte_common_cnxk.sym_chk with a custom command (wrapped by meson to capture output)
[2086/2915] Generating rte_common_sfc_efx.sym_chk with a custom command (wrapped by meson to capture output)
[2087/2915] Generating eal.sym_chk with a custom command (wrapped by meson to capture output)
ninja: build stopped: subcommand failed.
[1] Error running command.
==== End log output ====
Windows Server 2019
Kernel: 10.0
Compiler: clang 9.0 and gcc 8.1.0 (MinGW)
FreeBSD 13
Kernel: 13.0
Compiler: clang 11.0.1
Ubuntu 18.04 ARM
Kernel: 5.4.0-53-generic
Compiler: gcc 9.3
FreeBSD 11.2
Kernel: 11.2
Compiler: gcc 8.3
Fedora 31
Kernel: 4.18.0-240.10.1.el8_3.x86_64
Compiler: gcc 9.3.1
openSUSE Leap 15
Kernel: 4.18.0-240.10.1.el8_3.x86_64
Compiler: gcc 7.5.0
Ubuntu 18.04
Kernel: 4.18.0-240.10.1.el8_3.x86_64
Compiler: gcc 7.5.0-3ubuntu1~18.04
CentOS Stream 8
Kernel: 4.18.0-240.10.1.el8_3.x86_64
Compiler: gcc 8.4.1 20200928
CentOS 8
Kernel: 4.18.0-240.10.1.el8_3.x86_64
Compiler: gcc 8.3.1 20191121 (Red Hat 8.3.1-5)
RHEL 7
Kernel: 4.18.0-240.10.1.el8_3.x86_64
Compiler: gcc 4.8.5 20150623 (Red Hat 4.8.5-44)
Fedora 32
Kernel: 4.18.0-240.10.1.el8_3.x86_64
Compiler: gcc 10.2.1
Ubuntu 20.04
Kernel: 4.18.0-240.10.1.el8_3.x86_64
Compiler: gcc 9.3.0-17ubuntu1~20.04
RHEL8
Kernel: 4.18.0-240.10.1.el8_3.x86_64
Compiler: gcc 8.3.1 20191121 (Red Hat 8.3.1-5)
Arch Linux
Kernel: 5.4.0-73-generic
Compiler: gcc 11.1.0
Fedora 33
Kernel: 5.4.0-72-generic
Compiler: gcc 10.3.1 20210422 (Red Hat 10.3.1-1)
Fedora 34
Kernel: 5.4.0-72-generic
Compiler: gcc 11.1.1 20210428 (Red Hat 11.1.1-1)
Alpine
Kernel: 5.4.0-73-generic
Compiler: gcc (Alpine 10.3.1_git20210424) 10.3.1 20210424
Fedora 34 clang
Kernel: 5.4.0-72-generic
Compiler: clang 12.0.0 (Fedora 12.0.0-0.3.rc1.fc34)
Ubuntu 20.04 ARM cross-compilation
Kernel: 5.4.0-72-generic
Compiler: aarch64-linux-gnu-gcc (Ubuntu 9.3.0-17ubuntu1~20.04) 9.3.0
To view detailed results, visit:
https://lab.dpdk.org/results/dashboard/patchsets/17604/
UNH-IOL DPDK Community Lab
To manage your email subscriptions, visit:
https://lab.dpdk.org/results/dashboard/preferences/subscriptions/
More information about the test-report
mailing list