[dpdk-test-report] |FAILURE| pw95414 [PATCH] [v2] net/ice: fix memzone leak when firmware is missing

dpdklab at iol.unh.edu dpdklab at iol.unh.edu
Tue Jul 6 21:08:13 CEST 2021


Test-Label: iol-testing
Test-Status: FAILURE
http://dpdk.org/patch/95414

_Testing issues_

Submitter: David Marchand <david.marchand at redhat.com>
Date: Tuesday, July 06 2021 14:12:37 
DPDK git baseline: Repo:dpdk
  Branch: master
  CommitID:82a153151f7d0983017b2639fb970e722d0a5a30

95414 --> testing fail

Test environment and result as below:

+------------------------------------+----------------------+--------------------+----------------+-------------------+
|            Environment             | dpdk_mingw64_compile | dpdk_meson_compile | dpdk_unit_test | dpdk_compile_spdk |
+====================================+======================+====================+================+===================+
| Windows Server 2019                | PASS                 | PASS               | SKIPPED        | SKIPPED           |
+------------------------------------+----------------------+--------------------+----------------+-------------------+
| FreeBSD 13                         | SKIPPED              | PASS               | SKIPPED        | SKIPPED           |
+------------------------------------+----------------------+--------------------+----------------+-------------------+
| FreeBSD 11.2                       | SKIPPED              | PASS               | SKIPPED        | SKIPPED           |
+------------------------------------+----------------------+--------------------+----------------+-------------------+
| Ubuntu 18.04 ARM                   | SKIPPED              | PASS               | FAIL           | SKIPPED           |
+------------------------------------+----------------------+--------------------+----------------+-------------------+
| Fedora 31                          | SKIPPED              | PASS               | PASS           | SKIPPED           |
+------------------------------------+----------------------+--------------------+----------------+-------------------+
| openSUSE Leap 15                   | SKIPPED              | PASS               | PASS           | SKIPPED           |
+------------------------------------+----------------------+--------------------+----------------+-------------------+
| Ubuntu 18.04                       | SKIPPED              | PASS               | PASS           | PASS              |
+------------------------------------+----------------------+--------------------+----------------+-------------------+
| CentOS 8                           | SKIPPED              | PASS               | PASS           | SKIPPED           |
+------------------------------------+----------------------+--------------------+----------------+-------------------+
| CentOS Stream 8                    | SKIPPED              | PASS               | PASS           | SKIPPED           |
+------------------------------------+----------------------+--------------------+----------------+-------------------+
| Fedora 32                          | SKIPPED              | PASS               | PASS           | SKIPPED           |
+------------------------------------+----------------------+--------------------+----------------+-------------------+
| RHEL 7                             | SKIPPED              | PASS               | PASS           | SKIPPED           |
+------------------------------------+----------------------+--------------------+----------------+-------------------+
| Arch Linux                         | SKIPPED              | PASS               | PASS           | SKIPPED           |
+------------------------------------+----------------------+--------------------+----------------+-------------------+
| Fedora 34                          | SKIPPED              | PASS               | PASS           | SKIPPED           |
+------------------------------------+----------------------+--------------------+----------------+-------------------+
| Fedora 33                          | SKIPPED              | PASS               | PASS           | SKIPPED           |
+------------------------------------+----------------------+--------------------+----------------+-------------------+
| Alpine                             | SKIPPED              | PASS               | SKIPPED        | SKIPPED           |
+------------------------------------+----------------------+--------------------+----------------+-------------------+
| Ubuntu 20.04                       | SKIPPED              | PASS               | PASS           | SKIPPED           |
+------------------------------------+----------------------+--------------------+----------------+-------------------+
| RHEL8                              | SKIPPED              | PASS               | PASS           | SKIPPED           |
+------------------------------------+----------------------+--------------------+----------------+-------------------+
| Ubuntu 20.04 ARM cross-compilation | SKIPPED              | PASS               | SKIPPED        | SKIPPED           |
+------------------------------------+----------------------+--------------------+----------------+-------------------+
| Fedora 34 clang                    | SKIPPED              | PASS               | PASS           | SKIPPED           |
+------------------------------------+----------------------+--------------------+----------------+-------------------+

==== 20 line log output for Ubuntu 18.04 ARM (dpdk_unit_test): ====
84/93 DPDK:fast-tests / thash_autotest                 OK                0.36s
85/93 DPDK:fast-tests / trace_autotest                 OK                0.44s
86/93 DPDK:fast-tests / telemetry_json_autotest        OK                0.45s
87/93 DPDK:fast-tests / telemetry_data_autotest        OK                0.41s
88/93 DPDK:fast-tests / ring_pmd_autotest              OK                0.32s
89/93 DPDK:fast-tests / event_eth_tx_adapter_autotest  OK                3.45s
90/93 DPDK:fast-tests / bitratestats_autotest          OK                0.50s
91/93 DPDK:fast-tests / latencystats_autotest          OK                0.60s
92/93 DPDK:fast-tests / pdump_autotest                 OK                6.04s
93/93 DPDK:fast-tests / compressdev_autotest           SKIP              0.91s   exit status 77


Ok:                 85
Expected Fail:      0
Fail:               3
Unexpected Pass:    0
Skipped:            5
Timeout:            0

Full log written to /home-local/jenkins-local/jenkins-agent/workspace/Arm-gigabyte-Unit-Test-DPDK/dpdk/build/meson-logs/testlog.txt
==== End log output ====

Windows Server 2019
	Kernel: 10.0
	Compiler: clang 9.0 and gcc 8.1.0 (MinGW)

FreeBSD 13
	Kernel: 13.0
	Compiler: clang 11.0.1

FreeBSD 11.2
	Kernel: 11.2
	Compiler: gcc 8.3

Ubuntu 18.04 ARM
	Kernel: 5.4.0-53-generic
	Compiler: gcc 9.3

Fedora 31
	Kernel: 4.18.0-240.10.1.el8_3.x86_64
	Compiler: gcc 9.3.1

openSUSE Leap 15
	Kernel: 4.18.0-240.10.1.el8_3.x86_64
	Compiler: gcc 7.5.0

Ubuntu 18.04
	Kernel: 4.18.0-240.10.1.el8_3.x86_64
	Compiler: gcc 7.5.0-3ubuntu1~18.04

CentOS 8
	Kernel: 4.18.0-240.10.1.el8_3.x86_64
	Compiler: gcc 8.3.1 20191121 (Red Hat 8.3.1-5)

CentOS Stream 8
	Kernel: 4.18.0-240.10.1.el8_3.x86_64
	Compiler: gcc 8.4.1 20200928

Fedora 32
	Kernel: 4.18.0-240.10.1.el8_3.x86_64
	Compiler: gcc 10.2.1

RHEL 7
	Kernel: 4.18.0-240.10.1.el8_3.x86_64
	Compiler: gcc 4.8.5 20150623 (Red Hat 4.8.5-44)

Arch Linux
	Kernel: 5.4.0-73-generic
	Compiler: gcc 11.1.0

Fedora 34
	Kernel: 5.4.0-72-generic
	Compiler: gcc 11.1.1 20210428 (Red Hat 11.1.1-1)

Fedora 33
	Kernel: 5.4.0-72-generic
	Compiler: gcc 10.3.1 20210422 (Red Hat 10.3.1-1)

Alpine
	Kernel: 5.4.0-73-generic
	Compiler: gcc (Alpine 10.3.1_git20210424) 10.3.1 20210424

Ubuntu 20.04
	Kernel: 4.18.0-240.10.1.el8_3.x86_64
	Compiler: gcc 9.3.0-17ubuntu1~20.04

RHEL8
	Kernel: 4.18.0-240.10.1.el8_3.x86_64
	Compiler: gcc 8.3.1 20191121 (Red Hat 8.3.1-5)

Ubuntu 20.04 ARM cross-compilation
	Kernel: 5.4.0-72-generic
	Compiler: aarch64-linux-gnu-gcc (Ubuntu 9.3.0-17ubuntu1~20.04) 9.3.0

Fedora 34 clang
	Kernel: 5.4.0-72-generic
	Compiler: clang 12.0.0 (Fedora 12.0.0-0.3.rc1.fc34)

To view detailed results, visit:
https://lab.dpdk.org/results/dashboard/patchsets/17683/

UNH-IOL DPDK Community Lab

To manage your email subscriptions, visit: 
https://lab.dpdk.org/results/dashboard/preferences/subscriptions/


More information about the test-report mailing list