[dpdk-test-report] |WARNING| pw95301-95303 [PATCH] [21.11, 3/3] app/test: add allocator performance autotest
dpdklab at iol.unh.edu
dpdklab at iol.unh.edu
Tue Jul 6 21:47:03 CEST 2021
Test-Label: iol-abi-testing
Test-Status: WARNING
http://dpdk.org/patch/95303
_Testing issues_
Submitter: Dmitry Kozlyuk <dkozlyuk at nvidia.com>
Date: Monday, July 05 2021 12:49:49
DPDK git baseline: Repo:dpdk
Branch: master
CommitID:82a153151f7d0983017b2639fb970e722d0a5a30
95301-95303 --> testing fail
Test environment and result as below:
+------------------------------------+----------+
| Environment | abi_test |
+====================================+==========+
| FreeBSD 13 | PASS |
+------------------------------------+----------+
| RHEL 7 | PASS |
+------------------------------------+----------+
| Arch Linux | PASS |
+------------------------------------+----------+
| Ubuntu 18.04 | PASS |
+------------------------------------+----------+
| Fedora 32 | PASS |
+------------------------------------+----------+
| RHEL8 | PASS |
+------------------------------------+----------+
| CentOS 8 | PASS |
+------------------------------------+----------+
| Ubuntu 20.04 | PASS |
+------------------------------------+----------+
| CentOS Stream 8 | PASS |
+------------------------------------+----------+
| Ubuntu 20.04 ARM cross-compilation | FAIL |
+------------------------------------+----------+
| openSUSE Leap 15 | PASS |
+------------------------------------+----------+
| Fedora 31 | PASS |
+------------------------------------+----------+
| Fedora 34 clang | PASS |
+------------------------------------+----------+
| Fedora 34 | PASS |
+------------------------------------+----------+
| Fedora 33 | PASS |
+------------------------------------+----------+
==== 20 line log output for Ubuntu 20.04 ARM cross-compilation (abi_test): ====
[2388/2692] Compiling C object app/test/dpdk-test.p/test_lpm6_perf.c.o
[2389/2692] Compiling C object app/test/dpdk-test.p/test_event_ring.c.o
[2390/2692] Compiling C object app/test/dpdk-test.p/test_malloc.c.o
[2391/2692] Compiling C object app/test/dpdk-test.p/test_hash_readwrite_lf_perf.c.o
[2392/2692] Compiling C object app/test/dpdk-test.p/test_hash.c.o
[2393/2692] Compiling C object app/test/dpdk-test.p/test_lpm6.c.o
[2394/2692] Compiling C object app/test/dpdk-test.p/test_kni.c.o
[2395/2692] Compiling C object app/test/dpdk-test.p/test_lpm_perf.c.o
[2396/2692] Compiling C object app/test/dpdk-test.p/test_eal_flags.c.o
[2397/2692] Compiling C object app/test/dpdk-test.p/test_ipsec.c.o
[2398/2692] Compiling C object app/test/dpdk-test.p/test_lpm.c.o
[2399/2692] Compiling C object app/test/dpdk-test.p/test_event_timer_adapter.c.o
[2400/2692] Compiling C object drivers/libtmp_rte_net_octeontx2.a.p/net_octeontx2_otx2_rx.c.o
[2401/2692] Compiling C object app/test/dpdk-test.p/test_mbuf.c.o
[2402/2692] Compiling C object app/test/dpdk-test.p/test_cryptodev.c.o
[2403/2692] Compiling C object drivers/libtmp_rte_event_octeontx2.a.p/event_octeontx2_otx2_worker.c.o
[2404/2692] Compiling C object drivers/libtmp_rte_event_octeontx2.a.p/event_octeontx2_otx2_worker_dual.c.o
ninja: build stopped: subcommand failed.
==== Creating reference DPDK ABI
==== Checking ABI
==== End log output ====
FreeBSD 13
Kernel: 13.0
Compiler: clang 11.0.1
RHEL 7
Kernel: 4.18.0-240.10.1.el8_3.x86_64
Compiler: gcc 4.8.5 20150623 (Red Hat 4.8.5-44)
Arch Linux
Kernel: 5.4.0-73-generic
Compiler: gcc 11.1.0
Ubuntu 18.04
Kernel: 4.18.0-240.10.1.el8_3.x86_64
Compiler: gcc 7.5.0-3ubuntu1~18.04
Fedora 32
Kernel: 4.18.0-240.10.1.el8_3.x86_64
Compiler: gcc 10.2.1
RHEL8
Kernel: 4.18.0-240.10.1.el8_3.x86_64
Compiler: gcc 8.3.1 20191121 (Red Hat 8.3.1-5)
CentOS 8
Kernel: 4.18.0-240.10.1.el8_3.x86_64
Compiler: gcc 8.3.1 20191121 (Red Hat 8.3.1-5)
Ubuntu 20.04
Kernel: 4.18.0-240.10.1.el8_3.x86_64
Compiler: gcc 9.3.0-17ubuntu1~20.04
CentOS Stream 8
Kernel: 4.18.0-240.10.1.el8_3.x86_64
Compiler: gcc 8.4.1 20200928
Ubuntu 20.04 ARM cross-compilation
Kernel: 5.4.0-72-generic
Compiler: aarch64-linux-gnu-gcc (Ubuntu 9.3.0-17ubuntu1~20.04) 9.3.0
openSUSE Leap 15
Kernel: 4.18.0-240.10.1.el8_3.x86_64
Compiler: gcc 7.5.0
Fedora 31
Kernel: 4.18.0-240.10.1.el8_3.x86_64
Compiler: gcc 9.3.1
Fedora 34 clang
Kernel: 5.4.0-72-generic
Compiler: clang 12.0.0 (Fedora 12.0.0-0.3.rc1.fc34)
Fedora 34
Kernel: 5.4.0-72-generic
Compiler: gcc 11.1.1 20210428 (Red Hat 11.1.1-1)
Fedora 33
Kernel: 5.4.0-72-generic
Compiler: gcc 10.3.1 20210422 (Red Hat 10.3.1-1)
To view detailed results, visit:
https://lab.dpdk.org/results/dashboard/patchsets/17655/
UNH-IOL DPDK Community Lab
To manage your email subscriptions, visit:
https://lab.dpdk.org/results/dashboard/preferences/subscriptions/
More information about the test-report
mailing list