[dpdk-test-report] |WARNING| pw95642 [PATCH] [v16] app/testpmd: support multi-process

dpdklab at iol.unh.edu dpdklab at iol.unh.edu
Sat Jul 10 07:54:10 CEST 2021


Test-Label: iol-abi-testing
Test-Status: WARNING
http://dpdk.org/patch/95642

_Testing issues_

Submitter: Min Hu (Connor) <humin29 at huawei.com>
Date: Saturday, July 10 2021 03:50:03 
DPDK git baseline: Repo:dpdk
  Branch: master
  CommitID:cac2a49b4ae5e24078b43b2f8b7cd083f74620b9

95642 --> testing fail

Test environment and result as below:

+------------------------------------+----------+
|            Environment             | abi_test |
+====================================+==========+
| FreeBSD 13                         | FAIL     |
+------------------------------------+----------+
| Ubuntu 18.04 ARM                   | PASS     |
+------------------------------------+----------+
| RHEL 7                             | PASS     |
+------------------------------------+----------+
| Ubuntu 18.04                       | PASS     |
+------------------------------------+----------+
| Ubuntu 20.04                       | PASS     |
+------------------------------------+----------+
| Arch Linux                         | PASS     |
+------------------------------------+----------+
| RHEL8                              | PASS     |
+------------------------------------+----------+
| openSUSE Leap 15                   | PASS     |
+------------------------------------+----------+
| CentOS 8                           | PASS     |
+------------------------------------+----------+
| Fedora 32                          | PASS     |
+------------------------------------+----------+
| Fedora 31                          | PASS     |
+------------------------------------+----------+
| CentOS Stream 8                    | PASS     |
+------------------------------------+----------+
| Ubuntu 20.04 ARM cross-compilation | PASS     |
+------------------------------------+----------+
| Fedora 34                          | PASS     |
+------------------------------------+----------+
| Fedora 34 clang                    | PASS     |
+------------------------------------+----------+
| Fedora 33                          | PASS     |
+------------------------------------+----------+

==== 20 line log output for FreeBSD 13 (abi_test): ====

Functions changes summary: 0 Removed, 0 Changed (2 filtered out), 0 Added functions
Variables changes summary: 0 Removed, 0 Changed (1 filtered out), 0 Added variable

Functions changes summary: 0 Removed, 0 Changed (1 filtered out), 0 Added function
Variables changes summary: 0 Removed, 0 Changed, 0 Added variable

Functions changes summary: 0 Removed, 0 Changed (1 filtered out), 0 Added function
Variables changes summary: 0 Removed, 0 Changed, 0 Added variable

Functions changes summary: 0 Removed, 0 Changed (1 filtered out), 0 Added (1 filtered out) functions
Variables changes summary: 0 Removed, 0 Changed, 0 Added variable

Functions changes summary: 0 Removed, 0 Changed (10 filtered out), 0 Added (1 filtered out) functions
Variables changes summary: 0 Removed, 0 Changed, 0 Added variable

Functions changes summary: 0 Removed, 0 Changed (1 filtered out), 0 Added function
Variables changes summary: 0 Removed, 0 Changed, 0 Added variable

Error: cannot find librte_event_octeontx.dump in build_install
==== End log output ====

FreeBSD 13
	Kernel: 13.0
	Compiler: clang 11.0.1

Ubuntu 18.04 ARM
	Kernel: 5.4.0-53-generic
	Compiler: gcc 9.3

RHEL 7
	Kernel: 4.18.0-240.10.1.el8_3.x86_64
	Compiler: gcc 4.8.5 20150623 (Red Hat 4.8.5-44)

Ubuntu 18.04
	Kernel: 4.18.0-240.10.1.el8_3.x86_64
	Compiler: gcc 7.5.0-3ubuntu1~18.04

Ubuntu 20.04
	Kernel: 4.18.0-240.10.1.el8_3.x86_64
	Compiler: gcc 9.3.0-17ubuntu1~20.04

Arch Linux
	Kernel: 5.4.0-73-generic
	Compiler: gcc 11.1.0

RHEL8
	Kernel: 4.18.0-240.10.1.el8_3.x86_64
	Compiler: gcc 8.3.1 20191121 (Red Hat 8.3.1-5)

openSUSE Leap 15
	Kernel: 4.18.0-240.10.1.el8_3.x86_64
	Compiler: gcc 7.5.0

CentOS 8
	Kernel: 4.18.0-240.10.1.el8_3.x86_64
	Compiler: gcc 8.3.1 20191121 (Red Hat 8.3.1-5)

Fedora 32
	Kernel: 4.18.0-240.10.1.el8_3.x86_64
	Compiler: gcc 10.2.1

Fedora 31
	Kernel: 4.18.0-240.10.1.el8_3.x86_64
	Compiler: gcc 9.3.1

CentOS Stream 8
	Kernel: 4.18.0-240.10.1.el8_3.x86_64
	Compiler: gcc 8.4.1 20200928

Ubuntu 20.04 ARM cross-compilation
	Kernel: 5.4.0-72-generic
	Compiler: aarch64-linux-gnu-gcc (Ubuntu 9.3.0-17ubuntu1~20.04) 9.3.0

Fedora 34
	Kernel: 5.4.0-72-generic
	Compiler: gcc 11.1.1 20210428 (Red Hat 11.1.1-1)

Fedora 34 clang
	Kernel: 5.4.0-72-generic
	Compiler: clang 12.0.0 (Fedora 12.0.0-0.3.rc1.fc34)

Fedora 33
	Kernel: 5.4.0-72-generic
	Compiler: gcc 10.3.1 20210422 (Red Hat 10.3.1-1)

To view detailed results, visit:
https://lab.dpdk.org/results/dashboard/patchsets/17760/

UNH-IOL DPDK Community Lab

To manage your email subscriptions, visit: 
https://lab.dpdk.org/results/dashboard/preferences/subscriptions/


More information about the test-report mailing list