[dpdk-test-report] |FAILURE| pw95604-95606 [PATCH] [3/3] bitrate: promote rte_stats_bitrate_free() to stable

dpdklab at iol.unh.edu dpdklab at iol.unh.edu
Sat Jul 10 12:11:58 CEST 2021


Test-Label: iol-testing
Test-Status: FAILURE
http://dpdk.org/patch/95606

_Testing issues_

Submitter: Kevin Traynor <ktraynor at redhat.com>
Date: Friday, July 09 2021 15:19:38 
DPDK git baseline: Repo:dpdk
  Branch: master
  CommitID:06cffd468fdd2b96bbc3c0f8b1269275e10c2a6e

95604-95606 --> testing fail

Test environment and result as below:

+------------------------------------+----------------------+-------------------+--------------------+----------------+
|            Environment             | dpdk_mingw64_compile | dpdk_compile_spdk | dpdk_meson_compile | dpdk_unit_test |
+====================================+======================+===================+====================+================+
| Windows Server 2019                | PASS                 | SKIPPED           | PASS               | SKIPPED        |
+------------------------------------+----------------------+-------------------+--------------------+----------------+
| Ubuntu 18.04                       | SKIPPED              | PASS              | PASS               | PASS           |
+------------------------------------+----------------------+-------------------+--------------------+----------------+
| Fedora 31                          | SKIPPED              | SKIPPED           | PASS               | PASS           |
+------------------------------------+----------------------+-------------------+--------------------+----------------+
| FreeBSD 13                         | SKIPPED              | SKIPPED           | PASS               | SKIPPED        |
+------------------------------------+----------------------+-------------------+--------------------+----------------+
| openSUSE Leap 15                   | SKIPPED              | SKIPPED           | PASS               | PASS           |
+------------------------------------+----------------------+-------------------+--------------------+----------------+
| CentOS 8                           | SKIPPED              | SKIPPED           | PASS               | PASS           |
+------------------------------------+----------------------+-------------------+--------------------+----------------+
| Fedora 32                          | SKIPPED              | SKIPPED           | PASS               | PASS           |
+------------------------------------+----------------------+-------------------+--------------------+----------------+
| CentOS Stream 8                    | SKIPPED              | SKIPPED           | PASS               | PASS           |
+------------------------------------+----------------------+-------------------+--------------------+----------------+
| FreeBSD 11.2                       | SKIPPED              | SKIPPED           | PASS               | SKIPPED        |
+------------------------------------+----------------------+-------------------+--------------------+----------------+
| Ubuntu 20.04                       | SKIPPED              | SKIPPED           | PASS               | PASS           |
+------------------------------------+----------------------+-------------------+--------------------+----------------+
| RHEL8                              | SKIPPED              | SKIPPED           | PASS               | PASS           |
+------------------------------------+----------------------+-------------------+--------------------+----------------+
| RHEL 7                             | SKIPPED              | SKIPPED           | PASS               | PASS           |
+------------------------------------+----------------------+-------------------+--------------------+----------------+
| Arch Linux                         | SKIPPED              | SKIPPED           | PASS               | PASS           |
+------------------------------------+----------------------+-------------------+--------------------+----------------+
| Fedora 34                          | SKIPPED              | SKIPPED           | PASS               | PASS           |
+------------------------------------+----------------------+-------------------+--------------------+----------------+
| Fedora 33                          | SKIPPED              | SKIPPED           | PASS               | PASS           |
+------------------------------------+----------------------+-------------------+--------------------+----------------+
| Alpine                             | SKIPPED              | SKIPPED           | PASS               | SKIPPED        |
+------------------------------------+----------------------+-------------------+--------------------+----------------+
| Ubuntu 18.04 ARM                   | SKIPPED              | SKIPPED           | PASS               | FAIL           |
+------------------------------------+----------------------+-------------------+--------------------+----------------+
| Ubuntu 20.04 ARM cross-compilation | SKIPPED              | SKIPPED           | PASS               | SKIPPED        |
+------------------------------------+----------------------+-------------------+--------------------+----------------+
| Fedora 34 clang                    | SKIPPED              | SKIPPED           | PASS               | PASS           |
+------------------------------------+----------------------+-------------------+--------------------+----------------+

==== 20 line log output for Ubuntu 18.04 ARM (dpdk_unit_test): ====
85/94 DPDK:fast-tests / thash_autotest                 OK                0.36s
86/94 DPDK:fast-tests / trace_autotest                 OK                0.50s
87/94 DPDK:fast-tests / telemetry_json_autotest        OK                0.42s
88/94 DPDK:fast-tests / telemetry_data_autotest        OK                0.44s
89/94 DPDK:fast-tests / ring_pmd_autotest              OK                0.31s
90/94 DPDK:fast-tests / event_eth_tx_adapter_autotest  OK                1.52s
91/94 DPDK:fast-tests / bitratestats_autotest          OK                0.33s
92/94 DPDK:fast-tests / latencystats_autotest          OK                0.34s
93/94 DPDK:fast-tests / pdump_autotest                 OK                5.40s
94/94 DPDK:fast-tests / compressdev_autotest           SKIP              0.43s   exit status 77


Ok:                 88
Expected Fail:      0
Fail:               1
Unexpected Pass:    0
Skipped:            5
Timeout:            0

Full log written to /home-local/jenkins-local/jenkins-agent/workspace/Arm-gigabyte-Unit-Test-DPDK/dpdk/build/meson-logs/testlog.txt
==== End log output ====

Windows Server 2019
	Kernel: 10.0
	Compiler: clang 9.0 and gcc 8.1.0 (MinGW)

Ubuntu 18.04
	Kernel: 4.18.0-240.10.1.el8_3.x86_64
	Compiler: gcc 7.5.0-3ubuntu1~18.04

Fedora 31
	Kernel: 4.18.0-240.10.1.el8_3.x86_64
	Compiler: gcc 9.3.1

FreeBSD 13
	Kernel: 13.0
	Compiler: clang 11.0.1

openSUSE Leap 15
	Kernel: 4.18.0-240.10.1.el8_3.x86_64
	Compiler: gcc 7.5.0

CentOS 8
	Kernel: 4.18.0-240.10.1.el8_3.x86_64
	Compiler: gcc 8.3.1 20191121 (Red Hat 8.3.1-5)

Fedora 32
	Kernel: 4.18.0-240.10.1.el8_3.x86_64
	Compiler: gcc 10.2.1

CentOS Stream 8
	Kernel: 4.18.0-240.10.1.el8_3.x86_64
	Compiler: gcc 8.4.1 20200928

FreeBSD 11.2
	Kernel: 11.2
	Compiler: gcc 8.3

Ubuntu 20.04
	Kernel: 4.18.0-240.10.1.el8_3.x86_64
	Compiler: gcc 9.3.0-17ubuntu1~20.04

RHEL8
	Kernel: 4.18.0-240.10.1.el8_3.x86_64
	Compiler: gcc 8.3.1 20191121 (Red Hat 8.3.1-5)

RHEL 7
	Kernel: 4.18.0-240.10.1.el8_3.x86_64
	Compiler: gcc 4.8.5 20150623 (Red Hat 4.8.5-44)

Arch Linux
	Kernel: 5.4.0-73-generic
	Compiler: gcc 11.1.0

Fedora 34
	Kernel: 5.4.0-72-generic
	Compiler: gcc 11.1.1 20210428 (Red Hat 11.1.1-1)

Fedora 33
	Kernel: 5.4.0-72-generic
	Compiler: gcc 10.3.1 20210422 (Red Hat 10.3.1-1)

Alpine
	Kernel: 5.4.0-73-generic
	Compiler: gcc (Alpine 10.3.1_git20210424) 10.3.1 20210424

Ubuntu 18.04 ARM
	Kernel: 5.4.0-53-generic
	Compiler: gcc 9.3

Ubuntu 20.04 ARM cross-compilation
	Kernel: 5.4.0-72-generic
	Compiler: aarch64-linux-gnu-gcc (Ubuntu 9.3.0-17ubuntu1~20.04) 9.3.0

Fedora 34 clang
	Kernel: 5.4.0-72-generic
	Compiler: clang 12.0.0 (Fedora 12.0.0-0.3.rc1.fc34)

To view detailed results, visit:
https://lab.dpdk.org/results/dashboard/patchsets/17750/

UNH-IOL DPDK Community Lab

To manage your email subscriptions, visit: 
https://lab.dpdk.org/results/dashboard/preferences/subscriptions/


More information about the test-report mailing list