[dpdk-test-report] |FAILURE| pw95642 [PATCH] [v16] app/testpmd: support multi-process

dpdklab at iol.unh.edu dpdklab at iol.unh.edu
Sat Jul 10 17:43:17 CEST 2021


Test-Label: iol-testing
Test-Status: FAILURE
http://dpdk.org/patch/95642

_Testing issues_

Submitter: Min Hu (Connor) <humin29 at huawei.com>
Date: Saturday, July 10 2021 03:50:03 
DPDK git baseline: Repo:dpdk
  Branch: master
  CommitID:cac2a49b4ae5e24078b43b2f8b7cd083f74620b9

95642 --> testing fail

Test environment and result as below:

+------------------------------------+----------------------+----------------+-------------------+--------------------+
|            Environment             | dpdk_mingw64_compile | dpdk_unit_test | dpdk_compile_spdk | dpdk_meson_compile |
+====================================+======================+================+===================+====================+
| Windows Server 2019                | PASS                 | SKIPPED        | SKIPPED           | PASS               |
+------------------------------------+----------------------+----------------+-------------------+--------------------+
| Arch Linux                         | SKIPPED              | FAIL           | SKIPPED           | FAIL               |
+------------------------------------+----------------------+----------------+-------------------+--------------------+
| Ubuntu 18.04                       | SKIPPED              | PASS           | PASS              | PASS               |
+------------------------------------+----------------------+----------------+-------------------+--------------------+
| CentOS 8                           | SKIPPED              | PASS           | SKIPPED           | PASS               |
+------------------------------------+----------------------+----------------+-------------------+--------------------+
| CentOS Stream 8                    | SKIPPED              | PASS           | SKIPPED           | PASS               |
+------------------------------------+----------------------+----------------+-------------------+--------------------+
| Fedora 31                          | SKIPPED              | PASS           | SKIPPED           | PASS               |
+------------------------------------+----------------------+----------------+-------------------+--------------------+
| Fedora 32                          | SKIPPED              | PASS           | SKIPPED           | PASS               |
+------------------------------------+----------------------+----------------+-------------------+--------------------+
| openSUSE Leap 15                   | SKIPPED              | PASS           | SKIPPED           | PASS               |
+------------------------------------+----------------------+----------------+-------------------+--------------------+
| RHEL 7                             | SKIPPED              | PASS           | SKIPPED           | PASS               |
+------------------------------------+----------------------+----------------+-------------------+--------------------+
| RHEL8                              | SKIPPED              | PASS           | SKIPPED           | PASS               |
+------------------------------------+----------------------+----------------+-------------------+--------------------+
| Ubuntu 20.04                       | SKIPPED              | PASS           | SKIPPED           | PASS               |
+------------------------------------+----------------------+----------------+-------------------+--------------------+
| Fedora 34                          | SKIPPED              | FAIL           | SKIPPED           | FAIL               |
+------------------------------------+----------------------+----------------+-------------------+--------------------+
| Fedora 33                          | SKIPPED              | PASS           | SKIPPED           | PASS               |
+------------------------------------+----------------------+----------------+-------------------+--------------------+
| Fedora 34 clang                    | SKIPPED              | PASS           | SKIPPED           | PASS               |
+------------------------------------+----------------------+----------------+-------------------+--------------------+
| Ubuntu 18.04 ARM                   | SKIPPED              | FAIL           | SKIPPED           | PASS               |
+------------------------------------+----------------------+----------------+-------------------+--------------------+
| FreeBSD 13                         | SKIPPED              | SKIPPED        | SKIPPED           | PASS               |
+------------------------------------+----------------------+----------------+-------------------+--------------------+
| FreeBSD 11.2                       | SKIPPED              | SKIPPED        | SKIPPED           | PASS               |
+------------------------------------+----------------------+----------------+-------------------+--------------------+
| Alpine                             | SKIPPED              | SKIPPED        | SKIPPED           | PASS               |
+------------------------------------+----------------------+----------------+-------------------+--------------------+
| Ubuntu 20.04 ARM cross-compilation | SKIPPED              | SKIPPED        | SKIPPED           | PASS               |
+------------------------------------+----------------------+----------------+-------------------+--------------------+

==== 20 line log output for Arch Linux (dpdk_unit_test): ====
FAILED: drivers/libtmp_rte_net_bnxt.a.p/net_bnxt_tf_ulp_ulp_mapper.c.o
ccache cc -Idrivers/libtmp_rte_net_bnxt.a.p -Idrivers -I../drivers -Idrivers/net/bnxt -I../drivers/net/bnxt -Idrivers/net/bnxt/tf_ulp -I../drivers/net/bnxt/tf_ulp -Idrivers/net/bnxt/tf_ulp/generic_templates -I../drivers/net/bnxt/tf_ulp/generic_templates -Idrivers/net/bnxt/tf_core -I../drivers/net/bnxt/tf_core -Idrivers/net/bnxt/hcapi/cfa -I../drivers/net/bnxt/hcapi/cfa -Ilib/ethdev -I../lib/ethdev -I. -I.. -Iconfig -I../config -Ilib/eal/include -I../lib/eal/include -Ilib/eal/linux/include -I../lib/eal/linux/include -Ilib/eal/x86/include -I../lib/eal/x86/include -Ilib/eal/common -I../lib/eal/common -Ilib/eal -I../lib/eal -Ilib/kvargs -I../lib/kvargs -Ilib/metrics -I../lib/metrics -Ilib/telemetry -I../lib/telemetry -Ilib/net -I../lib/net -Ilib/mbuf -I../lib/mbuf -Ilib/mempool -I../lib/mempool -Ilib/ring -I../lib/ring -Ilib/meter -I../lib/meter -Idrivers/bus/pci -I../drivers/bus/pci -I../drivers/bus/pci/linux -Ilib/pci -I../lib/pci -Idrivers/bus/vdev -I../drivers/bus/vdev -fdiagnostics-color=always -D_FILE_OFFSET_BITS=64 -Wall -Winvalid-pch -Werror -O3 -include rte_config.h -Wextra -Wcast-qual -Wdeprecated -Wformat -Wformat-nonliteral -Wformat-security -Wmissing-declarations -Wmissing-prototypes -Wnested-externs -Wold-style-definition -Wpointer-arith -Wsign-compare -Wstrict-prototypes -Wundef -Wwrite-strings -Wno-address-of-packed-member -Wno-packed-not-aligned -Wno-missing-field-initializers -Wno-zero-length-bounds -D_GNU_SOURCE -fPIC -march=native -DALLOW_EXPERIMENTAL_API -DALLOW_INTERNAL_API -Wno-format-truncation -DRTE_LIBRTE_BNXT_TF -DSUPPORT_CFA_HW_ALL=1 -DCC_AVX2_SUPPORT -DRTE_LOG_DEFAULT_LOGTYPE=pmd.net.bnxt -MD -MQ drivers/libtmp_rte_net_bnxt.a.p/net_bnxt_tf_ulp_ulp_mapper.c.o -MF drivers/libtmp_rte_net_bnxt.a.p/net_bnxt_tf_ulp_ulp_mapper.c.o.d -o drivers/libtmp_rte_net_bnxt.a.p/net_bnxt_tf_ulp_ulp_mapper.c.o -c ../drivers/net/bnxt/tf_ulp/ulp_mapper.c
../drivers/net/bnxt/tf_ulp/ulp_mapper.c: In function ‘ulp_mapper_index_tbl_process’:
../drivers/net/bnxt/tf_ulp/ulp_mapper.c:2252:43: error: ‘*(unsigned int *)((char *)&glb_res + offsetof(struct bnxt_ulp_glb_resource_info, resource_func))’ may be used uninitialized in this function [-Werror=maybe-uninitialized]
2252 |         struct bnxt_ulp_glb_resource_info glb_res;
|                                           ^~~~~~~
../drivers/net/bnxt/tf_ulp/ulp_mapper.c:2252:43: error: ‘glb_res.resource_type’ may be used uninitialized in this function [-Werror=maybe-uninitialized]
cc1: all warnings being treated as errors
[1006/2837] Compiling C object drivers/libtmp_rte_net_bnxt.a.p/net_bnxt_tf_core_tf_em_host.c.o
[1007/2837] Compiling C object drivers/libtmp_rte_net_bnxt.a.p/net_bnxt_tf_core_tf_em_common.c.o
[1008/2837] Compiling C object drivers/libtmp_rte_net_bnxt.a.p/net_bnxt_tf_core_tf_msg.c.o
[1009/2837] Generating ethdev.sym_chk with a custom command (wrapped by meson to capture output)
[1010/2837] Generating rte_bus_dpaa.sym_chk with a custom command (wrapped by meson to capture output)
[1011/2837] Generating rte_bus_fslmc.sym_chk with a custom command (wrapped by meson to capture output)
[1012/2837] Generating pipeline.sym_chk with a custom command (wrapped by meson to capture output)
[1013/2837] Generating rte_common_mlx5.sym_chk with a custom command (wrapped by meson to capture output)
[1014/2837] Generating eal.sym_chk with a custom command (wrapped by meson to capture output)
[1015/2837] Generating rte_common_sfc_efx.sym_chk with a custom command (wrapped by meson to capture output)
[1016/2837] Generating rte_common_cnxk.sym_chk with a custom command (wrapped by meson to capture output)
ninja: build stopped: subcommand failed.
==== End log output ====

Windows Server 2019
	Kernel: 10.0
	Compiler: clang 9.0 and gcc 8.1.0 (MinGW)

Arch Linux
	Kernel: 5.4.0-73-generic
	Compiler: gcc 11.1.0

Ubuntu 18.04
	Kernel: 4.18.0-240.10.1.el8_3.x86_64
	Compiler: gcc 7.5.0-3ubuntu1~18.04

CentOS 8
	Kernel: 4.18.0-240.10.1.el8_3.x86_64
	Compiler: gcc 8.3.1 20191121 (Red Hat 8.3.1-5)

CentOS Stream 8
	Kernel: 4.18.0-240.10.1.el8_3.x86_64
	Compiler: gcc 8.4.1 20200928

Fedora 31
	Kernel: 4.18.0-240.10.1.el8_3.x86_64
	Compiler: gcc 9.3.1

Fedora 32
	Kernel: 4.18.0-240.10.1.el8_3.x86_64
	Compiler: gcc 10.2.1

openSUSE Leap 15
	Kernel: 4.18.0-240.10.1.el8_3.x86_64
	Compiler: gcc 7.5.0

RHEL 7
	Kernel: 4.18.0-240.10.1.el8_3.x86_64
	Compiler: gcc 4.8.5 20150623 (Red Hat 4.8.5-44)

RHEL8
	Kernel: 4.18.0-240.10.1.el8_3.x86_64
	Compiler: gcc 8.3.1 20191121 (Red Hat 8.3.1-5)

Ubuntu 20.04
	Kernel: 4.18.0-240.10.1.el8_3.x86_64
	Compiler: gcc 9.3.0-17ubuntu1~20.04

Fedora 34
	Kernel: 5.4.0-72-generic
	Compiler: gcc 11.1.1 20210428 (Red Hat 11.1.1-1)

Fedora 33
	Kernel: 5.4.0-72-generic
	Compiler: gcc 10.3.1 20210422 (Red Hat 10.3.1-1)

Fedora 34 clang
	Kernel: 5.4.0-72-generic
	Compiler: clang 12.0.0 (Fedora 12.0.0-0.3.rc1.fc34)

Ubuntu 18.04 ARM
	Kernel: 5.4.0-53-generic
	Compiler: gcc 9.3

FreeBSD 13
	Kernel: 13.0
	Compiler: clang 11.0.1

FreeBSD 11.2
	Kernel: 11.2
	Compiler: gcc 8.3

Alpine
	Kernel: 5.4.0-73-generic
	Compiler: gcc (Alpine 10.3.1_git20210424) 10.3.1 20210424

Ubuntu 20.04 ARM cross-compilation
	Kernel: 5.4.0-72-generic
	Compiler: aarch64-linux-gnu-gcc (Ubuntu 9.3.0-17ubuntu1~20.04) 9.3.0

To view detailed results, visit:
https://lab.dpdk.org/results/dashboard/patchsets/17760/

UNH-IOL DPDK Community Lab

To manage your email subscriptions, visit: 
https://lab.dpdk.org/results/dashboard/preferences/subscriptions/


More information about the test-report mailing list