[dpdk-test-report] |FAILURE| pw95644 [PATCH] [v2] crypto/mvsam: IPSec full offload support

dpdklab at iol.unh.edu dpdklab at iol.unh.edu
Sun Jul 11 09:56:34 CEST 2021


Test-Label: iol-testing
Test-Status: FAILURE
http://dpdk.org/patch/95644

_Testing issues_

Submitter:  <danat at marvell.com>
Date: Sunday, July 11 2021 06:55:28 
DPDK git baseline: Repo:dpdk
  Branch: master
  CommitID:a95bbb72623c310df4d0c8ad45c2ee06f538e01b

95644 --> testing fail

Test environment and result as below:

+---------------------+----------------------+--------------------+-------------------+----------------+
|     Environment     | dpdk_mingw64_compile | dpdk_meson_compile | dpdk_compile_spdk | dpdk_unit_test |
+=====================+======================+====================+===================+================+
| Windows Server 2019 | PASS                 | PASS               | SKIPPED           | SKIPPED        |
+---------------------+----------------------+--------------------+-------------------+----------------+
| Fedora 31           | SKIPPED              | PASS               | SKIPPED           | SKIPPED        |
+---------------------+----------------------+--------------------+-------------------+----------------+
| FreeBSD 11.2        | SKIPPED              | PASS               | SKIPPED           | SKIPPED        |
+---------------------+----------------------+--------------------+-------------------+----------------+
| FreeBSD 13          | SKIPPED              | PASS               | SKIPPED           | SKIPPED        |
+---------------------+----------------------+--------------------+-------------------+----------------+
| openSUSE Leap 15    | SKIPPED              | PASS               | SKIPPED           | SKIPPED        |
+---------------------+----------------------+--------------------+-------------------+----------------+
| Ubuntu 18.04 ARM    | SKIPPED              | PASS               | SKIPPED           | FAIL           |
+---------------------+----------------------+--------------------+-------------------+----------------+
| CentOS Stream 8     | SKIPPED              | PASS               | SKIPPED           | SKIPPED        |
+---------------------+----------------------+--------------------+-------------------+----------------+
| Ubuntu 18.04        | SKIPPED              | SKIPPED            | PASS              | SKIPPED        |
+---------------------+----------------------+--------------------+-------------------+----------------+

==== 20 line log output for Ubuntu 18.04 ARM (dpdk_unit_test): ====
85/94 DPDK:fast-tests / thash_autotest                 OK                0.48s
86/94 DPDK:fast-tests / trace_autotest                 OK                0.43s
87/94 DPDK:fast-tests / telemetry_json_autotest        OK                0.43s
88/94 DPDK:fast-tests / telemetry_data_autotest        OK                0.49s
89/94 DPDK:fast-tests / ring_pmd_autotest              OK                0.45s
90/94 DPDK:fast-tests / event_eth_tx_adapter_autotest  OK                1.38s
91/94 DPDK:fast-tests / bitratestats_autotest          OK                0.34s
92/94 DPDK:fast-tests / latencystats_autotest          OK                0.32s
93/94 DPDK:fast-tests / pdump_autotest                 OK                5.45s
94/94 DPDK:fast-tests / compressdev_autotest           SKIP              0.41s   exit status 77


Ok:                 89
Expected Fail:      0
Fail:               1
Unexpected Pass:    0
Skipped:            4
Timeout:            0

Full log written to /home-local/jenkins-local/jenkins-agent/workspace/Arm-gigabyte-Unit-Test-DPDK/dpdk/build/meson-logs/testlog.txt
==== End log output ====

Windows Server 2019
	Kernel: 10.0
	Compiler: clang 9.0 and gcc 8.1.0 (MinGW)

Fedora 31
	Kernel: 4.18.0-240.10.1.el8_3.x86_64
	Compiler: gcc 9.3.1

FreeBSD 11.2
	Kernel: 11.2
	Compiler: gcc 8.3

FreeBSD 13
	Kernel: 13.0
	Compiler: clang 11.0.1

openSUSE Leap 15
	Kernel: 4.18.0-240.10.1.el8_3.x86_64
	Compiler: gcc 7.5.0

Ubuntu 18.04 ARM
	Kernel: 5.4.0-53-generic
	Compiler: gcc 9.3

CentOS Stream 8
	Kernel: 4.18.0-240.10.1.el8_3.x86_64
	Compiler: gcc 8.4.1 20200928

Ubuntu 18.04
	Kernel: 4.18.0-240.10.1.el8_3.x86_64
	Compiler: gcc 7.5.0-3ubuntu1~18.04

To view detailed results, visit:
https://lab.dpdk.org/results/dashboard/patchsets/17762/

UNH-IOL DPDK Community Lab

To manage your email subscriptions, visit: 
https://lab.dpdk.org/results/dashboard/preferences/subscriptions/


More information about the test-report mailing list