[dpdk-test-report] |WARNING| pw95646 [PATCH] [v2] dmadev: introduce DMA device library
dpdklab at iol.unh.edu
dpdklab at iol.unh.edu
Sun Jul 11 12:11:30 CEST 2021
Test-Label: iol-abi-testing
Test-Status: WARNING
http://dpdk.org/patch/95646
_Testing issues_
Submitter: fengchengwen <fengchengwen at huawei.com>
Date: Sunday, July 11 2021 09:25:56
DPDK git baseline: Repo:dpdk
Branch: master
CommitID:a95bbb72623c310df4d0c8ad45c2ee06f538e01b
95646 --> testing fail
Test environment and result as below:
+------------------+----------+
| Environment | abi_test |
+==================+==========+
| Ubuntu 18.04 ARM | PASS |
+------------------+----------+
| FreeBSD 13 | FAIL |
+------------------+----------+
| Ubuntu 18.04 | PASS |
+------------------+----------+
| Ubuntu 20.04 | PASS |
+------------------+----------+
| CentOS Stream 8 | PASS |
+------------------+----------+
| Fedora 32 | PASS |
+------------------+----------+
==== 20 line log output for FreeBSD 13 (abi_test): ====
Functions changes summary: 0 Removed, 0 Changed (1 filtered out), 0 Added function
Variables changes summary: 0 Removed, 0 Changed, 0 Added variable
Functions changes summary: 0 Removed, 0 Changed (1 filtered out), 0 Added (1 filtered out) functions
Variables changes summary: 0 Removed, 0 Changed, 0 Added variable
Functions changes summary: 0 Removed, 0 Changed (10 filtered out), 0 Added (1 filtered out) functions
Variables changes summary: 0 Removed, 0 Changed, 0 Added variable
Functions changes summary: 0 Removed, 0 Changed (1 filtered out), 0 Added function
Variables changes summary: 0 Removed, 0 Changed, 0 Added variable
Error: cannot find librte_event_octeontx.dump in build_install
Functions changes summary: 0 Removed, 0 Changed, 0 Added (6 filtered out) functions
Variables changes summary: 0 Removed, 0 Changed, 0 Added variable
Functions changes summary: 0 Removed, 0 Changed (54 filtered out), 0 Added (11 filtered out) functions
Variables changes summary: 0 Removed, 0 Changed, 0 Added variable
==== End log output ====
Ubuntu 18.04 ARM
Kernel: 5.4.0-53-generic
Compiler: gcc 9.3
FreeBSD 13
Kernel: 13.0
Compiler: clang 11.0.1
Ubuntu 18.04
Kernel: 4.18.0-240.10.1.el8_3.x86_64
Compiler: gcc 7.5.0-3ubuntu1~18.04
Ubuntu 20.04
Kernel: 4.18.0-240.10.1.el8_3.x86_64
Compiler: gcc 9.3.0-17ubuntu1~20.04
CentOS Stream 8
Kernel: 4.18.0-240.10.1.el8_3.x86_64
Compiler: gcc 8.4.1 20200928
Fedora 32
Kernel: 4.18.0-240.10.1.el8_3.x86_64
Compiler: gcc 10.2.1
To view detailed results, visit:
https://lab.dpdk.org/results/dashboard/patchsets/17764/
UNH-IOL DPDK Community Lab
To manage your email subscriptions, visit:
https://lab.dpdk.org/results/dashboard/preferences/subscriptions/
More information about the test-report
mailing list